NOAA-Style Climate Reports


Report for 2017 Dicembre
                   Monthly Climatological Summary for dic 2017

Name: Meteo Arquà   City: Arquà Polesine   State: Italia
Elevation: 8 m  Lat: N 45° 00' 15"   Lon: E 011° 44' 27"

                  Temperature (°C), Rain (mm), Wind Speed (km/h)

                                      Heat  Cool        Avg
    Mean                              Deg   Deg         Wind                 Dom
Day Temp  High   Time   Low    Time   Days  Days  Rain  Speed High   Time    Dir
----------------------------------------------------------------------------------
 1   3,1   6,1   15:02  -1,4   02:04  15,2   0,0   0,0   1,0  11,3   11:05     N
 2   5,6   8,1   13:12   3,0   23:15  12,7   0,0   0,2   3,9  22,5   06:19   NNE
 3   2,2   6,9   14:04  -1,5   07:43  16,1   0,0   0,0   1,4  11,3   10:07    NW
 4   0,5   5,9   14:43  -3,8   07:50  17,8   0,0   0,0   0,8   9,7   11:27   WNW
 5   0,1   5,7   14:23  -3,7   07:10  18,2   0,0   0,0   0,1   4,8   11:38   WNW
 6   1,0   7,1   14:47  -2,9   06:21  17,2   0,0   0,2   0,7   9,7   11:02   WNW
 7   2,1   7,3   14:33  -3,0   06:37  16,2   0,0   0,0   0,1   4,8   01:51   WNW
 8   4,3   4,9   12:58   3,6   06:48  14,0   0,0   6,4   1,1  16,1   20:52    NW
 9   3,3   7,2   13:30  -1,6   23:48  15,0   0,0   0,0   2,2  17,7   13:54   WNW
10  -0,6   1,3   14:59  -4,3   05:58  18,9   0,0   0,0   1,1  17,7   17:57     N
11   5,1  12,9   23:33   0,4   03:31  13,2   0,0   2,2   1,5   9,7   04:30   NNW
12   6,9  13,2   02:29   3,6   23:46  11,4   0,0   1,4   0,8  22,5   05:19   WNW
13   3,0   5,6   15:46   0,5   08:30  15,3   0,0   0,2   1,5  11,3   05:51   WNW
----------------------------------------------------------------------------------
     2,8  13,2    12    -4,3    10   201,2   0,0  10,6   1,2  22,5     2     NNW

Max >=  27,0:  0
Max <=   0,0:  0
Min <=   0,0:  8
Min <= -18,0:  0
Max Rain: 6,4 on day 8
Days of Rain: 6 (>= 0,2 mm)  2 (>= 2,0 mm)  0 (>= 20,0 mm)
Heat Base: 18,3  Cool Base: 18,3  Method: Integration