NOAA-Style Climate Reports


Report for 2018 Luglio
                   Monthly Climatological Summary for lug 2018

Name: Meteo Arquà   City: Arquà Polesine   State: Italia
Elevation: 8 m  Lat: N 45° 00' 15"   Lon: E 011° 44' 27"

                  Temperature (°C), Rain (mm), Wind Speed (km/h)

                                      Heat  Cool        Avg
    Mean                              Deg   Deg         Wind                 Dom
Day Temp  High   Time   Low    Time   Days  Days  Rain  Speed High   Time    Dir
----------------------------------------------------------------------------------
 1  25,8  30,7   12:56  22,3   06:58   0,0   7,5   0,0   1,3  11,3   09:00   ENE
 2  25,7  31,6   16:32  20,3   05:35   0,0   7,4   0,0   0,7   8,0   07:33    NE
 3  26,4  32,9   16:27  20,9   01:52   0,0   8,1   0,8   0,4  20,9   23:46   NNE
 4  25,9  32,9   16:31  19,4   05:01   0,0   7,6   0,4   2,3  17,7   11:32   WNW
 5  26,6  33,8   14:24  20,4   02:39   0,0   8,3   0,0   1,5  17,7   14:05   WNW
 6  24,4  32,8   15:52  18,0   06:07   0,0   6,1   1,4   1,0  20,9   16:36     N
 7  26,2  34,1   17:05  17,9   04:28   0,0   7,9   0,2   0,3  16,1   17:06   ESE
 8  26,5  32,5   16:13  20,4   05:57   0,0   8,2   0,2   0,7  16,1   16:13     E
 9  25,6  33,3   16:12  18,7   01:29   0,0   7,3   0,0   0,3   6,4   01:46     N
10  26,3  32,0   15:42  20,8   06:17   0,0   8,0   0,0   0,9  17,7   23:53     E
11  21,4  26,2   12:45  18,7   05:34   0,0   3,1   0,8   1,5  20,9   00:26   NNE
12  24,7  30,3   17:58  19,3   06:02   0,0   6,4   0,0   0,6  14,5   14:50   NNW
13  25,8  32,3   16:58  19,4   06:45   0,0   7,5   0,6   0,9  14,5   05:38   WNW
14  27,0  34,1   14:44  20,1   03:36   0,0   8,7   0,6   0,3  11,3   21:51   NNE
15  26,3  34,3   16:44  18,4   05:53   0,0   8,0   0,2   0,9  14,5   16:25   WNW
16  22,4  29,8   14:24  17,1   05:23   0,0   4,0  25,2   1,3  69,2   04:43    NW
17  23,9  32,2   16:57  16,6   05:34   0,2   5,8   0,2   1,6  12,9   12:01     W
18  26,6  34,6   16:10  18,2   05:48   0,0   8,3   0,0   1,2  12,9   13:51     W
19  27,3  35,1   16:40  18,7   05:55   0,0   9,0   0,0   0,7  12,9   13:31   WNW
20  26,6  35,4   15:47  19,9   05:16   0,0   8,3  14,2   0,6  20,9   18:20     N
----------------------------------------------------------------------------------
    25,6  35,4    20    16,6    17     0,2 145,5  44,8   0,9  69,2    16      NW

Max >=  27,0: 19
Max <=   0,0:  0
Min <=   0,0:  0
Min <= -18,0:  0
Max Rain: 25,2 on day 16
Days of Rain: 12 (>= 0,2 mm)  2 (>= 2,0 mm)  1 (>= 20,0 mm)
Heat Base: 18,3  Cool Base: 18,3  Method: Integration