NOAA-Style Climate Reports


Report for 2017 Ottobre
                   Monthly Climatological Summary for ott 2017

Name: Meteo Arquà   City: Arquà Polesine   State: Italia
Elevation: 0 ft  Lat: N 45° 00' 16"   Lon: E 011° 44' 26"

                  Temperature (°C), Rain (mm), Wind Speed (km/h)

                                      Heat  Cool        Avg
    Mean                              Deg   Deg         Wind                 Dom
Day Temp  High   Time   Low    Time   Days  Days  Rain  Speed High   Time    Dir
----------------------------------------------------------------------------------
 1  14,7  17,4   11:28  13,1   02:47   3,6   0,0   3,3   1,4  12,2   15:02    NW
 2  16,2  22,3   14:37  11,0   07:03   2,9   0,8   0,0   0,9   8,6   09:49   WNW
 3  16,2  21,3   14:34  11,5   05:06   2,6   0,5   0,0   0,4   9,7   09:56   NNW
 4  17,7  23,3   16:16  13,8   07:47   1,6   1,0   0,0   1,2  13,3   14:41   WNW
 5  18,3  24,1   14:40  13,4   06:53   1,6   1,5   0,0   1,8  17,3   12:38     W
 6  16,5  22,4   13:30  11,1   23:58   2,4   0,6   4,8   1,4  28,1   15:14     N
 7  14,1  21,1   15:31   9,2   07:06   4,7   0,5   0,3   2,2  17,3   11:42     W
 8  14,9  21,7   14:59  10,3   06:25   4,0   0,6   0,0   1,5  23,4   15:45     W
 9  15,7  22,3   16:04  10,6   01:44   3,5   0,9   0,0   0,7  11,2   14:06    NW
10  15,5  22,4   14:57   9,0   07:59   3,5   0,8   0,0   0,5  11,2   13:09   WNW
11  15,7  23,2   15:57   9,2   06:45   3,4   0,8   0,0   0,2   7,2   10:46   ENE
12  16,0  22,3   15:33  11,4   03:39   3,1   0,8   0,0   1,0  12,2   13:48     W
13  15,1  22,2   15:41  10,5   04:45   3,9   0,7   0,0   0,5   9,7   12:34   WNW
14  15,1  22,3   15:55  10,7   08:17   3,9   0,7   0,3   0,7  12,2   14:52     W
15  15,4  24,6   15:57  10,2   03:25   4,1   1,2   0,3   1,6  15,8   14:26     W
16  15,7  25,0   15:25   9,5   04:21   4,0   1,4   0,0   1,8  15,8   12:17     W
17  14,7  23,3   15:35   7,6   06:46   4,4   0,8   0,0   0,4   8,6   12:03    NW
18  14,8  16,1   15:01  13,7   08:58   3,5   0,0   0,9   0,3   7,2   19:30    NE
----------------------------------------------------------------------------------
    15,7  25,0    16     7,6    17    60,7  13,6   9,9   1,0  28,1     6     WNW

Max >=  27,0:  0
Max <=   0,0:  0
Min <=   0,0:  0
Min <= -18,0:  0
Max Rain: 4,8 on day 6
Days of Rain: 6 (>= 0,2 mm)  2 (>= 2,0 mm)  0 (>= 20,0 mm)
Heat Base: 18,3  Cool Base: 18,3  Method: Integration