NOAA-Style Climate Reports
Select a Year or Month report
2024: Gen Feb Mar Apr Mag Giu Lug Ago Set Ott Nov Dic
2023: Gen Feb Mar Apr Mag Giu Lug Ago Set Ott Nov Dic
2022: Gen Feb Mar Apr Mag Giu Lug Ago Set Ott Nov Dic
2021: Gen Feb Mar Apr Mag Giu Lug Ago Set Ott Nov Dic
2020: Gen Feb Mar Apr Mag Giu Lug Ago Set Ott Nov Dic
2019: Gen Feb Mar Apr Mag Giu Lug Ago Set Ott Nov Dic
2018: Gen Feb Mar Apr Mag Giu Lug Ago Set Ott Nov Dic
2017: Gen Feb Mar Apr Mag Giu Lug Ago Set Ott Nov Dic
2016: Gen Feb Mar Apr Mag Giu Lug Ago Set Ott Nov Dic
2015: Gen Feb Mar Apr Mag Giu Lug Ago Set Ott Nov Dic
2014: Gen Feb Mar Apr Mag Giu Lug Ago Set Ott Nov Dic
2013: Gen Feb Mar Apr Mag Giu Lug Ago Set Ott Nov Dic
2024: Gen Feb Mar Apr Mag Giu Lug Ago Set Ott Nov Dic
2023: Gen Feb Mar Apr Mag Giu Lug Ago Set Ott Nov Dic
2022: Gen Feb Mar Apr Mag Giu Lug Ago Set Ott Nov Dic
2021: Gen Feb Mar Apr Mag Giu Lug Ago Set Ott Nov Dic
2020: Gen Feb Mar Apr Mag Giu Lug Ago Set Ott Nov Dic
2019: Gen Feb Mar Apr Mag Giu Lug Ago Set Ott Nov Dic
2018: Gen Feb Mar Apr Mag Giu Lug Ago Set Ott Nov Dic
2017: Gen Feb Mar Apr Mag Giu Lug Ago Set Ott Nov Dic
2016: Gen Feb Mar Apr Mag Giu Lug Ago Set Ott Nov Dic
2015: Gen Feb Mar Apr Mag Giu Lug Ago Set Ott Nov Dic
2014: Gen Feb Mar Apr Mag Giu Lug Ago Set Ott Nov Dic
2013: Gen Feb Mar Apr Mag Giu Lug Ago Set Ott Nov Dic
Report for 2013 Gennaio
Monthly Climatological Summary for gen 2013 Name: Meteo Arquà City: Arquà Polesine State: Italia Elevation: 0 ft Lat: N 45° 00' 16" Lon: E 011° 44' 26" Temperature (°C), Rain (mm), Wind Speed (km/h) Heat Cool Avg Mean Deg Deg Wind Dom Day Temp High Time Low Time Days Days Rain Speed High Time Dir ---------------------------------------------------------------------------------- 12 5,0 5,2 22.12 5,0 23.11 1,0 0,0 0,0 0,2 3,6 23.17 WNW 13 5,1 6,4 13.58 3,9 23.56 13,1 0,0 13,5 2,1 20,9 23.47 N 14 3,3 3,9 00.00 2,6 04.35 14,8 0,0 4,2 3,9 20,9 04.48 NW 15 3,5 6,2 14.44 0,9 02.40 15,0 0,0 2,4 2,0 14,8 22.06 NNW 16 2,8 5,0 11.01 0,3 17.44 15,5 0,0 17,1 8,0 30,6 17.16 NW 17 2,4 4,7 14.32 0,7 00.00 15,9 0,0 3,9 3,5 22,0 14.25 NW 18 2,5 6,0 15.01 -0,9 22.45 15,8 0,0 0,0 4,7 14,8 09.32 WNW 19 1,5 4,9 13.51 -1,7 04.39 16,8 0,0 4,5 1,3 18,4 23.31 N 20 3,5 4,4 13.56 2,7 00.00 14,8 0,0 7,2 5,2 24,5 12.13 WNW 21 3,8 5,8 16.25 2,6 06.31 14,5 0,0 0,3 6,1 19,4 13.11 W 22 4,2 6,1 15.43 1,8 01.46 14,1 0,0 0,0 2,5 13,3 11.56 WNW 23 3,8 9,1 14.37 -1,2 06.19 14,5 0,0 5,4 2,1 28,1 19.50 NNE 24 6,8 9,8 14.59 4,9 08.03 11,5 0,0 0,0 5,2 22,0 12.42 NW 25 5,8 9,0 12.29 3,3 07.49 12,4 0,0 0,0 2,7 20,9 15.48 NNE 26 2,5 5,8 13.04 -1,4 23.45 15,8 0,0 0,0 1,8 13,3 10.13 N 27 -0,9 1,3 15.00 -2,5 04.54 19,2 0,0 0,0 1,6 11,2 11.30 W 28 1,5 2,6 17.46 -0,2 00.00 16,8 0,0 6,9 2,7 18,4 23.57 NW 29 2,1 3,9 14.50 0,1 02.54 16,2 0,0 0,0 8,0 23,4 13.35 W 30 3,6 4,8 12.16 2,2 06.31 14,9 0,0 0,3 1,9 11,2 16.42 W 31 3,9 5,9 12.29 2,8 01.27 14,4 0,0 0,0 2,7 13,3 05.44 WNW ---------------------------------------------------------------------------------- 3,3 9,8 24 -2,5 27 287,0 0,0 65,7 3,6 30,6 16 WNW Max >= 27,0: 0 Max <= 0,0: 0 Min <= 0,0: 6 Min <= -18,0: 0 Max Rain: 17,1 on day 16 Days of Rain: 11 (>= 0,2 mm) 9 (>= 2,0 mm) 0 (>= 20,0 mm) Heat Base: 18,3 Cool Base: 18,3 Method: Integration