NOAA-Style Climate Reports
Select a Year or Month report
2024: Gen Feb Mar Apr Mag Giu Lug Ago Set Ott Nov Dic
2023: Gen Feb Mar Apr Mag Giu Lug Ago Set Ott Nov Dic
2022: Gen Feb Mar Apr Mag Giu Lug Ago Set Ott Nov Dic
2021: Gen Feb Mar Apr Mag Giu Lug Ago Set Ott Nov Dic
2020: Gen Feb Mar Apr Mag Giu Lug Ago Set Ott Nov Dic
2019: Gen Feb Mar Apr Mag Giu Lug Ago Set Ott Nov Dic
2018: Gen Feb Mar Apr Mag Giu Lug Ago Set Ott Nov Dic
2017: Gen Feb Mar Apr Mag Giu Lug Ago Set Ott Nov Dic
2016: Gen Feb Mar Apr Mag Giu Lug Ago Set Ott Nov Dic
2015: Gen Feb Mar Apr Mag Giu Lug Ago Set Ott Nov Dic
2014: Gen Feb Mar Apr Mag Giu Lug Ago Set Ott Nov Dic
2013: Gen Feb Mar Apr Mag Giu Lug Ago Set Ott Nov Dic
2024: Gen Feb Mar Apr Mag Giu Lug Ago Set Ott Nov Dic
2023: Gen Feb Mar Apr Mag Giu Lug Ago Set Ott Nov Dic
2022: Gen Feb Mar Apr Mag Giu Lug Ago Set Ott Nov Dic
2021: Gen Feb Mar Apr Mag Giu Lug Ago Set Ott Nov Dic
2020: Gen Feb Mar Apr Mag Giu Lug Ago Set Ott Nov Dic
2019: Gen Feb Mar Apr Mag Giu Lug Ago Set Ott Nov Dic
2018: Gen Feb Mar Apr Mag Giu Lug Ago Set Ott Nov Dic
2017: Gen Feb Mar Apr Mag Giu Lug Ago Set Ott Nov Dic
2016: Gen Feb Mar Apr Mag Giu Lug Ago Set Ott Nov Dic
2015: Gen Feb Mar Apr Mag Giu Lug Ago Set Ott Nov Dic
2014: Gen Feb Mar Apr Mag Giu Lug Ago Set Ott Nov Dic
2013: Gen Feb Mar Apr Mag Giu Lug Ago Set Ott Nov Dic
Report for 2013 Marzo
Monthly Climatological Summary for mar 2013 Name: Meteo Arquà City: Arquà Polesine State: Italia Elevation: 0 ft Lat: N 45° 00' 16" Lon: E 011° 44' 26" Temperature (°C), Rain (mm), Wind Speed (km/h) Heat Cool Avg Mean Deg Deg Wind Dom Day Temp High Time Low Time Days Days Rain Speed High Time Dir ---------------------------------------------------------------------------------- 1 7,4 17,4 15.04 0,8 06.38 18,5 0,0 0,0 1,3 13,3 10.40 W 2 4,5 14,3 14.31 0,0 07.12 11,4 0,0 0,0 1,3 13,3 10.13 NNE 3 5,0 15,0 16.06 -1,4 06.36 12,5 0,0 0,0 1,9 14,8 12.36 WNW 4 7,3 19,2 15.06 -1,0 06.36 11,1 0,0 0,0 0,9 6,1 09.36 NNW 5 7,5 12,1 13.06 1,6 06.06 10,8 0,0 0,3 1,8 13,3 12.06 NE 6 8,9 10,1 19.06 7,8 06.06 8,2 0,0 18,9 2,6 13,3 13.06 N 7 10,3 11,7 13.36 8,9 06.06 6,8 0,0 2,7 1,5 7,2 08.06 W 8 10,3 12,3 16.06 8,6 06.36 7,4 0,0 6,6 0,8 6,1 07.36 W 9 11,5 15,3 14.36 9,6 02.36 6,8 0,0 9,3 3,0 13,3 12.06 WNW 10 12,0 18,4 16.06 8,0 07.36 6,3 0,0 0,3 3,9 18,4 02.06 WNW 13 11,8 21,2 15.18 7,6 05.45 14,6 0,1 12,3 2,6 18,4 20.50 NNW 14 7,9 11,6 12.37 5,2 20.07 7,8 0,0 1,2 3,7 19,4 13.07 N 15 6,0 13,6 15.12 1,9 21.06 12,4 0,0 0,3 2,6 17,3 13.29 NNW 16 5,3 13,4 14.06 0,3 06.36 12,7 0,0 0,0 1,6 9,7 10.36 SE 17 6,1 10,7 14.06 2,3 06.06 12,2 0,0 0,9 3,5 20,9 22.36 NNE 18 5,4 9,1 13.06 2,9 22.06 12,9 0,0 16,5 6,2 24,5 15.06 NW 19 8,5 17,7 17.36 1,6 02.36 9,8 0,0 0,0 7,6 28,1 10.06 WNW 20 7,7 13,1 11.36 1,9 04.06 10,6 0,0 6,0 1,5 8,6 11.06 NNE 21 10,0 17,1 16.06 4,6 07.06 8,3 0,0 1,5 7,2 25,6 08.36 WNW 22 10,3 19,6 15.36 2,1 05.06 8,1 0,1 0,0 1,4 12,2 11.36 NE 23 10,8 15,4 14.06 8,2 05.36 7,5 0,0 7,5 3,3 13,3 14.06 NNE 24 6,4 8,9 00.06 4,0 23.56 12,0 0,0 19,5 7,7 31,7 16.52 N 25 2,5 4,0 00.00 0,5 17.06 15,1 0,0 25,8 3,9 24,5 00.32 N 26 4,9 9,1 14.57 2,2 00.00 13,4 0,0 2,7 2,8 19,4 12.21 NE 27 6,7 12,7 16.08 1,3 05.40 11,6 0,0 0,0 2,5 15,8 07.51 NE ---------------------------------------------------------------------------------- 7,8 21,2 13 -1,4 3 268,8 0,2 132,3 2,8 31,7 24 NNW Max >= 27,0: 0 Max <= 0,0: 0 Min <= 0,0: 3 Min <= -18,0: 0 Max Rain: 25,8 on day 25 Days of Rain: 17 (>= 0,2 mm) 11 (>= 2,0 mm) 1 (>= 20,0 mm) Heat Base: 18,3 Cool Base: 18,3 Method: Integration