NOAA-Style Climate Reports
Select a Year or Month report
2024: Gen Feb Mar Apr Mag Giu Lug Ago Set Ott Nov Dic
2023: Gen Feb Mar Apr Mag Giu Lug Ago Set Ott Nov Dic
2022: Gen Feb Mar Apr Mag Giu Lug Ago Set Ott Nov Dic
2021: Gen Feb Mar Apr Mag Giu Lug Ago Set Ott Nov Dic
2020: Gen Feb Mar Apr Mag Giu Lug Ago Set Ott Nov Dic
2019: Gen Feb Mar Apr Mag Giu Lug Ago Set Ott Nov Dic
2018: Gen Feb Mar Apr Mag Giu Lug Ago Set Ott Nov Dic
2017: Gen Feb Mar Apr Mag Giu Lug Ago Set Ott Nov Dic
2016: Gen Feb Mar Apr Mag Giu Lug Ago Set Ott Nov Dic
2015: Gen Feb Mar Apr Mag Giu Lug Ago Set Ott Nov Dic
2014: Gen Feb Mar Apr Mag Giu Lug Ago Set Ott Nov Dic
2013: Gen Feb Mar Apr Mag Giu Lug Ago Set Ott Nov Dic
2024: Gen Feb Mar Apr Mag Giu Lug Ago Set Ott Nov Dic
2023: Gen Feb Mar Apr Mag Giu Lug Ago Set Ott Nov Dic
2022: Gen Feb Mar Apr Mag Giu Lug Ago Set Ott Nov Dic
2021: Gen Feb Mar Apr Mag Giu Lug Ago Set Ott Nov Dic
2020: Gen Feb Mar Apr Mag Giu Lug Ago Set Ott Nov Dic
2019: Gen Feb Mar Apr Mag Giu Lug Ago Set Ott Nov Dic
2018: Gen Feb Mar Apr Mag Giu Lug Ago Set Ott Nov Dic
2017: Gen Feb Mar Apr Mag Giu Lug Ago Set Ott Nov Dic
2016: Gen Feb Mar Apr Mag Giu Lug Ago Set Ott Nov Dic
2015: Gen Feb Mar Apr Mag Giu Lug Ago Set Ott Nov Dic
2014: Gen Feb Mar Apr Mag Giu Lug Ago Set Ott Nov Dic
2013: Gen Feb Mar Apr Mag Giu Lug Ago Set Ott Nov Dic
Report for 2013 Luglio
Monthly Climatological Summary for lug 2013 Name: Meteo Arquà City: Arquà Polesine State: Italia Elevation: 0 ft Lat: N 45° 00' 16" Lon: E 011° 44' 26" Temperature (°C), Rain (mm), Wind Speed (km/h) Heat Cool Avg Mean Deg Deg Wind Dom Day Temp High Time Low Time Days Days Rain Speed High Time Dir ---------------------------------------------------------------------------------- 1 24,2 31,7 16.46 16,2 02.46 0,3 6,2 0,0 1,3 12,2 12.16 ENE 2 25,4 35,4 17.46 17,6 04.16 0,1 7,2 0,0 1,5 8,6 09.46 ENE 3 25,6 32,8 14.16 19,1 05.46 0,0 7,3 0,0 0,8 11,2 20.46 WNW 4 27,1 35,0 18.46 19,5 04.16 0,0 8,8 0,0 1,9 9,7 15.46 NNW 5 29,2 37,5 17.46 20,5 00.46 0,0 10,0 0,0 1,5 11,2 11.16 NE 6 28,3 36,8 17.46 20,8 05.46 0,0 10,0 3,0 1,4 15,8 11.16 NNE 7 27,5 34,0 18.16 21,5 06.16 0,0 9,2 0,0 2,6 22,0 11.16 N 8 27,2 34,3 19.16 21,3 23.46 0,0 8,9 0,0 2,1 12,2 09.46 NE 9 27,5 36,2 16.46 19,5 04.46 0,0 9,3 0,0 0,9 8,6 11.46 NNW 10 27,5 36,4 17.46 20,0 02.46 0,0 9,2 0,0 1,2 9,7 11.16 NNE 11 26,9 34,2 15.46 20,1 06.16 0,0 8,6 3,3 1,9 13,3 14.46 W 12 25,1 33,2 15.17 19,0 02.16 0,0 6,8 8,4 1,5 15,8 01.46 E 13 25,5 33,5 16.17 18,3 23.47 0,0 7,2 11,1 1,2 14,8 23.17 NE 14 25,2 34,4 17.47 17,5 05.47 0,1 6,9 2,1 1,5 11,2 01.47 W 15 26,4 35,4 18.17 18,1 04.17 0,0 8,1 0,0 0,7 7,2 13.17 ESE 16 26,4 32,5 17.17 20,1 02.47 0,0 8,1 0,0 1,4 8,6 09.47 ENE 17 26,4 33,2 14.15 18,9 04.15 0,0 8,0 0,0 0,2 8,6 11.45 E 18 26,1 35,1 17.43 16,8 04.34 0,1 7,9 0,0 1,5 13,3 11.19 NNE 19 26,2 38,4 17.30 16,4 05.19 0,2 8,1 0,0 0,7 12,2 11.46 W 20 27,6 34,7 13.03 18,1 05.46 0,0 9,3 0,0 1,8 13,3 14.33 WNW 21 27,4 36,7 18.16 19,7 04.16 0,0 9,1 0,0 1,3 9,7 08.16 NE 22 27,3 37,9 19.16 18,9 05.16 0,0 8,5 0,0 1,0 9,7 12.16 N 23 28,4 38,3 17.46 18,4 04.46 0,0 10,1 0,0 0,6 7,2 13.16 WNW 24 26,4 36,7 17.15 18,9 05.28 0,0 8,1 50,4 1,7 37,8 18.50 W 25 27,7 38,1 17.09 20,0 05.40 0,0 9,4 0,0 0,6 11,2 15.09 W ---------------------------------------------------------------------------------- 26,7 38,4 19 16,2 1 0,8 210,3 78,3 1,2 37,8 24 N Max >= 27,0: 25 Max <= 0,0: 0 Min <= 0,0: 0 Min <= -18,0: 0 Max Rain: 50,4 on day 24 Days of Rain: 6 (>= 0,2 mm) 6 (>= 2,0 mm) 1 (>= 20,0 mm) Heat Base: 18,3 Cool Base: 18,3 Method: Integration