NOAA-Style Climate Reports
Select a Year or Month report
2024: Gen Feb Mar Apr Mag Giu Lug Ago Set Ott Nov Dic
2023: Gen Feb Mar Apr Mag Giu Lug Ago Set Ott Nov Dic
2022: Gen Feb Mar Apr Mag Giu Lug Ago Set Ott Nov Dic
2021: Gen Feb Mar Apr Mag Giu Lug Ago Set Ott Nov Dic
2020: Gen Feb Mar Apr Mag Giu Lug Ago Set Ott Nov Dic
2019: Gen Feb Mar Apr Mag Giu Lug Ago Set Ott Nov Dic
2018: Gen Feb Mar Apr Mag Giu Lug Ago Set Ott Nov Dic
2017: Gen Feb Mar Apr Mag Giu Lug Ago Set Ott Nov Dic
2016: Gen Feb Mar Apr Mag Giu Lug Ago Set Ott Nov Dic
2015: Gen Feb Mar Apr Mag Giu Lug Ago Set Ott Nov Dic
2014: Gen Feb Mar Apr Mag Giu Lug Ago Set Ott Nov Dic
2013: Gen Feb Mar Apr Mag Giu Lug Ago Set Ott Nov Dic
2024: Gen Feb Mar Apr Mag Giu Lug Ago Set Ott Nov Dic
2023: Gen Feb Mar Apr Mag Giu Lug Ago Set Ott Nov Dic
2022: Gen Feb Mar Apr Mag Giu Lug Ago Set Ott Nov Dic
2021: Gen Feb Mar Apr Mag Giu Lug Ago Set Ott Nov Dic
2020: Gen Feb Mar Apr Mag Giu Lug Ago Set Ott Nov Dic
2019: Gen Feb Mar Apr Mag Giu Lug Ago Set Ott Nov Dic
2018: Gen Feb Mar Apr Mag Giu Lug Ago Set Ott Nov Dic
2017: Gen Feb Mar Apr Mag Giu Lug Ago Set Ott Nov Dic
2016: Gen Feb Mar Apr Mag Giu Lug Ago Set Ott Nov Dic
2015: Gen Feb Mar Apr Mag Giu Lug Ago Set Ott Nov Dic
2014: Gen Feb Mar Apr Mag Giu Lug Ago Set Ott Nov Dic
2013: Gen Feb Mar Apr Mag Giu Lug Ago Set Ott Nov Dic
Report for 2013 Agosto
Monthly Climatological Summary for ago 2013 Name: Meteo Arquà City: Arquà Polesine State: Italia Elevation: 0 ft Lat: N 45° 00' 16" Lon: E 011° 44' 26" Temperature (°C), Rain (mm), Wind Speed (km/h) Heat Cool Avg Mean Deg Deg Wind Dom Day Temp High Time Low Time Days Days Rain Speed High Time Dir ---------------------------------------------------------------------------------- 1 28,0 39,7 18.01 18,4 05.31 0,0 9,7 0,0 0,8 8,6 09.31 NE 2 28,4 40,9 19.31 18,4 06.01 0,0 10,1 0,0 0,9 8,6 14.31 WSW 3 28,4 40,0 18.02 19,2 05.32 0,0 10,1 0,0 1,3 9,7 12.02 W 4 30,0 40,4 18.32 22,3 02.02 0,0 11,7 0,0 0,5 7,2 14.02 W 5 30,5 40,6 17.02 21,9 05.32 0,0 12,2 0,0 0,9 11,2 09.32 N 6 30,8 41,7 18.02 22,8 06.02 0,0 12,5 0,0 0,5 7,2 15.02 NNW 7 30,1 39,3 14.32 23,3 03.02 0,0 11,8 0,0 1,4 11,2 10.02 E 8 29,3 37,5 14.47 24,9 23.17 0,0 11,0 0,0 2,7 17,3 17.47 WNW 9 26,5 33,7 17.17 21,0 23.47 0,0 8,2 12,6 4,4 18,4 11.17 W 10 25,5 34,2 19.17 19,1 06.47 0,0 7,2 0,6 1,7 11,2 14.17 N 11 26,4 37,8 19.17 18,6 01.47 0,0 8,1 0,0 0,9 6,1 06.17 NE 12 26,7 38,3 17.47 17,4 05.17 0,0 8,5 0,0 0,5 8,6 12.17 N 13 27,5 39,7 17.17 18,3 05.47 0,0 9,2 0,0 0,8 7,2 11.17 NNW 14 20,9 24,5 00.17 16,9 23.47 0,1 2,7 36,6 4,3 23,4 10.47 NNW 15 22,5 31,1 18.17 15,5 06.47 0,8 4,9 0,0 2,2 11,2 10.47 NNE 16 24,2 35,3 18.17 16,9 06.47 0,3 6,2 0,0 0,9 8,6 10.17 NNE 17 24,3 35,7 16.47 15,1 06.17 0,7 6,7 0,0 0,7 7,2 15.47 WNW 18 26,0 38,8 18.48 16,2 06.18 0,3 8,1 0,0 0,4 6,1 15.48 NNW ---------------------------------------------------------------------------------- 27,0 41,7 6 15,1 17 2,2 158,9 49,8 1,4 23,4 14 NNW Max >= 27,0: 17 Max <= 0,0: 0 Min <= 0,0: 0 Min <= -18,0: 0 Max Rain: 36,6 on day 14 Days of Rain: 3 (>= 0,2 mm) 2 (>= 2,0 mm) 1 (>= 20,0 mm) Heat Base: 18,3 Cool Base: 18,3 Method: Integration