NOAA-Style Climate Reports
Select a Year or Month report
2024: Gen Feb Mar Apr Mag Giu Lug Ago Set Ott Nov Dic
2023: Gen Feb Mar Apr Mag Giu Lug Ago Set Ott Nov Dic
2022: Gen Feb Mar Apr Mag Giu Lug Ago Set Ott Nov Dic
2021: Gen Feb Mar Apr Mag Giu Lug Ago Set Ott Nov Dic
2020: Gen Feb Mar Apr Mag Giu Lug Ago Set Ott Nov Dic
2019: Gen Feb Mar Apr Mag Giu Lug Ago Set Ott Nov Dic
2018: Gen Feb Mar Apr Mag Giu Lug Ago Set Ott Nov Dic
2017: Gen Feb Mar Apr Mag Giu Lug Ago Set Ott Nov Dic
2016: Gen Feb Mar Apr Mag Giu Lug Ago Set Ott Nov Dic
2015: Gen Feb Mar Apr Mag Giu Lug Ago Set Ott Nov Dic
2014: Gen Feb Mar Apr Mag Giu Lug Ago Set Ott Nov Dic
2013: Gen Feb Mar Apr Mag Giu Lug Ago Set Ott Nov Dic
2024: Gen Feb Mar Apr Mag Giu Lug Ago Set Ott Nov Dic
2023: Gen Feb Mar Apr Mag Giu Lug Ago Set Ott Nov Dic
2022: Gen Feb Mar Apr Mag Giu Lug Ago Set Ott Nov Dic
2021: Gen Feb Mar Apr Mag Giu Lug Ago Set Ott Nov Dic
2020: Gen Feb Mar Apr Mag Giu Lug Ago Set Ott Nov Dic
2019: Gen Feb Mar Apr Mag Giu Lug Ago Set Ott Nov Dic
2018: Gen Feb Mar Apr Mag Giu Lug Ago Set Ott Nov Dic
2017: Gen Feb Mar Apr Mag Giu Lug Ago Set Ott Nov Dic
2016: Gen Feb Mar Apr Mag Giu Lug Ago Set Ott Nov Dic
2015: Gen Feb Mar Apr Mag Giu Lug Ago Set Ott Nov Dic
2014: Gen Feb Mar Apr Mag Giu Lug Ago Set Ott Nov Dic
2013: Gen Feb Mar Apr Mag Giu Lug Ago Set Ott Nov Dic
Report for 2013 Settembre
Monthly Climatological Summary for set 2013 Name: Meteo Arquà City: Arquà Polesine State: Italia Elevation: 0 ft Lat: N 45° 00' 16" Lon: E 011° 44' 26" Temperature (°C), Rain (mm), Wind Speed (km/h) Heat Cool Avg Mean Deg Deg Wind Dom Day Temp High Time Low Time Days Days Rain Speed High Time Dir ---------------------------------------------------------------------------------- 1 23,1 32,7 17.18 14,4 05.48 0,8 5,6 0,0 0,7 6,1 11.18 NE 2 23,6 32,7 17.48 17,6 06.48 0,1 5,3 0,0 1,6 9,7 02.48 N 3 23,6 36,1 17.27 15,1 06.46 0,7 6,1 0,0 0,8 11,2 18.54 WSW 4 24,8 35,0 16.55 17,4 06.41 0,0 6,6 0,0 0,7 9,7 12.00 NE 5 25,1 34,3 16.48 19,8 01.07 0,0 6,8 0,0 0,8 8,6 18.26 ENE 6 24,6 34,6 16.48 16,9 06.48 0,1 6,5 0,0 0,5 7,2 12.18 ENE 7 24,8 34,4 16.48 16,8 06.18 0,1 6,6 0,0 0,6 6,1 15.18 E 8 24,9 31,9 14.18 19,4 05.48 0,0 6,6 0,0 0,6 7,2 17.18 N 9 25,3 32,9 16.42 18,0 23.01 0,0 7,0 0,0 2,4 20,9 12.58 W 10 22,2 31,6 16.16 15,1 07.12 0,5 4,4 0,0 0,9 12,2 17.19 N 11 17,7 22,6 14.10 12,9 23.58 1,1 0,5 4,8 1,5 15,8 13.57 N 12 18,1 27,6 17.06 11,2 03.55 2,5 2,4 0,0 1,2 12,2 12.55 WNW ---------------------------------------------------------------------------------- 23,2 36,1 3 11,2 12 5,9 64,4 4,8 1,2 20,9 9 N Max >= 27,0: 11 Max <= 0,0: 0 Min <= 0,0: 0 Min <= -18,0: 0 Max Rain: 4,8 on day 11 Days of Rain: 1 (>= 0,2 mm) 1 (>= 2,0 mm) 0 (>= 20,0 mm) Heat Base: 18,3 Cool Base: 18,3 Method: Integration