NOAA-Style Climate Reports
Select a Year or Month report
2024: Gen Feb Mar Apr Mag Giu Lug Ago Set Ott Nov Dic
2023: Gen Feb Mar Apr Mag Giu Lug Ago Set Ott Nov Dic
2022: Gen Feb Mar Apr Mag Giu Lug Ago Set Ott Nov Dic
2021: Gen Feb Mar Apr Mag Giu Lug Ago Set Ott Nov Dic
2020: Gen Feb Mar Apr Mag Giu Lug Ago Set Ott Nov Dic
2019: Gen Feb Mar Apr Mag Giu Lug Ago Set Ott Nov Dic
2018: Gen Feb Mar Apr Mag Giu Lug Ago Set Ott Nov Dic
2017: Gen Feb Mar Apr Mag Giu Lug Ago Set Ott Nov Dic
2016: Gen Feb Mar Apr Mag Giu Lug Ago Set Ott Nov Dic
2015: Gen Feb Mar Apr Mag Giu Lug Ago Set Ott Nov Dic
2014: Gen Feb Mar Apr Mag Giu Lug Ago Set Ott Nov Dic
2013: Gen Feb Mar Apr Mag Giu Lug Ago Set Ott Nov Dic
2024: Gen Feb Mar Apr Mag Giu Lug Ago Set Ott Nov Dic
2023: Gen Feb Mar Apr Mag Giu Lug Ago Set Ott Nov Dic
2022: Gen Feb Mar Apr Mag Giu Lug Ago Set Ott Nov Dic
2021: Gen Feb Mar Apr Mag Giu Lug Ago Set Ott Nov Dic
2020: Gen Feb Mar Apr Mag Giu Lug Ago Set Ott Nov Dic
2019: Gen Feb Mar Apr Mag Giu Lug Ago Set Ott Nov Dic
2018: Gen Feb Mar Apr Mag Giu Lug Ago Set Ott Nov Dic
2017: Gen Feb Mar Apr Mag Giu Lug Ago Set Ott Nov Dic
2016: Gen Feb Mar Apr Mag Giu Lug Ago Set Ott Nov Dic
2015: Gen Feb Mar Apr Mag Giu Lug Ago Set Ott Nov Dic
2014: Gen Feb Mar Apr Mag Giu Lug Ago Set Ott Nov Dic
2013: Gen Feb Mar Apr Mag Giu Lug Ago Set Ott Nov Dic
Report for 2013 Novembre
Monthly Climatological Summary for nov 2013 Name: Meteo Arquà City: Arquà Polesine State: Italia Elevation: 0 ft Lat: N 45° 00' 16" Lon: E 011° 44' 26" Temperature (°C), Rain (mm), Wind Speed (km/h) Heat Cool Avg Mean Deg Deg Wind Dom Day Temp High Time Low Time Days Days Rain Speed High Time Dir ---------------------------------------------------------------------------------- 5 8,8 9,2 23:34 9,1 23:46 0,1 0,0 0,0 0,0 0,0 00:00 E 6 11,8 18,3 13:52 7,8 05:12 6,5 0,0 0,0 1,0 12,2 12:00 WNW 7 12,7 19,9 13:32 7,3 07:26 5,6 0,0 0,3 0,4 7,2 09:16 NE 8 14,9 18,4 11:40 13,3 06:53 3,4 0,0 0,0 0,5 8,6 19:40 N 9 14,4 19,4 13:01 10,7 23:38 4,0 0,0 0,3 2,9 15,8 05:13 NNW 10 11,3 14,6 13:08 8,3 06:24 7,0 0,0 0,9 3,1 20,9 15:52 NNW 11 13,0 16,3 12:57 10,6 01:16 5,4 0,0 0,3 4,2 42,8 08:59 NNE 12 12,8 16,8 12:52 8,7 23:39 5,5 0,0 0,0 3,6 19,4 00:22 N 13 12,5 18,0 13:35 7,7 01:16 5,8 0,0 0,0 3,3 18,4 15:00 NNW 14 11,6 13,4 01:10 9,5 23:46 6,7 0,0 2,7 2,5 22,0 23:36 NNE 15 9,6 10,8 21:17 8,3 06:41 8,7 0,0 16,2 7,5 30,6 13:56 NNE 16 10,4 14,5 12:36 6,1 07:21 7,9 0,0 0,3 3,7 18,4 13:18 NNW 17 10,3 13,4 12:59 7,3 01:21 8,0 0,0 0,0 1,2 9,7 00:16 N 18 11,4 13,7 13:28 9,8 06:55 6,9 0,0 0,0 2,1 15,8 23:00 NNE 19 12,8 17,4 13:56 10,8 21:46 5,5 0,0 2,1 3,6 24,5 07:22 NE 20 11,2 15,4 13:29 6,4 23:18 7,0 0,0 0,0 1,2 12,2 04:04 N 21 8,5 12,5 14:12 4,8 02:09 9,8 0,0 7,2 1,3 13,3 19:52 SE 22 7,6 11,9 14:05 4,5 05:57 10,5 0,0 0,0 2,0 14,8 23:55 NNE 23 8,7 10,1 13:48 7,1 00:02 9,6 0,0 28,5 4,9 30,6 07:34 NNE 24 8,9 13,3 13:39 6,4 23:35 9,4 0,0 6,3 2,6 15,8 22:39 NNW 25 5,8 11,0 11:19 -0,7 23:12 12,5 0,0 0,3 2,2 23,4 13:21 NNE 26 2,0 7,9 13:29 -3,0 07:14 16,3 0,0 0,0 2,3 20,9 12:08 NNW 27 2,4 7,2 14:16 -1,5 04:32 15,9 0,0 0,0 2,2 13,3 17:52 NW 28 2,5 7,6 13:26 -0,9 23:58 15,8 0,0 0,0 1,8 14,8 12:01 N 29 0,9 7,0 14:39 -2,6 05:35 17,4 0,0 0,0 2,0 12,2 13:38 NW 30 3,1 7,6 15:02 0,2 00:00 15,2 0,0 0,0 2,7 14,8 13:31 NNW ---------------------------------------------------------------------------------- 9,2 19,9 7 -3,0 26 226,4 0,0 65,4 2,6 42,8 11 N Max >= 27,0: 0 Max <= 0,0: 0 Min <= 0,0: 5 Min <= -18,0: 0 Max Rain: 28,5 on day 23 Days of Rain: 12 (>= 0,2 mm) 6 (>= 2,0 mm) 1 (>= 20,0 mm) Heat Base: 18,3 Cool Base: 18,3 Method: Integration