NOAA-Style Climate Reports
Select a Year or Month report
2024: Gen Feb Mar Apr Mag Giu Lug Ago Set Ott Nov Dic
2023: Gen Feb Mar Apr Mag Giu Lug Ago Set Ott Nov Dic
2022: Gen Feb Mar Apr Mag Giu Lug Ago Set Ott Nov Dic
2021: Gen Feb Mar Apr Mag Giu Lug Ago Set Ott Nov Dic
2020: Gen Feb Mar Apr Mag Giu Lug Ago Set Ott Nov Dic
2019: Gen Feb Mar Apr Mag Giu Lug Ago Set Ott Nov Dic
2018: Gen Feb Mar Apr Mag Giu Lug Ago Set Ott Nov Dic
2017: Gen Feb Mar Apr Mag Giu Lug Ago Set Ott Nov Dic
2016: Gen Feb Mar Apr Mag Giu Lug Ago Set Ott Nov Dic
2015: Gen Feb Mar Apr Mag Giu Lug Ago Set Ott Nov Dic
2014: Gen Feb Mar Apr Mag Giu Lug Ago Set Ott Nov Dic
2013: Gen Feb Mar Apr Mag Giu Lug Ago Set Ott Nov Dic
2024: Gen Feb Mar Apr Mag Giu Lug Ago Set Ott Nov Dic
2023: Gen Feb Mar Apr Mag Giu Lug Ago Set Ott Nov Dic
2022: Gen Feb Mar Apr Mag Giu Lug Ago Set Ott Nov Dic
2021: Gen Feb Mar Apr Mag Giu Lug Ago Set Ott Nov Dic
2020: Gen Feb Mar Apr Mag Giu Lug Ago Set Ott Nov Dic
2019: Gen Feb Mar Apr Mag Giu Lug Ago Set Ott Nov Dic
2018: Gen Feb Mar Apr Mag Giu Lug Ago Set Ott Nov Dic
2017: Gen Feb Mar Apr Mag Giu Lug Ago Set Ott Nov Dic
2016: Gen Feb Mar Apr Mag Giu Lug Ago Set Ott Nov Dic
2015: Gen Feb Mar Apr Mag Giu Lug Ago Set Ott Nov Dic
2014: Gen Feb Mar Apr Mag Giu Lug Ago Set Ott Nov Dic
2013: Gen Feb Mar Apr Mag Giu Lug Ago Set Ott Nov Dic
Report for 2013 Dicembre
Monthly Climatological Summary for dic 2013 Name: Meteo Arquà City: Arquà Polesine State: Italia Elevation: 0 ft Lat: N 45° 00' 16" Lon: E 011° 44' 26" Temperature (°C), Rain (mm), Wind Speed (km/h) Heat Cool Avg Mean Deg Deg Wind Dom Day Temp High Time Low Time Days Days Rain Speed High Time Dir ---------------------------------------------------------------------------------- 1 6,3 17,9 08:29 1,5 00:48 12,0 0,0 0,0 4,5 30,6 12:52 N 3 6,4 12,5 12:32 -1,0 23:04 12,4 0,0 0,0 0,5 23,4 12:53 N 4 1,8 8,6 14:17 -2,2 04:51 16,5 0,0 0,3 2,4 13,3 11:34 WNW 5 1,1 9,6 14:39 -3,1 07:06 17,2 0,0 0,0 0,7 9,7 14:12 NW 6 2,2 8,5 15:01 -0,6 02:11 16,1 0,0 0,3 0,8 7,2 00:40 NNW 7 2,3 10,1 14:32 -2,6 07:19 16,0 0,0 0,0 0,8 8,6 08:12 NNW 8 0,4 6,9 14:44 -2,6 04:32 17,9 0,0 0,3 2,4 11,2 09:44 WNW 9 1,2 3,8 14:56 -1,9 00:31 17,1 0,0 0,0 4,4 13,3 11:35 WNW 10 0,7 4,5 15:25 -1,2 23:32 17,6 0,0 0,0 2,5 9,7 02:37 WNW 11 0,1 2,2 14:27 -1,4 04:10 18,2 0,0 0,0 6,0 14,8 18:12 NW 12 1,6 3,4 14:15 0,0 07:09 16,7 0,0 0,3 5,9 14,8 12:24 WNW 13 1,0 2,6 14:28 -0,8 23:57 17,3 0,0 0,0 5,0 14,8 05:08 WNW 14 0,3 3,0 23:41 -2,3 05:00 18,0 0,0 0,3 1,3 8,6 09:16 NNW 15 2,3 6,0 15:22 -0,8 22:24 16,0 0,0 0,0 4,3 23,4 10:45 NW 16 -0,5 3,9 15:26 -2,5 22:28 18,8 0,0 0,0 0,6 9,7 11:38 WNW 17 0,7 7,7 14:35 -3,5 07:24 17,6 0,0 0,3 1,0 12,2 11:12 WNW 18 -1,3 3,5 14:33 -4,7 07:16 19,6 0,0 0,3 1,1 9,7 14:16 WNW 19 1,6 6,7 13:40 -4,0 07:55 16,6 0,0 0,0 1,1 12,2 12:43 NE 20 5,8 7,2 14:44 4,5 22:30 12,5 0,0 0,6 4,7 17,3 02:15 NW 21 5,9 7,7 15:21 4,6 00:00 12,3 0,0 0,6 3,0 12,2 09:15 WNW 22 6,3 7,7 15:08 5,2 00:44 12,0 0,0 0,0 1,0 7,2 01:25 WNW 23 7,1 8,2 14:38 6,3 07:39 11,1 0,0 0,0 1,2 8,6 12:05 WNW 24 6,5 7,8 12:42 5,1 06:06 11,8 0,0 0,0 0,9 11,2 20:18 E 25 10,1 13,7 16:17 7,1 04:06 8,2 0,0 0,3 3,2 15,8 23:48 ESE 26 11,2 15,2 14:18 4,6 23:42 7,1 0,0 4,8 3,6 23,4 11:42 SE 27 6,5 13,3 14:32 1,8 04:02 11,8 0,0 0,0 1,3 13,3 10:43 NW 28 5,1 11,6 13:43 0,1 07:06 13,2 0,0 0,3 0,7 8,6 23:07 NE 29 7,9 9,2 10:39 5,6 00:58 10,4 0,0 0,6 4,6 14,8 06:46 NW 30 7,8 11,4 12:16 4,4 18:38 10,5 0,0 3,3 3,6 22,0 13:27 N 31 2,8 8,1 14:47 -0,6 07:39 15,4 0,0 0,0 1,8 12,2 14:47 WNW ---------------------------------------------------------------------------------- 3,7 17,9 1 -4,7 18 437,9 0,0 12,6 2,5 30,6 1 NW Max >= 27,0: 0 Max <= 0,0: 0 Min <= 0,0: 18 Min <= -18,0: 0 Max Rain: 4,8 on day 26 Days of Rain: 14 (>= 0,2 mm) 2 (>= 2,0 mm) 0 (>= 20,0 mm) Heat Base: 18,3 Cool Base: 18,3 Method: Integration