NOAA-Style Climate Reports
Select a Year or Month report
2024: Gen Feb Mar Apr Mag Giu Lug Ago Set Ott Nov Dic
2023: Gen Feb Mar Apr Mag Giu Lug Ago Set Ott Nov Dic
2022: Gen Feb Mar Apr Mag Giu Lug Ago Set Ott Nov Dic
2021: Gen Feb Mar Apr Mag Giu Lug Ago Set Ott Nov Dic
2020: Gen Feb Mar Apr Mag Giu Lug Ago Set Ott Nov Dic
2019: Gen Feb Mar Apr Mag Giu Lug Ago Set Ott Nov Dic
2018: Gen Feb Mar Apr Mag Giu Lug Ago Set Ott Nov Dic
2017: Gen Feb Mar Apr Mag Giu Lug Ago Set Ott Nov Dic
2016: Gen Feb Mar Apr Mag Giu Lug Ago Set Ott Nov Dic
2015: Gen Feb Mar Apr Mag Giu Lug Ago Set Ott Nov Dic
2014: Gen Feb Mar Apr Mag Giu Lug Ago Set Ott Nov Dic
2013: Gen Feb Mar Apr Mag Giu Lug Ago Set Ott Nov Dic
2024: Gen Feb Mar Apr Mag Giu Lug Ago Set Ott Nov Dic
2023: Gen Feb Mar Apr Mag Giu Lug Ago Set Ott Nov Dic
2022: Gen Feb Mar Apr Mag Giu Lug Ago Set Ott Nov Dic
2021: Gen Feb Mar Apr Mag Giu Lug Ago Set Ott Nov Dic
2020: Gen Feb Mar Apr Mag Giu Lug Ago Set Ott Nov Dic
2019: Gen Feb Mar Apr Mag Giu Lug Ago Set Ott Nov Dic
2018: Gen Feb Mar Apr Mag Giu Lug Ago Set Ott Nov Dic
2017: Gen Feb Mar Apr Mag Giu Lug Ago Set Ott Nov Dic
2016: Gen Feb Mar Apr Mag Giu Lug Ago Set Ott Nov Dic
2015: Gen Feb Mar Apr Mag Giu Lug Ago Set Ott Nov Dic
2014: Gen Feb Mar Apr Mag Giu Lug Ago Set Ott Nov Dic
2013: Gen Feb Mar Apr Mag Giu Lug Ago Set Ott Nov Dic
Report for 2014 Marzo
Monthly Climatological Summary for mar 2014 Name: Meteo Arquà City: Arquà Polesine State: Italia Elevation: 0 ft Lat: N 45° 00' 16" Lon: E 011° 44' 26" Temperature (°C), Rain (mm), Wind Speed (km/h) Heat Cool Avg Mean Deg Deg Wind Dom Day Temp High Time Low Time Days Days Rain Speed High Time Dir ---------------------------------------------------------------------------------- 1 9,4 12,3 16:38 7,1 02:12 8,9 0,0 3,3 4,7 29,5 11:03 N 2 8,5 11,3 15:06 7,2 01:58 9,8 0,0 13,5 2,2 15,8 08:26 E 3 9,2 18,7 14:13 3,1 06:51 9,1 0,0 0,0 2,1 11,2 00:12 E 4 9,5 11,1 09:51 7,8 21:55 8,8 0,0 6,6 4,6 25,6 10:27 E 5 10,3 19,2 16:10 4,6 06:14 8,1 0,0 0,3 1,7 15,8 14:24 E 6 11,6 22,5 14:58 4,6 05:03 7,1 0,3 0,0 1,1 13,3 11:52 E 7 11,8 23,3 13:58 5,4 06:00 6,9 0,4 0,0 1,3 13,3 11:36 E 8 11,4 20,3 15:09 5,1 23:04 7,0 0,1 0,0 2,2 22,0 09:57 E 9 10,5 22,7 15:33 1,5 06:58 8,2 0,4 0,0 1,2 12,2 12:28 E 10 11,4 18,5 16:00 6,2 23:25 6,9 0,0 0,0 3,3 28,1 10:43 E 11 10,7 19,8 15:23 4,6 23:56 7,7 0,1 0,0 1,5 17,3 12:57 E 12 10,0 24,8 15:44 0,7 06:15 9,0 0,6 0,0 1,5 12,2 11:02 ENE 13 11,3 25,6 15:13 2,4 06:55 7,8 0,8 0,0 0,8 14,8 13:40 NNE 14 11,9 25,5 15:34 2,9 05:49 7,4 1,1 0,0 0,2 7,2 14:23 NNW 15 11,1 21,6 15:30 2,8 06:28 7,4 0,3 0,0 1,8 17,3 13:15 NNW 16 12,8 22,2 16:17 8,3 02:37 5,7 0,2 0,0 1,4 14,8 12:45 NW 17 12,3 24,7 15:49 6,5 04:11 6,6 0,6 0,3 0,7 9,7 14:57 NNE 18 12,1 21,8 16:13 7,5 23:59 6,4 0,2 0,0 1,1 9,7 13:13 NE 19 13,2 23,7 15:04 6,5 01:41 5,7 0,6 0,3 2,0 19,4 10:16 N 20 14,3 24,4 15:52 7,6 23:45 4,9 0,9 0,0 1,1 11,2 03:44 ENE 21 12,6 24,5 15:59 5,7 04:01 6,5 0,8 0,0 0,5 7,2 17:19 SE 22 15,0 22,6 12:41 10,5 00:21 3,8 0,5 2,4 1,3 11,2 09:12 ESE 23 12,5 19,3 13:14 7,4 22:58 5,8 0,0 7,2 3,3 30,6 15:34 S 24 7,7 14,0 16:24 3,9 23:57 10,6 0,0 5,7 3,8 34,2 13:11 NNE 25 8,3 16,0 12:17 0,9 04:57 10,0 0,0 0,0 1,2 18,4 12:53 E 26 10,2 15,3 16:01 6,2 06:21 8,1 0,0 0,0 3,4 22,0 11:37 ENE 27 12,6 17,8 13:27 9,2 03:39 5,7 0,0 0,0 5,2 25,6 11:59 ENE 28 13,9 26,7 15:24 5,5 06:13 5,8 1,4 0,6 1,8 9,7 01:05 NW 29 13,9 26,4 15:07 4,5 06:08 5,9 1,6 0,0 0,7 17,3 11:08 NE 30 16,1 29,0 18:18 0,0 00:04 3,7 1,9 0,0 1,3 17,3 16:06 W 31 14,0 24,0 17:37 5,3 06:21 5,5 1,2 0,0 3,0 20,9 14:47 NW ---------------------------------------------------------------------------------- 11,6 29,0 30 0,0 30 220,8 14,0 40,2 2,0 34,2 24 ENE Max >= 27,0: 1 Max <= 0,0: 0 Min <= 0,0: 1 Min <= -18,0: 0 Max Rain: 13,5 on day 2 Days of Rain: 10 (>= 0,2 mm) 6 (>= 2,0 mm) 0 (>= 20,0 mm) Heat Base: 18,3 Cool Base: 18,3 Method: Integration