NOAA-Style Climate Reports
Select a Year or Month report
2024: Gen Feb Mar Apr Mag Giu Lug Ago Set Ott Nov Dic
2023: Gen Feb Mar Apr Mag Giu Lug Ago Set Ott Nov Dic
2022: Gen Feb Mar Apr Mag Giu Lug Ago Set Ott Nov Dic
2021: Gen Feb Mar Apr Mag Giu Lug Ago Set Ott Nov Dic
2020: Gen Feb Mar Apr Mag Giu Lug Ago Set Ott Nov Dic
2019: Gen Feb Mar Apr Mag Giu Lug Ago Set Ott Nov Dic
2018: Gen Feb Mar Apr Mag Giu Lug Ago Set Ott Nov Dic
2017: Gen Feb Mar Apr Mag Giu Lug Ago Set Ott Nov Dic
2016: Gen Feb Mar Apr Mag Giu Lug Ago Set Ott Nov Dic
2015: Gen Feb Mar Apr Mag Giu Lug Ago Set Ott Nov Dic
2014: Gen Feb Mar Apr Mag Giu Lug Ago Set Ott Nov Dic
2013: Gen Feb Mar Apr Mag Giu Lug Ago Set Ott Nov Dic
2024: Gen Feb Mar Apr Mag Giu Lug Ago Set Ott Nov Dic
2023: Gen Feb Mar Apr Mag Giu Lug Ago Set Ott Nov Dic
2022: Gen Feb Mar Apr Mag Giu Lug Ago Set Ott Nov Dic
2021: Gen Feb Mar Apr Mag Giu Lug Ago Set Ott Nov Dic
2020: Gen Feb Mar Apr Mag Giu Lug Ago Set Ott Nov Dic
2019: Gen Feb Mar Apr Mag Giu Lug Ago Set Ott Nov Dic
2018: Gen Feb Mar Apr Mag Giu Lug Ago Set Ott Nov Dic
2017: Gen Feb Mar Apr Mag Giu Lug Ago Set Ott Nov Dic
2016: Gen Feb Mar Apr Mag Giu Lug Ago Set Ott Nov Dic
2015: Gen Feb Mar Apr Mag Giu Lug Ago Set Ott Nov Dic
2014: Gen Feb Mar Apr Mag Giu Lug Ago Set Ott Nov Dic
2013: Gen Feb Mar Apr Mag Giu Lug Ago Set Ott Nov Dic
Report for 2014 Settembre
Monthly Climatological Summary for set 2014 Name: Meteo Arquà City: Arquà Polesine State: Italia Elevation: 0 ft Lat: N 45° 00' 16" Lon: E 011° 44' 26" Temperature (°C), Rain (mm), Wind Speed (km/h) Heat Cool Avg Mean Deg Deg Wind Dom Day Temp High Time Low Time Days Days Rain Speed High Time Dir ---------------------------------------------------------------------------------- 1 17,8 21,5 16:28 14,6 06:51 1,1 0,7 11,7 3,5 37,8 00:00 NNW 2 19,4 27,9 16:40 14,5 03:24 1,1 2,2 0,0 1,8 19,4 21:32 NE 3 18,9 25,7 15:03 15,8 07:35 0,9 1,5 3,0 7,1 22,0 12:07 NW 4 20,3 26,1 17:24 16,6 03:27 0,4 2,4 0,3 2,7 14,8 00:11 NNW 5 22,8 30,0 14:48 18,1 07:08 0,0 4,5 0,0 2,0 13,3 23:47 N 6 22,7 35,0 16:40 15,9 06:45 0,4 4,8 0,0 1,7 13,3 00:13 NW 7 23,3 32,3 16:35 17,2 06:57 0,0 5,0 0,0 1,3 11,2 08:35 NE 8 23,5 34,5 15:01 15,3 05:54 0,6 5,9 0,0 0,8 11,2 15:30 NE 9 23,9 32,5 16:57 17,9 04:23 0,0 5,7 0,9 1,1 25,6 23:47 ESE 10 21,7 31,1 16:09 17,1 06:45 0,2 3,6 17,4 1,5 17,3 00:03 NNW 11 19,9 28,5 15:34 15,0 23:59 0,6 2,1 1,5 2,6 17,3 12:58 NNE 12 17,6 26,3 16:14 13,9 23:57 1,7 1,0 1,8 2,0 25,6 13:02 NNE 13 19,2 32,0 17:27 12,1 07:26 2,2 3,1 0,0 0,7 13,3 14:46 SSE 14 20,8 32,4 16:25 13,7 06:56 1,3 3,9 0,0 0,8 9,7 14:23 SE 15 21,0 32,4 16:47 13,7 06:14 1,2 3,9 0,0 0,6 11,2 13:44 ESE 16 21,2 31,8 16:00 15,2 06:14 0,8 3,7 0,0 0,8 12,2 13:39 NE 17 20,2 28,0 14:26 15,3 07:29 0,8 2,7 0,0 1,5 14,8 14:51 ENE 18 19,6 27,7 17:14 14,0 04:50 1,2 2,5 0,0 0,3 8,6 09:11 ENE 19 20,3 25,9 15:35 16,3 05:15 0,4 2,4 0,0 1,0 14,8 14:59 ENE 20 20,9 25,7 14:03 18,3 08:44 0,0 2,6 11,7 2,1 15,8 08:25 NNW 21 21,1 29,2 17:14 15,9 06:48 0,4 3,1 5,7 ---- 15,8 23:29 WNW 22 21,2 30,5 16:46 15,6 23:50 0,2 3,2 0,3 ---- 22,0 23:04 NW 23 17,6 26,3 16:44 12,0 06:56 2,5 1,9 0,0 ---- 11,2 01:08 E 24 16,7 25,7 16:02 10,1 02:48 3,1 1,5 0,0 ---- 9,7 12:11 NE 25 17,6 27,9 14:50 13,0 06:17 2,3 1,6 0,0 ---- 13,3 16:16 E 26 17,3 26,1 15:14 10,4 06:32 2,8 1,8 0,0 ---- 8,6 14:44 NW 27 18,7 30,6 16:54 10,9 07:35 2,6 3,0 0,0 ---- 8,6 13:49 ESE 28 19,5 30,9 15:49 14,2 04:22 1,6 2,8 0,0 ---- 11,2 14:08 ENE 29 18,9 30,5 15:22 12,2 04:33 2,3 2,9 0,0 ---- 9,7 17:46 SE 30 19,3 30,7 15:44 11,8 07:13 1,9 2,9 0,0 ---- 11,2 15:21 SE ---------------------------------------------------------------------------------- 20,1 35,0 6 10,1 24 34,6 88,9 54,3 1,8 37,8 1 N Max >= 27,0: 21 Max <= 0,0: 0 Min <= 0,0: 0 Min <= -18,0: 0 Max Rain: 17,4 on day 10 Days of Rain: 10 (>= 0,2 mm) 5 (>= 2,0 mm) 0 (>= 20,0 mm) Heat Base: 18,3 Cool Base: 18,3 Method: Integration