NOAA-Style Climate Reports
Select a Year or Month report
2024: Gen Feb Mar Apr Mag Giu Lug Ago Set Ott Nov Dic
2023: Gen Feb Mar Apr Mag Giu Lug Ago Set Ott Nov Dic
2022: Gen Feb Mar Apr Mag Giu Lug Ago Set Ott Nov Dic
2021: Gen Feb Mar Apr Mag Giu Lug Ago Set Ott Nov Dic
2020: Gen Feb Mar Apr Mag Giu Lug Ago Set Ott Nov Dic
2019: Gen Feb Mar Apr Mag Giu Lug Ago Set Ott Nov Dic
2018: Gen Feb Mar Apr Mag Giu Lug Ago Set Ott Nov Dic
2017: Gen Feb Mar Apr Mag Giu Lug Ago Set Ott Nov Dic
2016: Gen Feb Mar Apr Mag Giu Lug Ago Set Ott Nov Dic
2015: Gen Feb Mar Apr Mag Giu Lug Ago Set Ott Nov Dic
2014: Gen Feb Mar Apr Mag Giu Lug Ago Set Ott Nov Dic
2013: Gen Feb Mar Apr Mag Giu Lug Ago Set Ott Nov Dic
2024: Gen Feb Mar Apr Mag Giu Lug Ago Set Ott Nov Dic
2023: Gen Feb Mar Apr Mag Giu Lug Ago Set Ott Nov Dic
2022: Gen Feb Mar Apr Mag Giu Lug Ago Set Ott Nov Dic
2021: Gen Feb Mar Apr Mag Giu Lug Ago Set Ott Nov Dic
2020: Gen Feb Mar Apr Mag Giu Lug Ago Set Ott Nov Dic
2019: Gen Feb Mar Apr Mag Giu Lug Ago Set Ott Nov Dic
2018: Gen Feb Mar Apr Mag Giu Lug Ago Set Ott Nov Dic
2017: Gen Feb Mar Apr Mag Giu Lug Ago Set Ott Nov Dic
2016: Gen Feb Mar Apr Mag Giu Lug Ago Set Ott Nov Dic
2015: Gen Feb Mar Apr Mag Giu Lug Ago Set Ott Nov Dic
2014: Gen Feb Mar Apr Mag Giu Lug Ago Set Ott Nov Dic
2013: Gen Feb Mar Apr Mag Giu Lug Ago Set Ott Nov Dic
Report for 2014 Novembre
Monthly Climatological Summary for nov 2014 Name: Meteo Arquà City: Arquà Polesine State: Italia Elevation: 0 ft Lat: N 45° 00' 16" Lon: E 011° 44' 26" Temperature (°C), Rain (mm), Wind Speed (km/h) Heat Cool Avg Mean Deg Deg Wind Dom Day Temp High Time Low Time Days Days Rain Speed High Time Dir ---------------------------------------------------------------------------------- 1 9,6 18,1 14:05 4,1 06:49 8,7 0,0 0,3 1,6 14,8 12:43 NW 2 10,1 21,1 13:45 4,4 04:10 8,3 0,2 0,0 1,5 15,8 11:36 NW 3 10,1 21,3 13:45 3,4 05:50 8,4 0,1 0,0 0,7 7,2 12:24 ENE 4 15,1 23,1 13:48 8,4 03:08 3,7 0,5 0,0 2,9 15,8 11:47 SE 5 16,9 18,6 09:57 15,8 23:21 1,4 0,0 5,1 3,7 15,8 15:00 SE 6 15,3 17,1 15:36 13,7 06:36 3,0 0,0 3,9 0,7 11,2 01:20 ENE 7 13,6 14,6 00:00 12,4 09:09 4,7 0,0 0,3 4,2 14,8 09:38 NW 8 14,1 15,4 14:42 13,1 02:39 4,2 0,0 1,2 1,5 11,2 02:32 NW 9 14,6 16,3 10:49 12,7 19:32 3,7 0,0 0,0 1,1 9,7 12:14 NE 10 15,0 16,4 13:45 13,9 00:00 3,3 0,0 3,0 1,5 11,2 01:59 NE 11 15,6 19,6 13:58 13,3 04:25 2,8 0,1 0,6 1,3 12,2 02:38 NE 12 15,2 17,6 11:17 13,8 23:49 3,1 0,0 2,4 3,5 20,9 15:43 NE 13 14,3 17,6 12:21 12,7 23:49 4,0 0,0 5,1 3,3 19,4 12:40 NNW 14 12,8 18,2 14:26 8,4 06:58 5,5 0,0 0,3 0,5 8,6 11:31 NNW 15 13,5 16,6 14:17 10,5 00:00 4,8 0,0 4,8 2,5 19,4 18:13 ESE 16 12,9 18,2 11:31 8,8 06:53 5,4 0,0 0,3 1,0 13,3 11:17 S 17 10,3 12,5 13:11 7,2 06:21 8,0 0,0 6,3 1,2 13,3 11:51 NE 18 10,5 14,3 13:32 8,3 06:14 7,8 0,0 1,2 3,6 23,4 03:53 WNW 19 8,6 13,3 14:12 4,5 23:57 9,7 0,0 0,3 3,5 19,4 12:54 NW 20 5,6 9,0 14:37 2,5 22:40 12,7 0,0 0,3 1,3 9,7 11:49 NW 21 6,5 12,4 14:28 1,9 06:54 11,8 0,0 0,0 0,7 6,1 09:17 NW 22 8,2 12,8 14:17 4,9 06:02 10,1 0,0 0,3 0,5 8,6 14:20 NW 23 8,0 12,6 13:21 3,3 06:17 10,3 0,0 0,0 0,4 8,6 13:52 NW 24 7,8 12,9 15:07 4,6 05:58 10,5 0,0 0,3 0,5 7,2 12:48 NW 25 9,2 12,9 13:45 5,7 04:13 9,1 0,0 0,0 0,8 13,3 21:57 NNE 26 8,9 9,9 13:40 7,7 06:02 9,4 0,0 0,0 2,9 15,8 01:18 NNE 27 8,1 9,2 12:43 7,4 03:57 10,2 0,0 0,6 2,1 12,2 16:42 N 28 10,3 12,6 19:06 7,8 00:00 8,0 0,0 0,6 2,3 13,3 14:08 NNE 29 12,2 13,5 15:45 11,0 06:07 6,1 0,0 0,0 2,3 11,2 14:05 NW 30 12,7 13,6 13:16 11,9 07:25 5,6 0,0 2,7 1,3 13,3 15:47 NE ---------------------------------------------------------------------------------- 11,5 23,1 4 1,9 21 204,3 0,9 39,9 1,8 23,4 18 N Max >= 27,0: 0 Max <= 0,0: 0 Min <= 0,0: 0 Min <= -18,0: 0 Max Rain: 6,3 on day 17 Days of Rain: 21 (>= 0,2 mm) 8 (>= 2,0 mm) 0 (>= 20,0 mm) Heat Base: 18,3 Cool Base: 18,3 Method: Integration