NOAA-Style Climate Reports
Select a Year or Month report
2024: Gen Feb Mar Apr Mag Giu Lug Ago Set Ott Nov Dic
2023: Gen Feb Mar Apr Mag Giu Lug Ago Set Ott Nov Dic
2022: Gen Feb Mar Apr Mag Giu Lug Ago Set Ott Nov Dic
2021: Gen Feb Mar Apr Mag Giu Lug Ago Set Ott Nov Dic
2020: Gen Feb Mar Apr Mag Giu Lug Ago Set Ott Nov Dic
2019: Gen Feb Mar Apr Mag Giu Lug Ago Set Ott Nov Dic
2018: Gen Feb Mar Apr Mag Giu Lug Ago Set Ott Nov Dic
2017: Gen Feb Mar Apr Mag Giu Lug Ago Set Ott Nov Dic
2016: Gen Feb Mar Apr Mag Giu Lug Ago Set Ott Nov Dic
2015: Gen Feb Mar Apr Mag Giu Lug Ago Set Ott Nov Dic
2014: Gen Feb Mar Apr Mag Giu Lug Ago Set Ott Nov Dic
2013: Gen Feb Mar Apr Mag Giu Lug Ago Set Ott Nov Dic
2024: Gen Feb Mar Apr Mag Giu Lug Ago Set Ott Nov Dic
2023: Gen Feb Mar Apr Mag Giu Lug Ago Set Ott Nov Dic
2022: Gen Feb Mar Apr Mag Giu Lug Ago Set Ott Nov Dic
2021: Gen Feb Mar Apr Mag Giu Lug Ago Set Ott Nov Dic
2020: Gen Feb Mar Apr Mag Giu Lug Ago Set Ott Nov Dic
2019: Gen Feb Mar Apr Mag Giu Lug Ago Set Ott Nov Dic
2018: Gen Feb Mar Apr Mag Giu Lug Ago Set Ott Nov Dic
2017: Gen Feb Mar Apr Mag Giu Lug Ago Set Ott Nov Dic
2016: Gen Feb Mar Apr Mag Giu Lug Ago Set Ott Nov Dic
2015: Gen Feb Mar Apr Mag Giu Lug Ago Set Ott Nov Dic
2014: Gen Feb Mar Apr Mag Giu Lug Ago Set Ott Nov Dic
2013: Gen Feb Mar Apr Mag Giu Lug Ago Set Ott Nov Dic
Report for 2014 Dicembre
Monthly Climatological Summary for dic 2014 Name: Meteo Arquà City: Arquà Polesine State: Italia Elevation: 0 ft Lat: N 45° 00' 16" Lon: E 011° 44' 26" Temperature (°C), Rain (mm), Wind Speed (km/h) Heat Cool Avg Mean Deg Deg Wind Dom Day Temp High Time Low Time Days Days Rain Speed High Time Dir ---------------------------------------------------------------------------------- 1 13,6 17,1 12:48 10,8 21:14 4,8 0,0 1,8 3,7 18,4 14:48 NE 2 10,5 12,2 12:28 8,7 23:56 7,8 0,0 0,0 2,8 18,4 21:13 NNE 3 8,8 11,0 11:52 7,4 21:32 9,5 0,0 12,6 4,7 22,0 12:11 NNE 4 8,7 10,4 12:26 7,5 00:03 9,6 0,0 2,4 3,9 20,9 02:32 NNW 5 9,6 11,5 13:08 8,0 01:53 8,7 0,0 1,8 3,4 12,2 09:03 NW 6 10,6 13,1 13:18 9,2 23:41 7,7 0,0 0,9 2,3 14,8 20:59 N 7 9,4 11,7 13:26 7,8 22:28 8,9 0,0 1,2 3,0 17,3 03:54 NNW 8 7,8 11,6 14:33 4,6 07:19 10,5 0,0 0,3 2,1 14,8 10:15 NW 9 7,7 11,5 13:02 3,8 23:20 10,6 0,0 1,5 2,4 14,8 10:03 N 10 4,0 9,4 14:33 0,0 07:32 14,3 0,0 0,0 1,7 13,3 13:52 WNW 11 3,2 8,6 14:08 -0,4 07:47 15,1 0,0 0,3 1,1 12,2 12:46 WNW 12 2,7 8,2 15:00 -1,1 07:35 15,6 0,0 0,0 0,8 11,2 10:28 NW 13 5,9 9,5 14:00 1,2 00:37 12,4 0,0 0,3 1,5 9,7 11:19 NW 14 6,4 8,4 12:48 4,3 05:43 12,1 0,0 0,0 1,2 7,2 00:01 NW 15 7,3 9,3 14:04 5,5 03:44 11,0 0,0 0,0 ---- 8,6 11:30 WNW 16 9,3 10,6 13:04 7,8 04:32 9,0 0,0 1,2 ---- 18,4 11:21 N 17 8,4 10,0 13:21 6,7 07:44 9,9 0,0 0,0 ---- 14,8 11:20 NW 18 6,8 8,3 12:39 5,5 22:18 11,5 0,0 0,3 ---- 13,3 02:55 WNW 19 5,7 6,5 13:51 4,6 07:46 12,6 0,0 0,0 ---- 12,2 08:13 WNW 20 7,1 9,3 14:39 5,3 01:40 11,2 0,0 0,0 ---- 12,2 10:42 WNW 21 7,3 8,7 13:03 6,3 22:16 11,0 0,0 0,0 ---- 14,8 01:21 WNW 22 5,0 6,4 00:00 3,8 23:56 13,3 0,0 0,0 ---- 15,8 07:13 WNW 23 3,8 4,6 14:06 3,0 01:10 14,3 0,0 0,0 ---- 12,2 03:39 WNW 24 4,8 6,4 14:23 3,3 06:28 13,5 0,0 0,0 ---- 11,2 15:05 WNW 25 5,7 7,7 12:39 4,3 23:56 12,6 0,0 0,0 ---- 11,2 09:11 NW 26 3,5 5,6 14:50 1,9 05:49 14,8 0,0 0,0 ---- 17,3 14:17 WNW 27 1,9 3,9 14:24 0,8 19:21 16,4 0,0 8,4 ---- 25,6 23:08 N 28 1,3 2,5 12:20 0,2 07:32 17,0 0,0 0,3 ---- 28,1 12:14 NW 29 0,9 6,1 14:33 -2,2 06:21 17,4 0,0 0,0 ---- 17,3 11:24 NW 30 0,4 4,3 14:10 -2,8 08:24 17,9 0,0 0,0 ---- 11,2 02:44 N 31 -0,5 2,0 14:16 -3,5 23:59 18,8 0,0 0,0 ---- 20,9 17:43 NNW ---------------------------------------------------------------------------------- 6,1 17,1 1 -3,5 31 379,8 0,0 33,3 2,5 28,1 28 NNW Max >= 27,0: 0 Max <= 0,0: 0 Min <= 0,0: 6 Min <= -18,0: 0 Max Rain: 12,6 on day 3 Days of Rain: 14 (>= 0,2 mm) 3 (>= 2,0 mm) 0 (>= 20,0 mm) Heat Base: 18,3 Cool Base: 18,3 Method: Integration