NOAA-Style Climate Reports
Select a Year or Month report
2024: Gen Feb Mar Apr Mag Giu Lug Ago Set Ott Nov Dic
2023: Gen Feb Mar Apr Mag Giu Lug Ago Set Ott Nov Dic
2022: Gen Feb Mar Apr Mag Giu Lug Ago Set Ott Nov Dic
2021: Gen Feb Mar Apr Mag Giu Lug Ago Set Ott Nov Dic
2020: Gen Feb Mar Apr Mag Giu Lug Ago Set Ott Nov Dic
2019: Gen Feb Mar Apr Mag Giu Lug Ago Set Ott Nov Dic
2018: Gen Feb Mar Apr Mag Giu Lug Ago Set Ott Nov Dic
2017: Gen Feb Mar Apr Mag Giu Lug Ago Set Ott Nov Dic
2016: Gen Feb Mar Apr Mag Giu Lug Ago Set Ott Nov Dic
2015: Gen Feb Mar Apr Mag Giu Lug Ago Set Ott Nov Dic
2014: Gen Feb Mar Apr Mag Giu Lug Ago Set Ott Nov Dic
2013: Gen Feb Mar Apr Mag Giu Lug Ago Set Ott Nov Dic
2024: Gen Feb Mar Apr Mag Giu Lug Ago Set Ott Nov Dic
2023: Gen Feb Mar Apr Mag Giu Lug Ago Set Ott Nov Dic
2022: Gen Feb Mar Apr Mag Giu Lug Ago Set Ott Nov Dic
2021: Gen Feb Mar Apr Mag Giu Lug Ago Set Ott Nov Dic
2020: Gen Feb Mar Apr Mag Giu Lug Ago Set Ott Nov Dic
2019: Gen Feb Mar Apr Mag Giu Lug Ago Set Ott Nov Dic
2018: Gen Feb Mar Apr Mag Giu Lug Ago Set Ott Nov Dic
2017: Gen Feb Mar Apr Mag Giu Lug Ago Set Ott Nov Dic
2016: Gen Feb Mar Apr Mag Giu Lug Ago Set Ott Nov Dic
2015: Gen Feb Mar Apr Mag Giu Lug Ago Set Ott Nov Dic
2014: Gen Feb Mar Apr Mag Giu Lug Ago Set Ott Nov Dic
2013: Gen Feb Mar Apr Mag Giu Lug Ago Set Ott Nov Dic
Report for 2015 Febbraio
Monthly Climatological Summary for feb 2015 Name: Meteo Arquà City: Arquà Polesine State: Italia Elevation: 0 ft Lat: N 45° 00' 16" Lon: E 011° 44' 26" Temperature (°C), Rain (mm), Wind Speed (km/h) Heat Cool Avg Mean Deg Deg Wind Dom Day Temp High Time Low Time Days Days Rain Speed High Time Dir ---------------------------------------------------------------------------------- 1 3,8 9,3 14:12 -0,9 23:58 14,5 0,0 4,5 6,1 24,5 14:39 NW 2 1,2 7,2 13:33 -3,0 07:32 17,2 0,0 0,0 0,6 11,2 13:55 WNW 3 3,7 8,3 14:21 -1,4 00:34 14,6 0,0 0,0 2,5 17,3 19:25 NE 4 6,0 9,1 14:41 3,7 07:28 12,3 0,0 0,0 3,6 20,9 05:20 NNE 5 3,5 6,0 00:00 2,0 22:34 14,8 0,0 14,7 10,9 41,8 09:11 NNE 6 5,0 6,7 09:02 2,3 00:30 13,2 0,0 12,6 10,6 42,8 03:40 NE 7 4,4 8,6 14:25 0,1 23:41 13,9 0,0 0,0 3,7 19,4 00:56 N 8 1,1 4,4 21:33 -1,0 07:05 17,1 0,0 0,0 3,0 15,8 10:23 WNW 9 1,6 9,5 14:34 -2,8 07:16 16,5 0,0 0,3 1,5 18,4 13:42 W 10 2,3 14,3 14:21 -3,2 06:24 16,0 0,0 0,0 0,6 11,2 12:15 WNW 11 3,4 11,6 14:45 -1,3 06:19 14,9 0,0 0,0 1,4 14,8 12:30 WNW 12 4,5 11,7 13:50 -1,3 06:06 13,8 0,0 0,0 0,6 9,7 15:55 ENE 13 6,9 12,6 14:26 4,3 07:07 11,4 0,0 0,0 1,8 12,2 18:14 NNE 14 7,6 12,7 13:06 5,4 01:22 10,7 0,0 0,0 3,0 15,8 22:46 NE 15 8,0 11,9 12:00 2,8 07:03 10,3 0,0 0,0 2,6 17,3 00:32 ENE 16 9,4 16,1 14:34 6,9 03:58 8,9 0,0 1,5 3,2 19,4 09:22 NE 17 8,5 15,9 14:45 5,0 06:37 9,8 0,0 0,0 2,9 20,9 22:04 NNE 18 5,4 14,9 15:05 -0,8 23:53 12,9 0,0 0,0 2,4 23,4 12:41 NNE 19 3,5 15,3 16:34 -2,8 07:21 14,8 0,0 0,0 1,4 13,3 12:23 WNW 20 3,8 14,8 14:50 -2,8 05:14 14,5 0,0 0,0 0,9 12,2 13:41 WNW 21 6,2 12,8 14:16 0,6 04:35 12,1 0,0 0,0 2,4 20,9 15:38 NE 22 8,1 10,1 16:37 6,6 06:49 10,3 0,0 8,7 6,2 24,5 08:06 N 23 9,0 18,4 14:25 4,8 05:02 9,3 0,0 0,0 3,2 17,3 07:19 NW 24 9,2 12,1 12:32 6,6 06:42 9,1 0,0 0,0 2,8 20,9 17:05 ENE 25 8,5 12,9 13:45 6,8 04:20 9,8 0,0 0,9 7,3 29,5 15:30 NW 26 9,2 14,7 14:21 6,6 23:33 9,1 0,0 0,0 1,3 12,2 11:54 NNE 27 7,7 17,1 14:17 1,7 07:20 10,6 0,0 0,0 1,5 14,8 16:59 NW 28 8,5 20,1 15:34 2,5 06:22 9,9 0,1 0,0 1,1 12,2 09:49 N ---------------------------------------------------------------------------------- 5,7 20,1 28 -3,2 10 352,3 0,1 43,2 3,1 42,8 6 N Max >= 27,0: 0 Max <= 0,0: 0 Min <= 0,0: 11 Min <= -18,0: 0 Max Rain: 14,7 on day 5 Days of Rain: 7 (>= 0,2 mm) 4 (>= 2,0 mm) 0 (>= 20,0 mm) Heat Base: 18,3 Cool Base: 18,3 Method: Integration