NOAA-Style Climate Reports
Select a Year or Month report
2024: Gen Feb Mar Apr Mag Giu Lug Ago Set Ott Nov Dic
2023: Gen Feb Mar Apr Mag Giu Lug Ago Set Ott Nov Dic
2022: Gen Feb Mar Apr Mag Giu Lug Ago Set Ott Nov Dic
2021: Gen Feb Mar Apr Mag Giu Lug Ago Set Ott Nov Dic
2020: Gen Feb Mar Apr Mag Giu Lug Ago Set Ott Nov Dic
2019: Gen Feb Mar Apr Mag Giu Lug Ago Set Ott Nov Dic
2018: Gen Feb Mar Apr Mag Giu Lug Ago Set Ott Nov Dic
2017: Gen Feb Mar Apr Mag Giu Lug Ago Set Ott Nov Dic
2016: Gen Feb Mar Apr Mag Giu Lug Ago Set Ott Nov Dic
2015: Gen Feb Mar Apr Mag Giu Lug Ago Set Ott Nov Dic
2014: Gen Feb Mar Apr Mag Giu Lug Ago Set Ott Nov Dic
2013: Gen Feb Mar Apr Mag Giu Lug Ago Set Ott Nov Dic
2024: Gen Feb Mar Apr Mag Giu Lug Ago Set Ott Nov Dic
2023: Gen Feb Mar Apr Mag Giu Lug Ago Set Ott Nov Dic
2022: Gen Feb Mar Apr Mag Giu Lug Ago Set Ott Nov Dic
2021: Gen Feb Mar Apr Mag Giu Lug Ago Set Ott Nov Dic
2020: Gen Feb Mar Apr Mag Giu Lug Ago Set Ott Nov Dic
2019: Gen Feb Mar Apr Mag Giu Lug Ago Set Ott Nov Dic
2018: Gen Feb Mar Apr Mag Giu Lug Ago Set Ott Nov Dic
2017: Gen Feb Mar Apr Mag Giu Lug Ago Set Ott Nov Dic
2016: Gen Feb Mar Apr Mag Giu Lug Ago Set Ott Nov Dic
2015: Gen Feb Mar Apr Mag Giu Lug Ago Set Ott Nov Dic
2014: Gen Feb Mar Apr Mag Giu Lug Ago Set Ott Nov Dic
2013: Gen Feb Mar Apr Mag Giu Lug Ago Set Ott Nov Dic
Report for 2015 Maggio
Monthly Climatological Summary for mag 2015 Name: Meteo Arquà City: Arquà Polesine State: Italia Elevation: 0 ft Lat: N 45° 00' 16" Lon: E 011° 44' 26" Temperature (°C), Rain (mm), Wind Speed (km/h) Heat Cool Avg Mean Deg Deg Wind Dom Day Temp High Time Low Time Days Days Rain Speed High Time Dir ---------------------------------------------------------------------------------- 1 15,0 20,4 14:01 9,1 05:42 3,6 0,3 0,0 1,0 9,7 18:04 ENE 2 18,0 26,6 16:16 13,1 05:18 1,8 1,5 0,3 3,1 18,4 10:06 NW 3 19,2 25,1 15:52 15,2 05:28 0,9 1,9 0,0 1,6 12,2 09:02 NE 4 19,5 26,6 15:11 15,7 05:17 0,8 2,1 0,0 1,7 14,8 13:31 ENE 5 20,2 28,5 16:25 14,9 06:07 1,0 2,8 0,0 2,0 17,3 13:50 NE 6 21,2 29,5 16:48 16,0 06:36 0,7 3,6 0,0 1,2 9,7 11:02 SE 7 21,7 31,4 15:40 15,0 03:06 0,8 4,1 0,0 1,7 12,2 11:45 E 8 22,4 33,1 16:15 13,7 06:02 0,9 4,9 0,0 1,5 19,4 22:04 SE 9 22,0 30,7 16:08 14,0 05:36 0,8 4,5 0,0 4,0 22,0 13:25 NW 10 23,2 31,9 16:53 14,0 06:04 0,5 5,5 0,0 1,9 15,8 14:02 S 11 22,8 32,7 16:54 15,0 03:41 0,7 5,2 0,0 1,9 12,2 13:36 SE 12 22,4 30,9 14:14 15,8 04:44 0,6 4,7 0,0 1,6 14,8 13:23 SE 13 22,8 34,1 16:50 14,7 06:12 0,8 5,3 0,0 1,2 17,3 15:46 NW 14 22,9 33,5 16:04 14,9 06:08 0,5 5,1 0,0 1,7 15,8 19:29 ESE 15 19,2 22,4 13:09 16,9 21:08 0,2 1,1 3,0 3,3 23,4 18:40 NE 16 21,1 30,9 16:18 16,5 23:28 0,3 3,1 0,0 2,4 19,4 12:58 NE 17 22,7 32,7 15:40 14,5 05:50 0,8 5,2 0,0 1,9 18,4 10:04 NE 18 23,6 34,8 17:15 15,3 03:01 0,5 5,8 0,0 1,6 13,3 10:55 ENE 19 23,6 33,1 15:46 16,5 01:41 0,4 5,6 0,0 1,8 19,4 14:05 ESE 20 19,9 26,3 14:59 15,2 23:57 0,3 2,0 2,4 2,2 18,4 15:39 S 21 15,7 24,1 14:18 10,7 05:31 3,3 0,7 9,3 5,4 29,5 16:59 NW 22 14,1 16,2 13:30 12,0 03:35 4,2 0,0 6,3 9,1 28,1 15:50 NW 23 14,9 16,6 15:45 13,3 05:21 3,4 0,0 3,9 3,4 15,8 04:49 NNW 24 18,9 27,3 18:43 12,3 04:20 2,2 2,8 0,0 2,5 19,4 10:56 N 25 19,8 30,4 17:55 11,2 05:43 1,9 3,4 0,0 2,3 17,3 11:17 WNW 26 18,4 25,1 13:57 15,0 05:20 1,1 1,2 2,4 2,2 17,3 18:34 NNW 27 18,3 26,2 15:21 13,9 03:50 1,7 1,7 7,5 2,8 18,4 01:34 NNW 28 18,8 26,9 16:29 10,9 05:39 2,3 2,8 0,0 1,9 14,8 13:18 SSE 29 20,2 29,1 16:19 11,6 05:02 2,0 3,9 0,0 1,6 11,2 17:35 SE 30 21,9 31,2 17:47 13,1 04:55 1,1 4,8 0,0 1,6 12,2 10:19 SSW 31 22,4 30,3 16:37 16,0 05:18 0,4 4,5 0,0 2,3 15,8 15:10 E ---------------------------------------------------------------------------------- 20,2 34,8 18 9,1 1 40,5 100,1 35,1 2,4 29,5 21 N Max >= 27,0: 19 Max <= 0,0: 0 Min <= 0,0: 0 Min <= -18,0: 0 Max Rain: 9,3 on day 21 Days of Rain: 8 (>= 0,2 mm) 7 (>= 2,0 mm) 0 (>= 20,0 mm) Heat Base: 18,3 Cool Base: 18,3 Method: Integration