NOAA-Style Climate Reports
Select a Year or Month report
2024: Gen Feb Mar Apr Mag Giu Lug Ago Set Ott Nov Dic
2023: Gen Feb Mar Apr Mag Giu Lug Ago Set Ott Nov Dic
2022: Gen Feb Mar Apr Mag Giu Lug Ago Set Ott Nov Dic
2021: Gen Feb Mar Apr Mag Giu Lug Ago Set Ott Nov Dic
2020: Gen Feb Mar Apr Mag Giu Lug Ago Set Ott Nov Dic
2019: Gen Feb Mar Apr Mag Giu Lug Ago Set Ott Nov Dic
2018: Gen Feb Mar Apr Mag Giu Lug Ago Set Ott Nov Dic
2017: Gen Feb Mar Apr Mag Giu Lug Ago Set Ott Nov Dic
2016: Gen Feb Mar Apr Mag Giu Lug Ago Set Ott Nov Dic
2015: Gen Feb Mar Apr Mag Giu Lug Ago Set Ott Nov Dic
2014: Gen Feb Mar Apr Mag Giu Lug Ago Set Ott Nov Dic
2013: Gen Feb Mar Apr Mag Giu Lug Ago Set Ott Nov Dic
2024: Gen Feb Mar Apr Mag Giu Lug Ago Set Ott Nov Dic
2023: Gen Feb Mar Apr Mag Giu Lug Ago Set Ott Nov Dic
2022: Gen Feb Mar Apr Mag Giu Lug Ago Set Ott Nov Dic
2021: Gen Feb Mar Apr Mag Giu Lug Ago Set Ott Nov Dic
2020: Gen Feb Mar Apr Mag Giu Lug Ago Set Ott Nov Dic
2019: Gen Feb Mar Apr Mag Giu Lug Ago Set Ott Nov Dic
2018: Gen Feb Mar Apr Mag Giu Lug Ago Set Ott Nov Dic
2017: Gen Feb Mar Apr Mag Giu Lug Ago Set Ott Nov Dic
2016: Gen Feb Mar Apr Mag Giu Lug Ago Set Ott Nov Dic
2015: Gen Feb Mar Apr Mag Giu Lug Ago Set Ott Nov Dic
2014: Gen Feb Mar Apr Mag Giu Lug Ago Set Ott Nov Dic
2013: Gen Feb Mar Apr Mag Giu Lug Ago Set Ott Nov Dic
Report for 2015 Giugnio
Monthly Climatological Summary for giu 2015 Name: Meteo Arquà City: Arquà Polesine State: Italia Elevation: 0 ft Lat: N 45° 00' 16" Lon: E 011° 44' 26" Temperature (°C), Rain (mm), Wind Speed (km/h) Heat Cool Avg Mean Deg Deg Wind Dom Day Temp High Time Low Time Days Days Rain Speed High Time Dir ---------------------------------------------------------------------------------- 1 23,3 33,4 16:22 14,4 05:32 0,7 5,7 0,0 1,2 11,2 12:37 SE 2 25,3 35,0 15:29 16,8 05:00 0,1 7,1 0,0 1,2 12,2 16:29 SW 3 26,3 37,8 19:11 16,3 05:05 0,2 8,2 0,0 1,0 13,3 13:25 WNW 4 28,0 39,9 19:01 18,8 05:47 0,0 9,7 0,0 1,0 13,3 12:27 NE 5 28,2 37,4 16:04 19,6 03:47 0,0 9,7 0,0 1,2 12,2 14:45 SE 6 28,5 38,1 17:02 19,8 05:02 0,0 10,4 0,0 0,4 7,2 15:32 SE 7 28,1 37,9 17:58 18,8 04:05 0,0 9,8 0,0 1,5 14,8 10:30 NE 8 27,2 34,8 15:30 20,0 05:35 0,0 8,9 0,0 1,6 17,3 13:49 NNE 9 25,3 36,0 14:39 17,2 06:12 0,1 7,2 0,0 1,2 13,3 17:15 NNW 10 26,2 36,8 18:07 17,8 02:26 0,0 7,9 0,0 1,9 17,3 20:15 NE 11 25,9 36,8 16:13 16,6 04:57 0,1 7,7 0,0 1,4 9,7 10:01 S 12 26,5 35,6 15:45 17,7 05:48 0,0 8,2 0,0 1,5 15,8 17:13 SSE 13 27,3 37,4 15:47 19,1 05:42 0,0 8,9 0,0 1,4 11,2 12:23 ESE 14 22,4 29,8 11:59 17,6 23:58 0,0 4,2 13,5 2,8 30,6 14:33 NNE 15 22,6 32,2 17:32 15,6 04:50 0,5 4,8 8,1 1,2 25,6 19:02 WNW 16 21,4 32,1 16:22 16,2 05:47 0,4 3,5 13,8 3,6 20,9 17:56 NW 17 21,4 31,2 17:10 16,8 05:23 0,2 3,3 2,7 2,0 18,4 10:50 NNE 18 22,9 31,6 18:06 16,2 03:44 0,3 4,9 0,0 0,8 9,7 16:31 SSE 19 22,2 30,3 15:31 16,2 04:26 0,3 4,2 3,3 1,5 22,0 20:19 E 20 20,6 26,5 17:34 16,3 03:40 0,5 2,8 3,6 2,1 17,3 12:18 NE 21 21,1 29,3 16:30 14,0 03:47 1,1 3,9 0,0 2,3 14,8 15:00 SSE 22 22,1 29,4 15:21 14,3 05:03 0,9 4,6 0,0 1,4 13,3 10:22 E 23 23,0 33,4 16:53 16,6 05:58 0,3 5,0 5,1 3,4 22,0 20:33 NNW 24 21,5 31,9 18:30 13,6 06:12 1,3 4,4 9,6 2,4 24,5 00:51 NE 25 21,9 32,0 18:04 11,9 05:42 1,5 5,1 0,0 0,0 6,1 13:04 SE 26 24,4 37,0 19:23 14,2 05:34 0,8 7,0 0,0 ---- 12,2 14:30 WSW 27 24,9 35,2 16:15 15,6 04:56 0,3 6,9 0,3 ---- 9,7 12:37 SE 28 25,5 35,9 16:26 15,9 05:24 0,3 7,4 0,3 ---- 11,2 17:13 SE 29 26,1 34,3 17:52 18,8 02:46 0,0 7,8 0,0 ---- 11,2 14:18 ESE 30 26,7 36,0 17:30 17,5 05:03 0,0 8,6 0,0 ---- 12,2 15:46 ESE ---------------------------------------------------------------------------------- 24,6 39,9 4 11,9 25 9,9 197,8 60,3 1,7 30,6 14 NE Max >= 27,0: 29 Max <= 0,0: 0 Min <= 0,0: 0 Min <= -18,0: 0 Max Rain: 13,8 on day 16 Days of Rain: 10 (>= 0,2 mm) 8 (>= 2,0 mm) 0 (>= 20,0 mm) Heat Base: 18,3 Cool Base: 18,3 Method: Integration