NOAA-Style Climate Reports
Select a Year or Month report
2024: Gen Feb Mar Apr Mag Giu Lug Ago Set Ott Nov Dic
2023: Gen Feb Mar Apr Mag Giu Lug Ago Set Ott Nov Dic
2022: Gen Feb Mar Apr Mag Giu Lug Ago Set Ott Nov Dic
2021: Gen Feb Mar Apr Mag Giu Lug Ago Set Ott Nov Dic
2020: Gen Feb Mar Apr Mag Giu Lug Ago Set Ott Nov Dic
2019: Gen Feb Mar Apr Mag Giu Lug Ago Set Ott Nov Dic
2018: Gen Feb Mar Apr Mag Giu Lug Ago Set Ott Nov Dic
2017: Gen Feb Mar Apr Mag Giu Lug Ago Set Ott Nov Dic
2016: Gen Feb Mar Apr Mag Giu Lug Ago Set Ott Nov Dic
2015: Gen Feb Mar Apr Mag Giu Lug Ago Set Ott Nov Dic
2014: Gen Feb Mar Apr Mag Giu Lug Ago Set Ott Nov Dic
2013: Gen Feb Mar Apr Mag Giu Lug Ago Set Ott Nov Dic
2024: Gen Feb Mar Apr Mag Giu Lug Ago Set Ott Nov Dic
2023: Gen Feb Mar Apr Mag Giu Lug Ago Set Ott Nov Dic
2022: Gen Feb Mar Apr Mag Giu Lug Ago Set Ott Nov Dic
2021: Gen Feb Mar Apr Mag Giu Lug Ago Set Ott Nov Dic
2020: Gen Feb Mar Apr Mag Giu Lug Ago Set Ott Nov Dic
2019: Gen Feb Mar Apr Mag Giu Lug Ago Set Ott Nov Dic
2018: Gen Feb Mar Apr Mag Giu Lug Ago Set Ott Nov Dic
2017: Gen Feb Mar Apr Mag Giu Lug Ago Set Ott Nov Dic
2016: Gen Feb Mar Apr Mag Giu Lug Ago Set Ott Nov Dic
2015: Gen Feb Mar Apr Mag Giu Lug Ago Set Ott Nov Dic
2014: Gen Feb Mar Apr Mag Giu Lug Ago Set Ott Nov Dic
2013: Gen Feb Mar Apr Mag Giu Lug Ago Set Ott Nov Dic
Report for 2015 Luglio
Monthly Climatological Summary for lug 2015 Name: Meteo Arquà City: Arquà Polesine State: Italia Elevation: 0 ft Lat: N 45° 00' 16" Lon: E 011° 44' 26" Temperature (°C), Rain (mm), Wind Speed (km/h) Heat Cool Avg Mean Deg Deg Wind Dom Day Temp High Time Low Time Days Days Rain Speed High Time Dir ---------------------------------------------------------------------------------- 1 26,8 35,6 18:05 16,2 05:28 0,2 8,7 0,0 0,7 13,3 13:31 ESE 2 27,8 37,3 15:27 17,6 05:34 0,0 9,5 0,0 0,9 11,2 18:51 SE 3 28,0 40,2 16:34 18,9 05:45 0,0 9,7 3,0 0,7 13,3 18:17 NE 4 29,2 40,2 17:47 18,9 05:39 0,0 10,9 0,0 1,0 9,7 15:02 E 5 30,0 39,6 17:02 20,9 05:26 0,0 11,8 0,0 1,0 11,2 13:30 ESE 6 30,8 40,5 16:12 21,9 04:11 0,0 12,5 0,0 0,9 11,2 17:39 ESE 7 31,6 41,4 16:43 23,1 05:20 0,0 13,3 0,0 1,2 9,7 17:37 ESE 8 31,5 36,1 13:17 23,7 06:00 0,0 13,2 0,0 1,9 13,3 13:37 W 9 29,8 35,8 00:00 19,5 06:05 0,0 11,7 0,0 3,4 20,9 10:34 NE 10 26,1 35,3 18:05 18,3 05:49 0,0 7,8 0,0 2,1 18,4 09:25 NE 11 26,5 37,5 17:05 16,3 05:29 0,2 8,5 0,0 1,0 11,2 13:57 SSE 12 28,7 40,2 17:18 18,9 04:02 0,0 10,4 0,9 0,8 9,7 14:59 SE 13 28,6 37,3 16:55 20,3 05:57 0,0 10,3 0,0 0,7 18,4 15:37 E 14 29,0 38,4 16:55 21,1 05:51 0,0 10,7 0,0 1,4 11,2 13:30 ESE 15 29,5 37,6 15:14 21,2 05:34 0,0 11,2 0,0 1,2 11,2 14:03 SE 16 31,2 41,4 17:19 23,4 04:07 0,0 13,0 0,0 1,1 12,2 16:28 E 17 31,3 41,9 17:07 23,7 05:01 0,0 13,0 0,0 1,5 13,3 13:00 NW 18 31,3 44,1 19:19 22,6 06:05 0,0 13,0 0,0 1,3 12,2 09:30 NW 19 31,8 41,6 18:45 23,3 06:02 0,0 13,5 0,0 0,8 17,3 17:25 NE 20 30,7 42,2 18:15 20,3 05:52 0,0 12,3 0,3 1,1 11,2 11:11 SW 21 31,9 43,6 17:50 21,8 06:04 0,0 13,6 0,0 0,7 9,7 12:56 E 22 32,3 44,0 18:21 23,8 03:21 0,0 14,0 0,0 0,8 12,2 21:46 SE 23 31,5 44,4 17:58 22,5 05:16 0,0 13,2 0,0 1,1 11,2 08:33 WNW 24 30,3 40,3 16:58 21,3 06:20 0,0 12,0 0,0 2,3 19,4 01:06 NE 25 28,1 36,9 17:36 21,1 05:11 0,0 9,7 0,0 1,7 14,8 11:26 WSW 26 26,3 33,5 17:36 21,3 06:06 0,0 8,0 0,0 3,3 23,4 13:01 NE 27 28,0 39,2 17:56 20,7 06:39 0,0 9,7 0,0 2,5 13,3 06:33 N 28 28,0 37,0 18:56 20,8 06:18 0,0 9,7 0,0 2,0 13,3 07:39 NNW 29 27,0 39,4 17:31 16,9 05:39 0,1 8,8 0,0 2,5 40,3 21:40 NNW 30 24,7 30,9 14:17 20,5 04:41 0,0 6,4 0,3 4,4 22,0 16:51 NE 31 23,3 32,0 18:07 16,8 03:09 0,1 5,2 26,1 4,0 27,0 10:17 NE ---------------------------------------------------------------------------------- 29,1 44,4 23 16,2 1 0,6 335,3 30,6 1,6 40,3 29 NE Max >= 27,0: 31 Max <= 0,0: 0 Min <= 0,0: 0 Min <= -18,0: 0 Max Rain: 26,1 on day 31 Days of Rain: 5 (>= 0,2 mm) 2 (>= 2,0 mm) 1 (>= 20,0 mm) Heat Base: 18,3 Cool Base: 18,3 Method: Integration