NOAA-Style Climate Reports
Select a Year or Month report
2024: Gen Feb Mar Apr Mag Giu Lug Ago Set Ott Nov Dic
2023: Gen Feb Mar Apr Mag Giu Lug Ago Set Ott Nov Dic
2022: Gen Feb Mar Apr Mag Giu Lug Ago Set Ott Nov Dic
2021: Gen Feb Mar Apr Mag Giu Lug Ago Set Ott Nov Dic
2020: Gen Feb Mar Apr Mag Giu Lug Ago Set Ott Nov Dic
2019: Gen Feb Mar Apr Mag Giu Lug Ago Set Ott Nov Dic
2018: Gen Feb Mar Apr Mag Giu Lug Ago Set Ott Nov Dic
2017: Gen Feb Mar Apr Mag Giu Lug Ago Set Ott Nov Dic
2016: Gen Feb Mar Apr Mag Giu Lug Ago Set Ott Nov Dic
2015: Gen Feb Mar Apr Mag Giu Lug Ago Set Ott Nov Dic
2014: Gen Feb Mar Apr Mag Giu Lug Ago Set Ott Nov Dic
2013: Gen Feb Mar Apr Mag Giu Lug Ago Set Ott Nov Dic
2024: Gen Feb Mar Apr Mag Giu Lug Ago Set Ott Nov Dic
2023: Gen Feb Mar Apr Mag Giu Lug Ago Set Ott Nov Dic
2022: Gen Feb Mar Apr Mag Giu Lug Ago Set Ott Nov Dic
2021: Gen Feb Mar Apr Mag Giu Lug Ago Set Ott Nov Dic
2020: Gen Feb Mar Apr Mag Giu Lug Ago Set Ott Nov Dic
2019: Gen Feb Mar Apr Mag Giu Lug Ago Set Ott Nov Dic
2018: Gen Feb Mar Apr Mag Giu Lug Ago Set Ott Nov Dic
2017: Gen Feb Mar Apr Mag Giu Lug Ago Set Ott Nov Dic
2016: Gen Feb Mar Apr Mag Giu Lug Ago Set Ott Nov Dic
2015: Gen Feb Mar Apr Mag Giu Lug Ago Set Ott Nov Dic
2014: Gen Feb Mar Apr Mag Giu Lug Ago Set Ott Nov Dic
2013: Gen Feb Mar Apr Mag Giu Lug Ago Set Ott Nov Dic
Report for 2016 Gennaio
Monthly Climatological Summary for gen 2016 Name: Meteo Arquà City: Arquà Polesine State: Italia Elevation: 0 ft Lat: N 45° 00' 16" Lon: E 011° 44' 26" Temperature (°C), Rain (mm), Wind Speed (km/h) Heat Cool Avg Mean Deg Deg Wind Dom Day Temp High Time Low Time Days Days Rain Speed High Time Dir ---------------------------------------------------------------------------------- 1 1,4 7,3 14:03 -2,0 08:44 16,9 0,0 0,0 0,4 9,7 23:36 N 2 1,3 4,5 23:56 -1,6 02:44 17,0 0,0 6,0 1,4 15,8 19:49 N 3 3,9 7,3 15:07 1,0 23:02 14,4 0,0 13,8 4,9 25,6 02:32 N 4 2,6 3,8 13:56 1,0 06:20 15,7 0,0 5,7 4,3 20,9 21:47 N 5 3,2 4,9 15:00 0,8 02:18 15,1 0,0 1,5 1,3 12,2 18:04 N 6 3,6 5,9 14:30 1,9 01:40 14,7 0,0 0,3 3,2 19,4 22:59 N 7 3,2 6,1 14:20 -0,3 07:37 15,1 0,0 0,0 0,2 8,6 00:00 N 8 5,2 8,7 13:53 1,5 01:51 12,3 0,0 0,3 0,6 9,7 10:47 N 9 6,4 6,9 13:46 5,6 07:42 9,6 0,0 2,4 1,3 12,2 23:19 N 10 6,4 7,3 14:44 5,4 08:02 11,9 0,0 0,0 2,4 17,3 00:49 N 11 11,1 19,6 14:42 6,5 01:36 7,3 0,0 0,3 3,1 24,5 14:18 N 12 9,4 14,9 14:47 5,2 22:15 8,9 0,0 0,0 6,5 33,1 15:11 N 13 6,8 12,8 14:15 3,0 07:03 11,5 0,0 0,0 6,0 34,2 13:42 N 14 5,4 7,4 14:58 1,4 05:11 12,9 0,0 3,9 0,6 13,3 23:59 N 15 5,3 9,2 14:49 1,8 23:59 13,0 0,0 0,0 6,1 25,6 10:41 N 16 4,8 11,1 12:52 0,3 07:31 13,5 0,0 0,3 0,8 12,2 12:23 N 17 3,1 9,1 12:55 -3,3 08:00 15,2 0,0 0,0 3,1 20,9 13:45 N 18 1,1 6,8 13:46 -4,0 05:55 17,2 0,0 0,0 0,7 13,3 14:00 N 19 -1,6 4,7 18:59 -39,9 02:23 19,8 0,0 0,6 0,0 6,1 05:56 N 20 2,2 7,1 13:50 -1,4 03:33 16,1 0,0 0,0 0,5 8,6 12:10 N 21 0,1 5,5 14:13 -4,1 07:19 18,2 0,0 0,0 0,3 8,6 11:26 N 22 1,5 5,8 15:18 -2,2 23:10 16,8 0,0 0,0 1,9 13,3 12:48 N 23 0,4 6,3 15:06 -2,8 00:13 17,9 0,0 0,0 1,3 13,3 11:41 N 24 1,0 8,8 14:54 -5,1 07:58 17,2 0,0 0,0 0,5 9,7 10:36 N 25 3,8 11,4 15:18 -1,5 07:12 14,5 0,0 0,0 0,9 12,2 14:57 N 26 5,1 12,7 14:21 -0,5 08:16 13,2 0,0 0,3 1,3 14,8 11:42 N 27 6,6 13,5 14:17 0,1 08:02 11,7 0,0 0,0 0,3 9,7 15:14 N 28 9,7 12,1 15:01 8,0 07:27 8,6 0,0 0,0 0,1 6,1 14:30 N 29 10,0 14,8 14:58 7,6 05:34 8,3 0,0 0,0 0,2 6,1 13:01 N 30 10,5 13,1 14:34 8,7 00:00 7,7 0,0 0,0 0,1 6,1 21:00 N 31 8,8 10,8 15:12 5,8 20:55 9,4 0,0 0,3 1,4 11,2 12:49 N ---------------------------------------------------------------------------------- 4,6 19,6 11 -39,9 19 421,6 0,0 35,7 1,8 34,2 13 N Max >= 27,0: 0 Max <= 0,0: 0 Min <= 0,0: 13 Min <= -18,0: 1 Max Rain: 13,8 on day 3 Days of Rain: 13 (>= 0,2 mm) 5 (>= 2,0 mm) 0 (>= 20,0 mm) Heat Base: 18,3 Cool Base: 18,3 Method: Integration