NOAA-Style Climate Reports
Select a Year or Month report
2024: Gen Feb Mar Apr Mag Giu Lug Ago Set Ott Nov Dic
2023: Gen Feb Mar Apr Mag Giu Lug Ago Set Ott Nov Dic
2022: Gen Feb Mar Apr Mag Giu Lug Ago Set Ott Nov Dic
2021: Gen Feb Mar Apr Mag Giu Lug Ago Set Ott Nov Dic
2020: Gen Feb Mar Apr Mag Giu Lug Ago Set Ott Nov Dic
2019: Gen Feb Mar Apr Mag Giu Lug Ago Set Ott Nov Dic
2018: Gen Feb Mar Apr Mag Giu Lug Ago Set Ott Nov Dic
2017: Gen Feb Mar Apr Mag Giu Lug Ago Set Ott Nov Dic
2016: Gen Feb Mar Apr Mag Giu Lug Ago Set Ott Nov Dic
2015: Gen Feb Mar Apr Mag Giu Lug Ago Set Ott Nov Dic
2014: Gen Feb Mar Apr Mag Giu Lug Ago Set Ott Nov Dic
2013: Gen Feb Mar Apr Mag Giu Lug Ago Set Ott Nov Dic
2024: Gen Feb Mar Apr Mag Giu Lug Ago Set Ott Nov Dic
2023: Gen Feb Mar Apr Mag Giu Lug Ago Set Ott Nov Dic
2022: Gen Feb Mar Apr Mag Giu Lug Ago Set Ott Nov Dic
2021: Gen Feb Mar Apr Mag Giu Lug Ago Set Ott Nov Dic
2020: Gen Feb Mar Apr Mag Giu Lug Ago Set Ott Nov Dic
2019: Gen Feb Mar Apr Mag Giu Lug Ago Set Ott Nov Dic
2018: Gen Feb Mar Apr Mag Giu Lug Ago Set Ott Nov Dic
2017: Gen Feb Mar Apr Mag Giu Lug Ago Set Ott Nov Dic
2016: Gen Feb Mar Apr Mag Giu Lug Ago Set Ott Nov Dic
2015: Gen Feb Mar Apr Mag Giu Lug Ago Set Ott Nov Dic
2014: Gen Feb Mar Apr Mag Giu Lug Ago Set Ott Nov Dic
2013: Gen Feb Mar Apr Mag Giu Lug Ago Set Ott Nov Dic
Report for 2016 Febbraio
Monthly Climatological Summary for feb 2016 Name: Meteo Arquà City: Arquà Polesine State: Italia Elevation: 0 ft Lat: N 45° 00' 16" Lon: E 011° 44' 26" Temperature (°C), Rain (mm), Wind Speed (km/h) Heat Cool Avg Mean Deg Deg Wind Dom Day Temp High Time Low Time Days Days Rain Speed High Time Dir ---------------------------------------------------------------------------------- 1 8,7 13,1 14:01 4,5 23:29 9,6 0,0 0,0 0,7 12,2 11:31 N 2 7,3 9,8 21:03 5,1 00:00 11,0 0,0 0,6 0,6 9,7 08:27 N 3 9,2 11,0 13:28 7,8 22:42 9,1 0,0 8,1 1,4 35,6 19:23 N 4 7,9 14,5 14:18 3,1 23:37 10,4 0,0 0,0 4,7 28,1 10:19 N 5 6,6 15,0 14:14 0,5 04:27 11,7 0,0 0,0 0,9 9,7 09:54 N 6 7,8 13,6 15:09 4,1 07:09 10,5 0,0 0,0 1,9 15,8 10:53 N 7 9,5 12,2 15:41 6,4 01:43 8,8 0,0 2,1 1,6 13,3 06:45 N 8 9,6 11,4 01:33 7,1 22:39 8,7 0,0 0,0 2,1 15,8 10:41 N 9 10,1 14,7 16:49 4,5 02:58 8,2 0,0 4,2 1,2 19,4 16:50 N 10 9,5 14,3 14:57 2,7 23:53 8,8 0,0 2,7 12,3 41,8 08:10 N 11 5,3 14,2 14:40 -39,9 09:49 13,0 0,0 0,0 1,1 11,2 10:21 N 12 7,0 11,3 13:17 4,4 00:25 11,2 0,0 7,5 2,0 29,5 23:18 N 13 6,1 9,9 13:59 2,9 06:27 12,2 0,0 0,3 6,7 28,1 06:54 N 14 6,5 7,9 15:16 5,5 08:36 11,8 0,0 18,9 3,0 24,5 13:06 N 15 7,7 9,7 13:30 5,3 05:42 10,6 0,0 13,2 3,5 17,3 20:48 N 16 8,6 11,1 12:02 6,8 23:51 9,7 0,0 15,9 6,2 29,5 21:44 N 17 7,5 10,2 14:40 6,0 01:50 10,8 0,0 15,3 4,1 27,0 00:46 N 18 8,6 13,5 14:06 4,8 07:31 9,7 0,0 0,3 7,4 31,7 13:44 N 19 9,1 15,1 14:34 4,4 05:34 9,2 0,0 0,0 3,9 23,4 23:50 N 20 8,0 13,6 14:31 3,1 06:28 10,3 0,0 0,0 4,3 19,4 10:15 N 21 8,3 15,7 14:27 3,2 06:00 10,0 0,0 0,0 1,2 14,8 14:40 N 22 9,2 14,8 13:57 4,0 07:58 9,1 0,0 0,0 0,7 8,6 21:02 N 23 10,9 15,2 14:24 7,2 23:42 7,4 0,0 0,0 2,0 17,3 12:24 N 24 9,4 14,1 14:46 5,4 01:59 8,9 0,0 0,0 1,3 19,4 09:48 N 25 8,1 10,7 15:01 5,6 23:05 10,2 0,0 0,0 1,1 12,2 03:30 N 26 7,2 9,7 13:55 5,6 03:05 11,1 0,0 0,3 0,9 12,2 12:48 N 27 6,5 8,2 23:52 5,6 11:02 11,8 0,0 2,1 5,5 27,0 18:36 N 28 10,8 13,4 13:48 8,2 00:00 7,5 0,0 18,6 5,2 33,1 23:13 N 29 11,0 14,9 10:54 9,3 23:08 7,3 0,0 25,5 4,2 33,1 00:10 N ---------------------------------------------------------------------------------- 8,3 15,7 21 -39,9 11 288,6 0,0 135,6 3,2 41,8 10 N Max >= 27,0: 0 Max <= 0,0: 0 Min <= 0,0: 1 Min <= -18,0: 1 Max Rain: 25,5 on day 29 Days of Rain: 16 (>= 0,2 mm) 12 (>= 2,0 mm) 1 (>= 20,0 mm) Heat Base: 18,3 Cool Base: 18,3 Method: Integration