NOAA-Style Climate Reports
Select a Year or Month report
2024: Gen Feb Mar Apr Mag Giu Lug Ago Set Ott Nov Dic
2023: Gen Feb Mar Apr Mag Giu Lug Ago Set Ott Nov Dic
2022: Gen Feb Mar Apr Mag Giu Lug Ago Set Ott Nov Dic
2021: Gen Feb Mar Apr Mag Giu Lug Ago Set Ott Nov Dic
2020: Gen Feb Mar Apr Mag Giu Lug Ago Set Ott Nov Dic
2019: Gen Feb Mar Apr Mag Giu Lug Ago Set Ott Nov Dic
2018: Gen Feb Mar Apr Mag Giu Lug Ago Set Ott Nov Dic
2017: Gen Feb Mar Apr Mag Giu Lug Ago Set Ott Nov Dic
2016: Gen Feb Mar Apr Mag Giu Lug Ago Set Ott Nov Dic
2015: Gen Feb Mar Apr Mag Giu Lug Ago Set Ott Nov Dic
2014: Gen Feb Mar Apr Mag Giu Lug Ago Set Ott Nov Dic
2013: Gen Feb Mar Apr Mag Giu Lug Ago Set Ott Nov Dic
2024: Gen Feb Mar Apr Mag Giu Lug Ago Set Ott Nov Dic
2023: Gen Feb Mar Apr Mag Giu Lug Ago Set Ott Nov Dic
2022: Gen Feb Mar Apr Mag Giu Lug Ago Set Ott Nov Dic
2021: Gen Feb Mar Apr Mag Giu Lug Ago Set Ott Nov Dic
2020: Gen Feb Mar Apr Mag Giu Lug Ago Set Ott Nov Dic
2019: Gen Feb Mar Apr Mag Giu Lug Ago Set Ott Nov Dic
2018: Gen Feb Mar Apr Mag Giu Lug Ago Set Ott Nov Dic
2017: Gen Feb Mar Apr Mag Giu Lug Ago Set Ott Nov Dic
2016: Gen Feb Mar Apr Mag Giu Lug Ago Set Ott Nov Dic
2015: Gen Feb Mar Apr Mag Giu Lug Ago Set Ott Nov Dic
2014: Gen Feb Mar Apr Mag Giu Lug Ago Set Ott Nov Dic
2013: Gen Feb Mar Apr Mag Giu Lug Ago Set Ott Nov Dic
Report for 2016 Marzo
Monthly Climatological Summary for mar 2016 Name: Meteo Arquà City: Arquà Polesine State: Italia Elevation: 0 ft Lat: N 45° 00' 16" Lon: E 011° 44' 26" Temperature (°C), Rain (mm), Wind Speed (km/h) Heat Cool Avg Mean Deg Deg Wind Dom Day Temp High Time Low Time Days Days Rain Speed High Time Dir ---------------------------------------------------------------------------------- 1 10,4 15,8 14:43 5,7 23:58 7,9 0,0 0,9 0,5 12,2 13:23 N 2 10,1 16,0 14:11 4,8 01:33 8,2 0,0 0,0 1,0 13,3 13:08 N 3 6,2 10,7 02:30 4,1 11:25 12,1 0,0 3,6 6,4 36,7 10:07 N 4 7,8 14,5 13:53 1,2 07:16 10,5 0,0 0,0 3,2 20,9 03:33 N 5 9,2 12,2 14:14 6,4 23:56 9,1 0,0 0,0 3,6 23,4 16:53 N 6 5,4 10,4 17:18 0,9 06:14 12,9 0,0 0,0 2,0 18,4 00:03 N 7 6,5 9,5 15:18 4,3 22:38 11,8 0,0 3,3 4,7 15,8 05:52 N 8 6,2 7,2 15:01 3,5 03:36 12,1 0,0 12,3 2,7 23,4 20:02 N 9 7,6 11,1 14:20 5,6 03:20 10,7 0,0 0,0 4,9 25,6 03:03 N 10 9,5 15,7 15:02 2,7 04:48 8,8 0,0 0,0 1,5 15,8 15:03 N 11 10,9 14,4 14:53 7,9 06:23 7,4 0,0 0,0 1,5 17,3 12:49 N 12 11,9 15,8 14:54 7,3 05:58 6,4 0,0 0,0 2,6 20,9 12:36 N 13 11,5 15,2 14:18 8,5 07:18 6,8 0,0 0,0 5,6 30,6 11:29 N 14 10,1 14,3 15:49 2,5 23:50 8,2 0,0 0,0 2,9 28,1 11:14 N 15 7,2 13,9 13:56 0,1 06:31 11,1 0,0 0,0 1,7 18,4 12:08 N 16 8,9 11,5 13:14 6,7 01:27 9,4 0,0 0,0 4,9 29,5 10:19 N 17 9,9 15,9 15:34 5,5 23:58 8,4 0,0 0,0 0,9 19,4 11:05 N 18 9,3 17,5 15:22 1,9 05:41 9,0 0,0 0,0 2,7 18,4 13:05 N 19 10,8 19,6 17:23 3,3 06:34 7,6 0,1 0,0 1,7 23,4 13:52 N 20 11,4 19,0 15:30 4,6 04:45 7,0 0,0 0,0 1,3 14,8 13:39 N 21 12,7 18,7 14:38 9,8 23:31 5,6 0,0 0,0 0,4 13,3 10:36 N 22 13,1 18,3 14:47 9,6 22:59 5,1 0,0 0,0 1,9 23,4 15:23 N 23 11,3 15,7 13:32 5,1 23:59 7,0 0,0 0,0 5,0 35,6 09:51 N 24 9,7 18,1 14:31 1,5 04:36 8,6 0,0 0,0 1,2 17,3 08:51 N 25 11,4 17,5 14:35 5,4 04:00 6,9 0,0 0,0 1,2 15,8 13:33 N 26 11,9 19,3 14:55 4,9 06:33 6,5 0,1 0,0 1,0 12,2 12:09 N 27 12,0 19,5 16:12 4,1 06:55 6,0 0,0 0,0 0,8 15,8 16:33 N 28 13,4 18,8 16:30 9,1 23:59 4,9 0,0 0,0 0,5 11,2 10:30 N 29 14,1 22,2 16:19 7,3 05:05 4,8 0,6 0,0 1,9 19,4 12:15 N 30 14,3 20,9 15:00 7,1 04:02 4,4 0,4 0,0 0,6 12,2 15:08 N 31 15,2 20,4 14:34 11,4 03:59 3,3 0,2 0,0 1,3 13,3 16:47 N ---------------------------------------------------------------------------------- 10,3 22,2 29 0,1 15 248,5 1,4 20,1 2,3 36,7 3 N Max >= 27,0: 0 Max <= 0,0: 0 Min <= 0,0: 0 Min <= -18,0: 0 Max Rain: 12,3 on day 8 Days of Rain: 4 (>= 0,2 mm) 3 (>= 2,0 mm) 0 (>= 20,0 mm) Heat Base: 18,3 Cool Base: 18,3 Method: Integration