NOAA-Style Climate Reports
Select a Year or Month report
2024: Gen Feb Mar Apr Mag Giu Lug Ago Set Ott Nov Dic
2023: Gen Feb Mar Apr Mag Giu Lug Ago Set Ott Nov Dic
2022: Gen Feb Mar Apr Mag Giu Lug Ago Set Ott Nov Dic
2021: Gen Feb Mar Apr Mag Giu Lug Ago Set Ott Nov Dic
2020: Gen Feb Mar Apr Mag Giu Lug Ago Set Ott Nov Dic
2019: Gen Feb Mar Apr Mag Giu Lug Ago Set Ott Nov Dic
2018: Gen Feb Mar Apr Mag Giu Lug Ago Set Ott Nov Dic
2017: Gen Feb Mar Apr Mag Giu Lug Ago Set Ott Nov Dic
2016: Gen Feb Mar Apr Mag Giu Lug Ago Set Ott Nov Dic
2015: Gen Feb Mar Apr Mag Giu Lug Ago Set Ott Nov Dic
2014: Gen Feb Mar Apr Mag Giu Lug Ago Set Ott Nov Dic
2013: Gen Feb Mar Apr Mag Giu Lug Ago Set Ott Nov Dic
2024: Gen Feb Mar Apr Mag Giu Lug Ago Set Ott Nov Dic
2023: Gen Feb Mar Apr Mag Giu Lug Ago Set Ott Nov Dic
2022: Gen Feb Mar Apr Mag Giu Lug Ago Set Ott Nov Dic
2021: Gen Feb Mar Apr Mag Giu Lug Ago Set Ott Nov Dic
2020: Gen Feb Mar Apr Mag Giu Lug Ago Set Ott Nov Dic
2019: Gen Feb Mar Apr Mag Giu Lug Ago Set Ott Nov Dic
2018: Gen Feb Mar Apr Mag Giu Lug Ago Set Ott Nov Dic
2017: Gen Feb Mar Apr Mag Giu Lug Ago Set Ott Nov Dic
2016: Gen Feb Mar Apr Mag Giu Lug Ago Set Ott Nov Dic
2015: Gen Feb Mar Apr Mag Giu Lug Ago Set Ott Nov Dic
2014: Gen Feb Mar Apr Mag Giu Lug Ago Set Ott Nov Dic
2013: Gen Feb Mar Apr Mag Giu Lug Ago Set Ott Nov Dic
Report for 2016 Aprile
Monthly Climatological Summary for apr 2016 Name: Meteo Arquà City: Arquà Polesine State: Italia Elevation: 0 ft Lat: N 45° 00' 16" Lon: E 011° 44' 26" Temperature (°C), Rain (mm), Wind Speed (km/h) Heat Cool Avg Mean Deg Deg Wind Dom Day Temp High Time Low Time Days Days Rain Speed High Time Dir ---------------------------------------------------------------------------------- 1 15,8 19,2 15:31 13,7 21:16 2,5 0,0 0,0 1,7 17,3 09:16 N 2 15,6 20,6 15:26 10,0 23:44 3,0 0,3 0,0 0,4 11,2 15:53 N 3 13,7 22,2 16:21 7,5 06:37 5,1 0,5 0,0 0,9 9,7 10:11 N 4 14,9 20,1 15:11 10,7 01:12 3,5 0,1 0,0 1,2 13,3 15:40 N 5 16,0 22,7 16:12 12,1 02:25 3,1 0,8 0,0 0,3 9,7 13:24 N 6 14,4 22,6 16:16 8,7 06:11 4,6 0,7 0,0 0,3 11,2 14:05 N 7 14,5 18,1 15:20 11,6 01:21 3,8 0,0 0,0 0,9 9,7 16:05 N 8 14,6 18,6 14:44 11,0 06:12 3,7 0,0 0,0 1,9 12,2 09:49 N 9 14,0 17,6 13:24 10,5 23:48 4,3 0,0 0,0 3,3 27,0 14:21 N 10 14,9 23,4 16:30 7,4 04:16 4,3 1,0 0,0 1,1 11,2 09:12 N 11 16,1 24,1 16:49 8,4 06:49 3,6 1,4 0,0 2,5 19,4 14:39 N 12 15,9 24,4 16:44 7,2 06:05 3,7 1,3 0,0 2,5 23,4 14:18 N 13 17,0 23,2 17:29 12,2 23:34 2,4 1,1 0,0 1,3 12,2 14:44 N 14 16,6 23,5 14:54 10,2 03:58 2,7 1,0 0,0 3,7 25,6 09:24 N 15 16,3 24,4 16:41 9,0 06:55 3,3 1,3 0,0 1,8 20,9 13:47 N 16 17,4 26,2 15:46 9,5 07:13 3,1 2,2 0,0 1,3 18,4 10:40 N 17 17,7 24,4 16:54 12,0 04:46 1,9 1,3 0,0 1,2 18,4 17:06 N 18 17,9 24,7 14:10 11,2 23:56 2,1 1,7 0,0 1,2 17,3 18:43 N 19 15,0 21,7 16:50 7,4 01:46 4,0 0,7 0,0 2,9 33,1 08:32 N 20 15,8 22,6 14:13 10,0 05:52 3,5 1,0 0,0 0,7 13,3 12:46 N 21 15,4 24,1 15:23 6,5 06:08 4,3 1,3 0,0 0,6 12,2 16:09 N 22 16,4 24,8 15:58 9,0 00:46 3,3 1,4 0,0 0,9 14,8 18:46 N 23 15,3 20,1 15:54 12,6 23:06 3,1 0,1 1,8 1,2 17,3 17:01 N 24 12,1 14,6 09:44 9,9 23:42 6,2 0,0 0,3 2,6 23,4 16:18 N 25 11,0 17,9 16:16 6,9 23:54 7,3 0,0 0,0 3,6 34,2 13:46 N 26 11,2 19,0 14:58 2,8 06:07 7,1 0,0 0,0 0,7 12,2 16:21 N 27 14,1 21,9 16:01 6,4 04:27 4,8 0,7 0,0 4,5 34,2 14:15 N 28 12,4 18,2 16:53 7,3 04:09 5,9 0,0 0,0 3,7 19,4 04:15 N 29 13,9 21,0 16:35 7,3 06:00 4,8 0,4 0,0 2,2 17,3 11:40 N 30 14,7 22,6 14:25 6,3 05:43 4,4 0,8 0,0 0,7 13,3 17:58 N ---------------------------------------------------------------------------------- 15,0 26,2 16 2,8 26 119,4 21,1 2,1 1,7 34,2 25 N Max >= 27,0: 0 Max <= 0,0: 0 Min <= 0,0: 0 Min <= -18,0: 0 Max Rain: 1,8 on day 23 Days of Rain: 2 (>= 0,2 mm) 0 (>= 2,0 mm) 0 (>= 20,0 mm) Heat Base: 18,3 Cool Base: 18,3 Method: Integration