NOAA-Style Climate Reports
Select a Year or Month report
2024: Gen Feb Mar Apr Mag Giu Lug Ago Set Ott Nov Dic
2023: Gen Feb Mar Apr Mag Giu Lug Ago Set Ott Nov Dic
2022: Gen Feb Mar Apr Mag Giu Lug Ago Set Ott Nov Dic
2021: Gen Feb Mar Apr Mag Giu Lug Ago Set Ott Nov Dic
2020: Gen Feb Mar Apr Mag Giu Lug Ago Set Ott Nov Dic
2019: Gen Feb Mar Apr Mag Giu Lug Ago Set Ott Nov Dic
2018: Gen Feb Mar Apr Mag Giu Lug Ago Set Ott Nov Dic
2017: Gen Feb Mar Apr Mag Giu Lug Ago Set Ott Nov Dic
2016: Gen Feb Mar Apr Mag Giu Lug Ago Set Ott Nov Dic
2015: Gen Feb Mar Apr Mag Giu Lug Ago Set Ott Nov Dic
2014: Gen Feb Mar Apr Mag Giu Lug Ago Set Ott Nov Dic
2013: Gen Feb Mar Apr Mag Giu Lug Ago Set Ott Nov Dic
2024: Gen Feb Mar Apr Mag Giu Lug Ago Set Ott Nov Dic
2023: Gen Feb Mar Apr Mag Giu Lug Ago Set Ott Nov Dic
2022: Gen Feb Mar Apr Mag Giu Lug Ago Set Ott Nov Dic
2021: Gen Feb Mar Apr Mag Giu Lug Ago Set Ott Nov Dic
2020: Gen Feb Mar Apr Mag Giu Lug Ago Set Ott Nov Dic
2019: Gen Feb Mar Apr Mag Giu Lug Ago Set Ott Nov Dic
2018: Gen Feb Mar Apr Mag Giu Lug Ago Set Ott Nov Dic
2017: Gen Feb Mar Apr Mag Giu Lug Ago Set Ott Nov Dic
2016: Gen Feb Mar Apr Mag Giu Lug Ago Set Ott Nov Dic
2015: Gen Feb Mar Apr Mag Giu Lug Ago Set Ott Nov Dic
2014: Gen Feb Mar Apr Mag Giu Lug Ago Set Ott Nov Dic
2013: Gen Feb Mar Apr Mag Giu Lug Ago Set Ott Nov Dic
Report for 2016 Maggio
Monthly Climatological Summary for mag 2016 Name: Meteo Arquà City: Arquà Polesine State: Italia Elevation: 0 ft Lat: N 45° 00' 16" Lon: E 011° 44' 26" Temperature (°C), Rain (mm), Wind Speed (km/h) Heat Cool Avg Mean Deg Deg Wind Dom Day Temp High Time Low Time Days Days Rain Speed High Time Dir ---------------------------------------------------------------------------------- 1 12,7 16,0 18:55 10,8 04:36 5,6 0,0 4,5 2,5 17,3 12:33 N 2 14,5 20,1 16:01 11,5 05:27 4,0 0,1 6,3 2,6 20,9 16:44 N 3 17,3 24,6 18:04 10,0 04:47 2,7 1,7 0,0 1,7 31,7 20:53 N 4 18,0 25,1 15:54 10,7 05:20 2,2 1,9 0,0 2,4 15,8 01:04 N 5 17,2 22,6 16:47 11,5 23:15 2,3 1,2 0,0 2,6 17,3 03:08 N 6 17,7 25,7 15:42 8,5 06:04 2,9 2,3 0,0 0,6 9,7 12:55 N 7 18,0 26,0 15:05 8,9 05:15 2,6 2,4 0,0 0,4 11,2 18:02 N 8 18,7 25,3 13:31 11,8 01:55 1,7 2,1 0,0 0,8 11,2 10:39 N 9 18,5 21,6 13:16 16,0 05:47 0,7 0,9 0,0 0,5 11,2 08:10 N 10 18,8 23,1 14:47 15,7 02:56 0,9 1,4 0,0 0,6 13,3 14:32 N 11 16,6 18,0 10:11 15,2 21:44 1,7 0,0 0,0 2,3 18,4 16:28 N 12 17,4 23,9 14:24 14,9 15:59 1,5 0,6 0,3 2,2 22,0 05:52 N 13 15,7 18,2 11:28 13,5 01:35 2,6 0,0 0,0 1,2 12,2 13:54 N 14 18,0 25,5 16:06 13,1 05:42 1,9 1,7 0,0 0,8 25,6 19:26 N 15 17,1 22,4 15:29 11,9 06:18 1,9 0,7 0,3 1,5 14,8 16:16 N 16 16,7 16,7 00:00 16,7 00:00 1,6 0,0 0,0 3,6 7,2 00:00 N 17 16,5 20,8 19:13 12,6 23:45 1,8 0,1 0,0 2,9 7,2 00:00 N 18 17,8 24,7 15:48 9,5 04:40 2,5 1,9 0,0 0,3 15,8 22:16 NE 19 15,2 20,6 12:46 11,9 05:04 3,4 0,2 0,6 0,3 15,8 14:17 E 20 18,1 25,8 15:26 11,5 04:48 2,4 2,1 0,0 1,1 11,2 08:32 E 21 20,5 27,3 15:52 12,1 06:13 1,3 3,4 0,0 0,4 9,7 14:04 E 22 21,6 28,6 16:09 13,7 05:48 1,0 4,2 0,0 0,1 8,6 13:17 E 23 17,8 23,7 15:47 11,6 23:45 1,3 0,8 0,0 1,5 31,7 16:26 E 24 17,1 23,9 16:54 10,9 02:20 2,6 1,5 0,0 0,7 13,3 14:35 WNW 25 19,2 25,9 15:27 10,3 05:38 1,8 2,7 0,0 0,7 13,3 14:29 WNW 26 20,7 28,4 14:29 13,2 05:57 1,1 3,5 0,0 0,2 9,7 12:17 WNW 27 22,6 28,9 14:24 15,7 05:21 0,4 4,7 3,0 0,7 9,7 12:25 ESE 28 23,1 28,9 17:19 17,1 05:43 0,1 4,9 0,0 1,3 15,8 13:57 E 29 19,2 23,4 16:01 17,0 12:55 0,2 1,2 14,7 1,3 22,0 12:33 N 30 20,2 26,7 15:41 15,7 23:04 0,6 2,5 0,3 1,7 22,0 17:16 WNW 31 19,3 25,9 14:13 13,9 03:40 1,2 2,2 0,3 1,1 19,4 15:21 W ---------------------------------------------------------------------------------- 18,1 28,9 27 8,5 6 58,5 52,9 30,3 1,3 31,7 3 N Max >= 27,0: 5 Max <= 0,0: 0 Min <= 0,0: 0 Min <= -18,0: 0 Max Rain: 14,7 on day 29 Days of Rain: 9 (>= 0,2 mm) 4 (>= 2,0 mm) 0 (>= 20,0 mm) Heat Base: 18,3 Cool Base: 18,3 Method: Integration