NOAA-Style Climate Reports
Select a Year or Month report
2024: Gen Feb Mar Apr Mag Giu Lug Ago Set Ott Nov Dic
2023: Gen Feb Mar Apr Mag Giu Lug Ago Set Ott Nov Dic
2022: Gen Feb Mar Apr Mag Giu Lug Ago Set Ott Nov Dic
2021: Gen Feb Mar Apr Mag Giu Lug Ago Set Ott Nov Dic
2020: Gen Feb Mar Apr Mag Giu Lug Ago Set Ott Nov Dic
2019: Gen Feb Mar Apr Mag Giu Lug Ago Set Ott Nov Dic
2018: Gen Feb Mar Apr Mag Giu Lug Ago Set Ott Nov Dic
2017: Gen Feb Mar Apr Mag Giu Lug Ago Set Ott Nov Dic
2016: Gen Feb Mar Apr Mag Giu Lug Ago Set Ott Nov Dic
2015: Gen Feb Mar Apr Mag Giu Lug Ago Set Ott Nov Dic
2014: Gen Feb Mar Apr Mag Giu Lug Ago Set Ott Nov Dic
2013: Gen Feb Mar Apr Mag Giu Lug Ago Set Ott Nov Dic
2024: Gen Feb Mar Apr Mag Giu Lug Ago Set Ott Nov Dic
2023: Gen Feb Mar Apr Mag Giu Lug Ago Set Ott Nov Dic
2022: Gen Feb Mar Apr Mag Giu Lug Ago Set Ott Nov Dic
2021: Gen Feb Mar Apr Mag Giu Lug Ago Set Ott Nov Dic
2020: Gen Feb Mar Apr Mag Giu Lug Ago Set Ott Nov Dic
2019: Gen Feb Mar Apr Mag Giu Lug Ago Set Ott Nov Dic
2018: Gen Feb Mar Apr Mag Giu Lug Ago Set Ott Nov Dic
2017: Gen Feb Mar Apr Mag Giu Lug Ago Set Ott Nov Dic
2016: Gen Feb Mar Apr Mag Giu Lug Ago Set Ott Nov Dic
2015: Gen Feb Mar Apr Mag Giu Lug Ago Set Ott Nov Dic
2014: Gen Feb Mar Apr Mag Giu Lug Ago Set Ott Nov Dic
2013: Gen Feb Mar Apr Mag Giu Lug Ago Set Ott Nov Dic
Report for 2016 Giugnio
Monthly Climatological Summary for giu 2016 Name: Meteo Arquà City: Arquà Polesine State: Italia Elevation: 0 ft Lat: N 45° 00' 16" Lon: E 011° 44' 26" Temperature (°C), Rain (mm), Wind Speed (km/h) Heat Cool Avg Mean Deg Deg Wind Dom Day Temp High Time Low Time Days Days Rain Speed High Time Dir ---------------------------------------------------------------------------------- 1 19,1 25,7 15:49 12,1 05:53 1,4 2,3 2,7 1,0 12,2 17:27 NNE 2 19,4 24,7 16:54 16,0 04:20 0,6 1,7 3,3 1,0 11,2 16:29 N 3 20,1 25,8 14:46 16,3 01:57 0,5 2,3 0,3 1,3 13,3 15:07 W 4 20,2 25,8 13:45 16,8 23:55 0,2 2,1 3,0 1,2 23,4 14:55 NW 5 21,1 26,9 17:49 16,5 05:15 0,3 3,1 0,0 1,0 13,3 14:37 WNW 6 21,4 27,2 17:08 16,9 05:35 0,1 3,2 0,0 1,7 14,8 11:33 NW 7 23,1 30,3 15:13 15,7 05:13 0,4 5,2 0,0 0,7 9,7 10:29 NNW 8 22,1 30,3 15:17 16,9 03:08 0,2 3,9 19,2 1,2 31,7 18:30 NNE 9 18,5 21,5 13:54 16,7 04:09 0,4 0,6 24,3 2,1 17,3 21:41 N 10 21,0 27,0 18:12 16,9 05:34 0,3 3,0 3,9 1,7 13,3 00:01 NNW 11 22,3 27,9 16:17 16,9 06:09 0,2 4,2 0,0 1,5 19,4 16:37 WNW 12 20,3 25,7 18:01 17,1 05:40 0,1 2,1 0,0 1,9 30,6 12:13 NW 13 21,9 28,5 15:56 15,1 05:06 0,5 4,1 0,0 0,6 9,7 15:21 SW 14 20,6 25,3 14:30 17,3 06:01 0,0 2,4 1,5 1,8 13,3 09:09 NNE 15 21,5 28,8 14:46 15,8 06:17 0,3 3,6 0,6 2,3 15,8 11:32 WSW 16 23,0 28,1 16:22 18,5 02:01 0,0 4,7 0,0 1,8 15,8 12:52 E 17 23,1 29,6 15:12 15,9 23:57 0,2 4,9 0,0 2,7 25,6 11:41 WSW 18 21,2 28,9 15:38 13,1 04:38 1,1 4,0 0,0 2,3 19,4 12:40 W 19 19,0 25,0 17:10 15,8 05:04 0,9 1,5 4,2 4,9 24,5 09:31 NW 20 20,2 28,0 15:20 15,7 19:53 0,5 2,4 0,0 2,3 11,2 10:06 WNW 21 23,3 30,1 15:12 15,7 04:07 0,3 5,3 0,0 0,7 9,7 13:55 SSE 22 25,0 32,7 18:10 16,2 04:03 0,3 7,0 0,0 1,1 13,3 15:43 NE 23 27,0 34,1 16:12 18,4 05:32 0,0 8,7 0,3 1,7 17,3 10:56 NNE 24 28,7 36,0 15:56 20,4 05:31 0,0 10,4 0,0 1,2 14,8 10:16 NNW 25 27,5 36,5 16:47 15,7 10:06 0,1 9,4 1,5 0,7 14,8 17:54 SSW 26 26,5 33,0 17:48 21,5 03:15 0,0 8,2 0,0 1,6 17,3 10:51 NE 27 23,4 30,3 13:32 18,4 05:44 0,0 5,1 20,7 1,9 17,3 15:04 NW 28 24,2 30,8 15:32 16,7 05:20 0,1 6,0 0,0 0,8 11,2 16:27 SSE 29 25,0 31,9 14:39 18,3 05:16 0,0 6,7 0,3 0,7 9,7 17:38 SE 30 26,5 33,5 16:03 20,1 04:17 0,0 8,3 3,6 0,9 20,9 22:47 SSE ---------------------------------------------------------------------------------- 22,5 36,5 25 12,1 1 9,0 136,4 89,4 1,5 31,7 8 NW Max >= 27,0: 21 Max <= 0,0: 0 Min <= 0,0: 0 Min <= -18,0: 0 Max Rain: 24,3 on day 9 Days of Rain: 15 (>= 0,2 mm) 9 (>= 2,0 mm) 2 (>= 20,0 mm) Heat Base: 18,3 Cool Base: 18,3 Method: Integration