NOAA-Style Climate Reports
Select a Year or Month report
2024: Gen Feb Mar Apr Mag Giu Lug Ago Set Ott Nov Dic
2023: Gen Feb Mar Apr Mag Giu Lug Ago Set Ott Nov Dic
2022: Gen Feb Mar Apr Mag Giu Lug Ago Set Ott Nov Dic
2021: Gen Feb Mar Apr Mag Giu Lug Ago Set Ott Nov Dic
2020: Gen Feb Mar Apr Mag Giu Lug Ago Set Ott Nov Dic
2019: Gen Feb Mar Apr Mag Giu Lug Ago Set Ott Nov Dic
2018: Gen Feb Mar Apr Mag Giu Lug Ago Set Ott Nov Dic
2017: Gen Feb Mar Apr Mag Giu Lug Ago Set Ott Nov Dic
2016: Gen Feb Mar Apr Mag Giu Lug Ago Set Ott Nov Dic
2015: Gen Feb Mar Apr Mag Giu Lug Ago Set Ott Nov Dic
2014: Gen Feb Mar Apr Mag Giu Lug Ago Set Ott Nov Dic
2013: Gen Feb Mar Apr Mag Giu Lug Ago Set Ott Nov Dic
2024: Gen Feb Mar Apr Mag Giu Lug Ago Set Ott Nov Dic
2023: Gen Feb Mar Apr Mag Giu Lug Ago Set Ott Nov Dic
2022: Gen Feb Mar Apr Mag Giu Lug Ago Set Ott Nov Dic
2021: Gen Feb Mar Apr Mag Giu Lug Ago Set Ott Nov Dic
2020: Gen Feb Mar Apr Mag Giu Lug Ago Set Ott Nov Dic
2019: Gen Feb Mar Apr Mag Giu Lug Ago Set Ott Nov Dic
2018: Gen Feb Mar Apr Mag Giu Lug Ago Set Ott Nov Dic
2017: Gen Feb Mar Apr Mag Giu Lug Ago Set Ott Nov Dic
2016: Gen Feb Mar Apr Mag Giu Lug Ago Set Ott Nov Dic
2015: Gen Feb Mar Apr Mag Giu Lug Ago Set Ott Nov Dic
2014: Gen Feb Mar Apr Mag Giu Lug Ago Set Ott Nov Dic
2013: Gen Feb Mar Apr Mag Giu Lug Ago Set Ott Nov Dic
Report for 2016 Luglio
Monthly Climatological Summary for lug 2016 Name: Meteo Arquà City: Arquà Polesine State: Italia Elevation: 0 ft Lat: N 45° 00' 16" Lon: E 011° 44' 26" Temperature (°C), Rain (mm), Wind Speed (km/h) Heat Cool Avg Mean Deg Deg Wind Dom Day Temp High Time Low Time Days Days Rain Speed High Time Dir ---------------------------------------------------------------------------------- 1 26,6 32,8 16:19 20,7 06:04 0,0 8,3 0,3 1,1 12,2 14:52 ENE 2 27,0 34,2 16:50 21,3 05:15 0,0 8,7 0,0 1,4 15,8 20:20 NNE 3 24,9 31,4 13:32 19,9 05:26 0,0 6,6 0,0 3,2 20,9 10:58 N 4 24,8 30,3 16:37 19,5 23:58 0,0 6,5 0,0 2,3 17,3 12:52 NE 5 25,2 33,1 17:13 16,9 05:53 0,1 7,0 0,0 1,4 13,3 11:10 NW 6 26,5 33,9 16:44 21,0 05:29 0,0 8,2 0,3 1,2 15,8 15:19 SW 7 26,7 32,2 16:19 21,9 01:57 0,0 8,4 0,0 1,6 14,8 08:29 ESE 8 27,2 33,9 15:42 21,2 05:43 0,0 8,9 0,0 1,2 17,3 09:38 SSE 9 27,6 35,0 16:50 20,5 04:21 0,0 9,3 0,6 1,6 14,8 09:15 NW 10 29,0 35,8 16:09 21,9 05:45 0,0 10,7 0,0 1,0 13,3 14:30 SE 11 28,9 36,5 15:54 21,3 05:05 0,0 10,6 0,0 0,8 9,7 16:09 SSE 12 29,0 35,9 17:12 23,1 06:04 0,0 10,7 0,0 2,5 17,3 10:31 NW 13 26,9 34,3 14:13 20,5 04:26 0,0 8,6 0,0 3,3 31,7 14:19 SW 14 22,6 29,7 15:40 16,8 05:37 0,2 4,5 0,0 5,2 31,7 01:53 NW 15 21,4 25,5 14:53 16,9 23:57 0,1 3,2 11,1 3,7 34,2 01:45 NNE 16 21,7 30,5 15:27 13,4 05:05 1,0 4,4 0,0 2,5 19,4 15:05 SSE 17 23,7 32,6 17:02 14,5 05:46 0,8 6,3 0,0 3,0 24,5 13:14 WNW 18 25,9 34,7 16:17 16,9 03:26 0,1 7,7 0,0 1,2 14,8 13:43 WNW 19 27,2 34,2 15:55 20,6 05:39 0,0 8,9 0,0 1,0 11,2 16:39 ESE 20 27,4 34,6 16:00 19,5 02:33 0,0 9,1 0,0 1,1 11,2 12:05 E 21 27,7 34,1 16:15 22,1 04:37 0,0 9,4 0,0 1,1 9,7 18:54 E 22 27,8 34,4 15:01 22,0 05:13 0,0 9,5 0,0 1,1 11,2 11:10 ENE 23 25,6 30,6 17:23 22,6 05:39 0,0 7,3 0,6 2,2 14,8 11:59 NW 24 24,8 29,8 15:26 21,0 01:55 0,0 6,5 0,3 1,4 14,8 08:34 WNW 25 26,5 33,6 14:53 19,1 03:32 0,0 8,2 0,0 2,1 18,4 13:32 NNW 26 27,7 34,9 15:58 20,4 05:45 0,0 9,4 0,0 1,1 17,3 13:50 N 27 27,0 34,1 15:15 15,7 19:47 0,1 8,9 2,4 1,1 17,3 18:56 NE 28 24,8 31,4 17:58 20,2 03:34 0,0 6,5 0,0 3,6 29,5 02:13 WNW 29 26,5 34,4 17:38 18,6 04:58 0,0 8,2 0,0 0,9 12,2 10:24 NNW 30 25,1 34,9 15:15 15,7 13:49 0,1 6,9 124,5 0,5 8,6 16:32 SE 31 27,2 33,3 15:12 22,8 06:15 0,0 8,9 0,0 2,3 23,4 16:03 N ---------------------------------------------------------------------------------- 26,2 36,5 11 13,4 16 2,5 246,3 140,1 1,9 34,2 15 NNW Max >= 27,0: 30 Max <= 0,0: 0 Min <= 0,0: 0 Min <= -18,0: 0 Max Rain: 124,5 on day 30 Days of Rain: 8 (>= 0,2 mm) 3 (>= 2,0 mm) 1 (>= 20,0 mm) Heat Base: 18,3 Cool Base: 18,3 Method: Integration