NOAA-Style Climate Reports
Select a Year or Month report
2024: Gen Feb Mar Apr Mag Giu Lug Ago Set Ott Nov Dic
2023: Gen Feb Mar Apr Mag Giu Lug Ago Set Ott Nov Dic
2022: Gen Feb Mar Apr Mag Giu Lug Ago Set Ott Nov Dic
2021: Gen Feb Mar Apr Mag Giu Lug Ago Set Ott Nov Dic
2020: Gen Feb Mar Apr Mag Giu Lug Ago Set Ott Nov Dic
2019: Gen Feb Mar Apr Mag Giu Lug Ago Set Ott Nov Dic
2018: Gen Feb Mar Apr Mag Giu Lug Ago Set Ott Nov Dic
2017: Gen Feb Mar Apr Mag Giu Lug Ago Set Ott Nov Dic
2016: Gen Feb Mar Apr Mag Giu Lug Ago Set Ott Nov Dic
2015: Gen Feb Mar Apr Mag Giu Lug Ago Set Ott Nov Dic
2014: Gen Feb Mar Apr Mag Giu Lug Ago Set Ott Nov Dic
2013: Gen Feb Mar Apr Mag Giu Lug Ago Set Ott Nov Dic
2024: Gen Feb Mar Apr Mag Giu Lug Ago Set Ott Nov Dic
2023: Gen Feb Mar Apr Mag Giu Lug Ago Set Ott Nov Dic
2022: Gen Feb Mar Apr Mag Giu Lug Ago Set Ott Nov Dic
2021: Gen Feb Mar Apr Mag Giu Lug Ago Set Ott Nov Dic
2020: Gen Feb Mar Apr Mag Giu Lug Ago Set Ott Nov Dic
2019: Gen Feb Mar Apr Mag Giu Lug Ago Set Ott Nov Dic
2018: Gen Feb Mar Apr Mag Giu Lug Ago Set Ott Nov Dic
2017: Gen Feb Mar Apr Mag Giu Lug Ago Set Ott Nov Dic
2016: Gen Feb Mar Apr Mag Giu Lug Ago Set Ott Nov Dic
2015: Gen Feb Mar Apr Mag Giu Lug Ago Set Ott Nov Dic
2014: Gen Feb Mar Apr Mag Giu Lug Ago Set Ott Nov Dic
2013: Gen Feb Mar Apr Mag Giu Lug Ago Set Ott Nov Dic
Report for 2016 Agosto
Monthly Climatological Summary for ago 2016 Name: Meteo Arquà City: Arquà Polesine State: Italia Elevation: 0 ft Lat: N 45° 00' 16" Lon: E 011° 44' 26" Temperature (°C), Rain (mm), Wind Speed (km/h) Heat Cool Avg Mean Deg Deg Wind Dom Day Temp High Time Low Time Days Days Rain Speed High Time Dir ---------------------------------------------------------------------------------- 1 24,3 29,6 12:34 20,2 06:20 0,0 6,0 4,8 3,6 22,0 16:54 NW 2 24,8 31,4 17:38 19,1 06:18 0,0 6,5 0,0 1,5 13,3 12:08 N 3 26,1 33,1 16:48 19,1 05:39 0,0 7,8 0,0 0,8 14,8 15:34 ESE 4 26,9 34,3 15:36 19,5 05:51 0,0 8,6 0,0 0,8 9,7 18:46 ESE 5 23,3 28,9 12:52 19,8 15:15 0,0 5,0 0,0 2,9 39,2 14:52 WNW 6 23,8 30,1 16:02 17,2 05:34 0,1 5,6 3,9 3,0 25,6 05:06 N 7 25,0 30,7 15:26 17,5 06:30 0,0 6,7 0,0 2,2 19,4 11:09 ENE 8 24,6 31,6 16:21 17,8 01:56 0,0 6,3 0,0 1,9 14,8 13:41 NNE 9 24,7 33,9 17:11 15,7 20:32 0,4 7,0 0,0 1,6 17,3 13:05 NW 10 21,4 25,4 16:21 15,7 13:48 0,1 3,2 9,9 4,2 28,1 05:25 NNW 11 21,2 26,2 15:48 17,2 06:35 0,2 3,1 0,3 3,0 20,9 02:15 N 12 20,7 27,3 15:55 13,0 05:47 1,1 3,5 0,0 1,1 13,3 13:14 NNW 13 22,5 31,2 16:24 13,7 06:24 0,9 5,1 0,0 0,8 9,7 11:30 SE 14 24,4 33,6 17:36 14,4 05:38 0,5 6,6 0,0 1,0 11,2 12:24 SSW 15 25,9 34,7 15:51 17,4 05:38 0,1 7,7 0,0 0,9 9,7 17:46 SSE 16 25,9 34,9 17:22 17,9 06:26 0,0 7,6 6,0 1,5 14,8 16:00 NW 17 24,9 32,1 16:26 19,1 06:12 0,0 6,6 0,0 4,6 24,5 12:58 NW 18 23,4 31,0 16:43 18,3 06:20 0,0 5,1 10,2 1,1 12,2 13:05 NNE 19 24,7 29,6 16:34 21,2 04:57 0,0 6,4 2,4 1,5 12,2 01:07 ENE 20 25,4 31,6 15:11 20,7 06:44 0,0 7,1 0,0 0,8 8,6 11:38 E 21 25,1 31,4 16:17 20,6 22:57 0,0 6,8 0,3 2,0 29,5 22:20 NNW 22 22,7 29,9 15:46 15,7 06:28 0,2 4,6 0,3 2,0 18,4 00:06 NNW 23 22,7 30,8 16:16 14,4 05:03 0,7 5,2 0,0 1,1 14,8 13:18 NE 24 24,3 30,7 15:57 17,2 06:15 0,0 6,1 0,0 1,7 20,9 13:54 ENE 25 24,9 30,6 15:53 20,2 22:52 0,0 6,6 0,0 2,0 22,0 11:32 NE 26 24,4 30,9 15:55 19,4 01:28 0,0 6,1 0,0 1,8 17,3 11:07 N 27 24,2 32,4 16:17 15,5 06:39 0,4 6,3 0,0 1,4 15,8 17:46 N 28 25,1 33,9 16:23 17,3 06:10 0,1 6,8 0,0 1,0 15,8 14:25 W 29 26,0 34,3 15:25 18,5 05:14 0,0 7,7 0,0 1,1 14,8 15:30 NNW 30 24,9 30,2 13:10 21,2 23:26 0,0 6,6 1,5 1,9 15,8 13:49 N 31 24,7 31,3 16:00 19,2 06:19 0,0 6,4 0,0 1,6 13,3 10:17 NNE ---------------------------------------------------------------------------------- 24,3 34,9 16 13,0 12 4,8 190,7 39,6 1,8 39,2 5 N Max >= 27,0: 29 Max <= 0,0: 0 Min <= 0,0: 0 Min <= -18,0: 0 Max Rain: 10,2 on day 18 Days of Rain: 10 (>= 0,2 mm) 6 (>= 2,0 mm) 0 (>= 20,0 mm) Heat Base: 18,3 Cool Base: 18,3 Method: Integration