NOAA-Style Climate Reports
Select a Year or Month report
2024: Gen Feb Mar Apr Mag Giu Lug Ago Set Ott Nov Dic
2023: Gen Feb Mar Apr Mag Giu Lug Ago Set Ott Nov Dic
2022: Gen Feb Mar Apr Mag Giu Lug Ago Set Ott Nov Dic
2021: Gen Feb Mar Apr Mag Giu Lug Ago Set Ott Nov Dic
2020: Gen Feb Mar Apr Mag Giu Lug Ago Set Ott Nov Dic
2019: Gen Feb Mar Apr Mag Giu Lug Ago Set Ott Nov Dic
2018: Gen Feb Mar Apr Mag Giu Lug Ago Set Ott Nov Dic
2017: Gen Feb Mar Apr Mag Giu Lug Ago Set Ott Nov Dic
2016: Gen Feb Mar Apr Mag Giu Lug Ago Set Ott Nov Dic
2015: Gen Feb Mar Apr Mag Giu Lug Ago Set Ott Nov Dic
2014: Gen Feb Mar Apr Mag Giu Lug Ago Set Ott Nov Dic
2013: Gen Feb Mar Apr Mag Giu Lug Ago Set Ott Nov Dic
2024: Gen Feb Mar Apr Mag Giu Lug Ago Set Ott Nov Dic
2023: Gen Feb Mar Apr Mag Giu Lug Ago Set Ott Nov Dic
2022: Gen Feb Mar Apr Mag Giu Lug Ago Set Ott Nov Dic
2021: Gen Feb Mar Apr Mag Giu Lug Ago Set Ott Nov Dic
2020: Gen Feb Mar Apr Mag Giu Lug Ago Set Ott Nov Dic
2019: Gen Feb Mar Apr Mag Giu Lug Ago Set Ott Nov Dic
2018: Gen Feb Mar Apr Mag Giu Lug Ago Set Ott Nov Dic
2017: Gen Feb Mar Apr Mag Giu Lug Ago Set Ott Nov Dic
2016: Gen Feb Mar Apr Mag Giu Lug Ago Set Ott Nov Dic
2015: Gen Feb Mar Apr Mag Giu Lug Ago Set Ott Nov Dic
2014: Gen Feb Mar Apr Mag Giu Lug Ago Set Ott Nov Dic
2013: Gen Feb Mar Apr Mag Giu Lug Ago Set Ott Nov Dic
Report for 2016 Settembre
Monthly Climatological Summary for set 2016 Name: Meteo Arquà City: Arquà Polesine State: Italia Elevation: 0 ft Lat: N 45° 00' 16" Lon: E 011° 44' 26" Temperature (°C), Rain (mm), Wind Speed (km/h) Heat Cool Avg Mean Deg Deg Wind Dom Day Temp High Time Low Time Days Days Rain Speed High Time Dir ---------------------------------------------------------------------------------- 1 24,5 32,6 16:03 16,1 06:22 0,2 6,5 0,0 1,2 17,3 16:03 NNW 2 26,4 33,1 14:29 21,4 23:47 0,0 8,1 0,0 0,7 9,7 14:50 SE 3 25,1 33,8 15:56 15,7 18:46 0,1 6,5 0,0 0,5 12,2 16:25 SSE 4 26,1 33,5 14:35 19,8 05:58 0,0 7,8 0,0 0,7 13,3 16:35 S 5 24,1 30,1 14:40 20,3 23:46 0,0 5,8 0,0 1,9 13,3 02:01 NNE 6 20,7 29,2 14:32 15,2 06:51 0,4 2,9 4,2 1,4 15,8 16:55 SSW 7 22,4 29,4 15:09 15,9 07:21 0,4 4,5 0,6 3,5 24,5 13:16 NNE 8 23,8 29,9 16:30 16,5 06:43 0,1 5,5 0,0 2,0 24,5 13:41 NNE 9 25,1 32,0 15:03 18,6 06:25 0,0 6,8 0,0 1,7 17,3 10:49 NNE 10 25,4 32,2 14:36 19,3 06:54 0,0 7,1 0,0 2,0 17,3 11:41 NNE 11 24,4 31,7 14:17 15,7 22:44 0,1 4,9 0,0 1,3 14,8 11:58 N 12 25,0 32,2 15:46 18,3 06:34 0,0 6,7 0,0 1,2 13,3 14:31 NNE 13 24,4 32,7 15:29 15,7 19:36 0,1 6,3 1,8 1,4 18,4 12:03 NNW 14 24,1 32,5 14:42 16,8 07:07 0,1 5,9 0,0 1,0 9,7 14:27 S 15 23,4 28,7 13:10 20,4 02:43 0,0 5,1 0,0 1,2 12,2 14:52 NE 16 19,6 21,4 09:31 17,9 06:31 0,0 1,3 38,1 1,2 12,2 23:27 N 17 20,4 25,9 15:50 16,2 05:46 0,5 2,7 1,8 3,7 30,6 01:34 WNW 18 19,7 25,1 15:25 16,3 23:04 0,6 2,0 0,3 3,1 20,9 00:57 NW 19 20,5 27,5 15:16 15,1 07:24 0,9 3,1 0,0 2,2 15,8 12:51 NW 20 19,5 27,8 15:27 14,3 05:43 0,9 2,1 0,9 1,2 19,4 16:51 NNW 21 17,4 19,2 18:22 15,9 12:49 1,0 0,1 25,8 2,4 15,8 04:34 NNE 22 18,5 25,1 15:19 13,4 23:43 1,4 1,6 0,0 1,2 13,3 09:07 NE 23 17,4 25,1 14:06 10,7 05:57 2,9 2,0 0,0 0,5 8,6 13:41 SSE 24 18,8 26,9 16:04 12,1 07:34 1,9 2,4 0,0 0,8 13,3 11:49 NNW 25 17,8 26,1 16:22 11,9 07:05 2,3 1,8 0,0 1,1 92,2 03:40 NNW 26 18,7 26,4 15:42 12,1 07:10 1,9 2,3 0,0 0,7 11,2 15:23 ENE 27 18,7 26,2 14:32 12,6 07:14 1,8 2,2 0,0 0,4 8,6 12:44 SSE 28 18,6 26,0 15:35 12,2 07:24 2,0 2,3 0,0 0,5 11,2 15:00 NW 29 18,6 26,5 15:30 12,3 07:14 2,0 2,3 0,0 0,5 8,6 12:59 S 30 18,9 26,4 15:41 12,0 06:57 1,9 2,5 0,0 1,7 20,9 13:26 NW ---------------------------------------------------------------------------------- 21,6 33,8 3 10,7 23 23,5 121,1 73,5 1,4 92,2 25 N Max >= 27,0: 17 Max <= 0,0: 0 Min <= 0,0: 0 Min <= -18,0: 0 Max Rain: 38,1 on day 16 Days of Rain: 8 (>= 0,2 mm) 3 (>= 2,0 mm) 2 (>= 20,0 mm) Heat Base: 18,3 Cool Base: 18,3 Method: Integration