NOAA-Style Climate Reports
Select a Year or Month report
2024: Gen Feb Mar Apr Mag Giu Lug Ago Set Ott Nov Dic
2023: Gen Feb Mar Apr Mag Giu Lug Ago Set Ott Nov Dic
2022: Gen Feb Mar Apr Mag Giu Lug Ago Set Ott Nov Dic
2021: Gen Feb Mar Apr Mag Giu Lug Ago Set Ott Nov Dic
2020: Gen Feb Mar Apr Mag Giu Lug Ago Set Ott Nov Dic
2019: Gen Feb Mar Apr Mag Giu Lug Ago Set Ott Nov Dic
2018: Gen Feb Mar Apr Mag Giu Lug Ago Set Ott Nov Dic
2017: Gen Feb Mar Apr Mag Giu Lug Ago Set Ott Nov Dic
2016: Gen Feb Mar Apr Mag Giu Lug Ago Set Ott Nov Dic
2015: Gen Feb Mar Apr Mag Giu Lug Ago Set Ott Nov Dic
2014: Gen Feb Mar Apr Mag Giu Lug Ago Set Ott Nov Dic
2013: Gen Feb Mar Apr Mag Giu Lug Ago Set Ott Nov Dic
2024: Gen Feb Mar Apr Mag Giu Lug Ago Set Ott Nov Dic
2023: Gen Feb Mar Apr Mag Giu Lug Ago Set Ott Nov Dic
2022: Gen Feb Mar Apr Mag Giu Lug Ago Set Ott Nov Dic
2021: Gen Feb Mar Apr Mag Giu Lug Ago Set Ott Nov Dic
2020: Gen Feb Mar Apr Mag Giu Lug Ago Set Ott Nov Dic
2019: Gen Feb Mar Apr Mag Giu Lug Ago Set Ott Nov Dic
2018: Gen Feb Mar Apr Mag Giu Lug Ago Set Ott Nov Dic
2017: Gen Feb Mar Apr Mag Giu Lug Ago Set Ott Nov Dic
2016: Gen Feb Mar Apr Mag Giu Lug Ago Set Ott Nov Dic
2015: Gen Feb Mar Apr Mag Giu Lug Ago Set Ott Nov Dic
2014: Gen Feb Mar Apr Mag Giu Lug Ago Set Ott Nov Dic
2013: Gen Feb Mar Apr Mag Giu Lug Ago Set Ott Nov Dic
Report for 2017 Aprile
Monthly Climatological Summary for apr 2017 Name: Meteo Arquà City: Arquà Polesine State: Italia Elevation: 0 ft Lat: N 45° 00' 16" Lon: E 011° 44' 26" Temperature (°C), Rain (mm), Wind Speed (km/h) Heat Cool Avg Mean Deg Deg Wind Dom Day Temp High Time Low Time Days Days Rain Speed High Time Dir ---------------------------------------------------------------------------------- 1 16,0 23,0 15:44 11,6 06:47 3,2 0,9 0,0 1,2 13,3 23:26 ESE 2 14,9 19,9 15:22 11,0 07:33 3,4 0,0 0,0 2,9 19,4 13:25 E 3 16,3 25,6 17:02 7,1 07:06 3,9 1,9 0,0 4,3 25,6 13:48 NW 4 17,4 25,1 15:00 8,9 07:35 3,1 2,1 0,0 2,3 207,0 05:33 NNW 5 14,7 20,3 15:32 11,5 23:15 3,7 0,1 0,9 3,4 19,4 00:52 N 6 13,7 20,9 16:13 8,3 06:40 5,0 0,4 0,0 1,2 17,3 12:55 SW 7 15,2 21,0 13:54 10,7 23:58 3,6 0,5 0,0 1,1 13,3 16:24 NNW 8 15,2 24,3 15:11 6,9 07:07 4,6 1,5 0,0 0,7 11,2 14:45 S 9 16,7 25,1 15:12 10,0 04:03 3,3 1,7 0,0 1,2 11,2 10:03 SE 10 17,4 26,1 16:20 8,3 07:17 3,1 2,1 0,0 0,9 12,2 14:49 SSE 11 17,6 24,3 13:50 12,2 07:04 2,3 1,7 0,0 1,5 15,8 15:56 E 12 17,3 24,3 15:07 11,8 05:28 2,4 1,4 0,0 1,0 11,2 12:49 ESE 13 17,5 25,1 17:14 10,2 06:24 2,7 1,9 0,0 0,7 13,3 12:44 WNW 14 19,4 27,3 15:41 14,8 06:50 1,2 2,3 0,0 1,1 11,2 11:58 ESE 15 16,4 20,6 12:06 12,9 06:55 2,1 0,1 4,2 1,5 14,8 12:14 NE 16 16,8 25,0 12:54 10,2 05:53 2,8 1,2 6,6 2,3 27,0 22:37 NNW 17 14,3 20,1 16:17 9,5 07:14 4,2 0,2 0,3 1,7 19,4 00:02 SE 18 9,5 15,5 10:16 5,8 23:36 8,9 0,0 6,0 2,4 33,1 10:56 N 19 9,5 17,1 14:31 2,8 06:05 8,8 0,0 0,0 3,2 23,4 14:34 NW 20 10,2 18,4 16:24 2,4 06:49 8,1 0,0 0,0 1,5 17,3 12:20 W 21 11,3 18,2 16:33 4,2 06:45 7,0 0,0 0,0 1,3 14,8 13:19 SW 22 12,7 22,9 17:10 2,7 05:55 6,3 0,7 0,0 1,2 14,8 15:26 WSW 23 13,7 21,4 15:32 6,5 05:59 4,8 0,3 0,0 1,3 13,3 15:10 SE 24 15,9 21,1 16:15 12,4 06:52 2,6 0,3 0,0 1,7 14,8 15:20 ENE 25 16,3 23,5 16:35 11,6 06:29 2,7 0,7 3,0 1,5 17,3 00:47 NE 26 15,5 18,7 15:32 13,2 06:28 2,8 0,0 2,4 1,3 12,2 18:47 S 27 16,2 19,4 17:23 14,2 02:41 2,2 0,1 8,7 1,0 13,3 22:08 NNW 28 14,1 18,0 12:55 8,5 22:39 4,2 0,0 0,3 4,8 35,6 14:09 NW 29 13,3 20,1 17:07 5,9 06:00 5,2 0,2 0,0 1,3 15,8 09:42 ENE 30 13,2 21,6 16:23 5,2 05:42 5,4 0,4 0,0 1,1 13,3 11:22 NE ---------------------------------------------------------------------------------- 14,9 27,3 14 2,4 20 123,6 22,7 32,4 1,7 207,0 4 N Max >= 27,0: 1 Max <= 0,0: 0 Min <= 0,0: 0 Min <= -18,0: 0 Max Rain: 8,7 on day 27 Days of Rain: 9 (>= 0,2 mm) 6 (>= 2,0 mm) 0 (>= 20,0 mm) Heat Base: 18,3 Cool Base: 18,3 Method: Integration