NOAA-Style Climate Reports
Select a Year or Month report
2024: Gen Feb Mar Apr Mag Giu Lug Ago Set Ott Nov Dic
2023: Gen Feb Mar Apr Mag Giu Lug Ago Set Ott Nov Dic
2022: Gen Feb Mar Apr Mag Giu Lug Ago Set Ott Nov Dic
2021: Gen Feb Mar Apr Mag Giu Lug Ago Set Ott Nov Dic
2020: Gen Feb Mar Apr Mag Giu Lug Ago Set Ott Nov Dic
2019: Gen Feb Mar Apr Mag Giu Lug Ago Set Ott Nov Dic
2018: Gen Feb Mar Apr Mag Giu Lug Ago Set Ott Nov Dic
2017: Gen Feb Mar Apr Mag Giu Lug Ago Set Ott Nov Dic
2016: Gen Feb Mar Apr Mag Giu Lug Ago Set Ott Nov Dic
2015: Gen Feb Mar Apr Mag Giu Lug Ago Set Ott Nov Dic
2014: Gen Feb Mar Apr Mag Giu Lug Ago Set Ott Nov Dic
2013: Gen Feb Mar Apr Mag Giu Lug Ago Set Ott Nov Dic
2024: Gen Feb Mar Apr Mag Giu Lug Ago Set Ott Nov Dic
2023: Gen Feb Mar Apr Mag Giu Lug Ago Set Ott Nov Dic
2022: Gen Feb Mar Apr Mag Giu Lug Ago Set Ott Nov Dic
2021: Gen Feb Mar Apr Mag Giu Lug Ago Set Ott Nov Dic
2020: Gen Feb Mar Apr Mag Giu Lug Ago Set Ott Nov Dic
2019: Gen Feb Mar Apr Mag Giu Lug Ago Set Ott Nov Dic
2018: Gen Feb Mar Apr Mag Giu Lug Ago Set Ott Nov Dic
2017: Gen Feb Mar Apr Mag Giu Lug Ago Set Ott Nov Dic
2016: Gen Feb Mar Apr Mag Giu Lug Ago Set Ott Nov Dic
2015: Gen Feb Mar Apr Mag Giu Lug Ago Set Ott Nov Dic
2014: Gen Feb Mar Apr Mag Giu Lug Ago Set Ott Nov Dic
2013: Gen Feb Mar Apr Mag Giu Lug Ago Set Ott Nov Dic
Report for 2017 Maggio
Monthly Climatological Summary for mag 2017 Name: Meteo Arquà City: Arquà Polesine State: Italia Elevation: 0 ft Lat: N 45° 00' 16" Lon: E 011° 44' 26" Temperature (°C), Rain (mm), Wind Speed (km/h) Heat Cool Avg Mean Deg Deg Wind Dom Day Temp High Time Low Time Days Days Rain Speed High Time Dir ---------------------------------------------------------------------------------- 1 12,8 21,7 12:49 7,3 05:51 5,7 0,3 2,1 2,0 20,9 19:17 NE 2 13,5 22,6 15:51 5,7 05:58 5,3 0,5 0,0 2,8 17,3 09:10 NW 3 14,1 19,3 16:31 10,2 23:59 4,2 0,0 4,2 1,8 31,7 18:43 N 4 14,4 20,2 12:31 10,0 00:25 3,9 0,1 2,1 1,1 14,8 13:11 NW 5 15,8 23,6 17:15 10,1 04:45 3,5 1,1 0,3 3,7 20,9 10:15 NW 6 14,7 20,3 14:35 11,4 05:02 3,6 0,1 13,8 1,7 18,4 14:31 ESE 7 13,4 15,4 17:19 11,0 23:24 4,9 0,0 1,5 7,4 31,7 15:20 NW 8 15,1 23,0 19:16 8,9 04:40 3,6 0,4 0,6 2,2 14,8 12:21 NW 9 16,7 22,4 16:07 12,3 23:36 2,4 0,7 1,2 1,0 14,8 10:43 W 10 15,8 21,4 15:10 11,5 06:16 2,9 0,4 0,0 1,9 15,8 08:16 NE 11 16,8 24,3 14:31 12,4 03:46 2,3 0,7 0,0 1,8 20,9 10:37 NE 12 18,8 26,1 15:36 13,1 03:34 1,4 1,9 0,0 2,4 17,3 12:12 NW 13 19,7 26,9 18:20 12,6 05:05 1,4 2,8 1,8 3,5 25,6 10:30 NW 14 20,6 28,6 16:10 12,4 05:50 1,3 3,6 0,0 1,8 20,9 13:41 NW 15 21,2 27,2 16:26 16,3 05:44 0,3 3,2 0,6 3,4 22,0 19:23 N 16 22,0 29,1 16:33 15,7 15:07 0,2 4,0 0,0 3,2 12,2 00:00 NNE 17 21,9 30,1 16:12 13,4 05:16 1,1 4,6 0,0 0,9 14,8 16:00 E 18 22,2 29,3 15:57 15,4 05:25 0,5 4,4 0,0 0,9 11,2 13:33 ESE 19 21,6 29,5 14:47 16,0 23:42 0,2 3,5 0,0 2,6 37,8 16:00 WNW 20 15,8 20,0 15:36 12,9 04:45 2,6 0,1 2,1 1,8 17,3 16:37 NW 21 20,5 27,5 16:52 12,8 04:55 1,3 3,5 0,3 2,2 15,8 14:15 NW 22 21,7 29,9 16:15 12,8 05:18 1,3 4,6 0,0 0,9 11,2 12:22 W 23 23,0 30,7 16:48 14,7 04:30 0,6 5,3 0,0 1,8 15,8 13:47 WNW 24 23,4 31,1 16:16 16,1 05:47 0,2 5,4 0,0 1,4 14,8 16:05 WNW 25 21,8 26,6 14:35 16,5 23:51 0,1 3,6 0,0 1,8 14,8 15:08 SE 26 21,3 28,8 15:16 12,9 04:39 0,9 3,9 0,0 0,7 8,6 11:55 SE 27 22,2 30,8 16:17 13,8 04:08 0,9 4,8 0,0 0,5 9,7 16:38 SSE 28 23,9 31,9 15:18 15,3 04:28 0,4 6,0 0,0 0,7 13,3 17:06 SE 29 24,3 32,1 15:50 15,7 04:04 0,2 6,2 0,0 0,8 11,2 14:20 SSE 30 25,3 32,8 15:39 18,2 04:36 0,0 7,0 0,0 1,1 12,2 18:30 SE 31 25,3 32,7 16:27 17,4 05:45 0,0 7,1 0,0 2,1 17,3 12:50 NW ---------------------------------------------------------------------------------- 19,3 32,8 30 5,7 2 57,2 89,8 30,6 2,0 37,8 19 NW Max >= 27,0: 16 Max <= 0,0: 0 Min <= 0,0: 0 Min <= -18,0: 0 Max Rain: 13,8 on day 6 Days of Rain: 12 (>= 0,2 mm) 5 (>= 2,0 mm) 0 (>= 20,0 mm) Heat Base: 18,3 Cool Base: 18,3 Method: Integration