NOAA-Style Climate Reports
Select a Year or Month report
2024: Gen Feb Mar Apr Mag Giu Lug Ago Set Ott Nov Dic
2023: Gen Feb Mar Apr Mag Giu Lug Ago Set Ott Nov Dic
2022: Gen Feb Mar Apr Mag Giu Lug Ago Set Ott Nov Dic
2021: Gen Feb Mar Apr Mag Giu Lug Ago Set Ott Nov Dic
2020: Gen Feb Mar Apr Mag Giu Lug Ago Set Ott Nov Dic
2019: Gen Feb Mar Apr Mag Giu Lug Ago Set Ott Nov Dic
2018: Gen Feb Mar Apr Mag Giu Lug Ago Set Ott Nov Dic
2017: Gen Feb Mar Apr Mag Giu Lug Ago Set Ott Nov Dic
2016: Gen Feb Mar Apr Mag Giu Lug Ago Set Ott Nov Dic
2015: Gen Feb Mar Apr Mag Giu Lug Ago Set Ott Nov Dic
2014: Gen Feb Mar Apr Mag Giu Lug Ago Set Ott Nov Dic
2013: Gen Feb Mar Apr Mag Giu Lug Ago Set Ott Nov Dic
2024: Gen Feb Mar Apr Mag Giu Lug Ago Set Ott Nov Dic
2023: Gen Feb Mar Apr Mag Giu Lug Ago Set Ott Nov Dic
2022: Gen Feb Mar Apr Mag Giu Lug Ago Set Ott Nov Dic
2021: Gen Feb Mar Apr Mag Giu Lug Ago Set Ott Nov Dic
2020: Gen Feb Mar Apr Mag Giu Lug Ago Set Ott Nov Dic
2019: Gen Feb Mar Apr Mag Giu Lug Ago Set Ott Nov Dic
2018: Gen Feb Mar Apr Mag Giu Lug Ago Set Ott Nov Dic
2017: Gen Feb Mar Apr Mag Giu Lug Ago Set Ott Nov Dic
2016: Gen Feb Mar Apr Mag Giu Lug Ago Set Ott Nov Dic
2015: Gen Feb Mar Apr Mag Giu Lug Ago Set Ott Nov Dic
2014: Gen Feb Mar Apr Mag Giu Lug Ago Set Ott Nov Dic
2013: Gen Feb Mar Apr Mag Giu Lug Ago Set Ott Nov Dic
Report for 2017 Giugnio
Monthly Climatological Summary for giu 2017 Name: Meteo Arquà City: Arquà Polesine State: Italia Elevation: 0 ft Lat: N 45° 00' 16" Lon: E 011° 44' 26" Temperature (°C), Rain (mm), Wind Speed (km/h) Heat Cool Avg Mean Deg Deg Wind Dom Day Temp High Time Low Time Days Days Rain Speed High Time Dir ---------------------------------------------------------------------------------- 1 24,3 32,0 18:31 17,2 05:29 0,1 6,1 0,0 1,5 15,8 16:47 WNW 2 23,8 32,8 15:04 15,2 05:04 0,3 5,8 0,0 1,4 24,5 15:18 NW 3 25,1 33,1 17:47 16,5 05:12 0,1 6,9 0,0 1,4 18,4 10:31 WNW 4 24,8 31,6 15:59 16,7 05:41 0,1 6,6 0,0 3,8 25,6 13:18 WNW 5 24,1 29,9 14:03 19,6 05:15 0,0 5,8 0,0 2,4 29,5 20:31 NE 6 22,7 29,7 18:15 16,8 05:10 0,1 4,5 0,6 2,2 25,6 20:14 WNW 7 21,9 29,9 15:03 15,0 04:30 0,6 4,2 0,6 2,5 20,9 21:19 NW 8 21,0 27,7 17:41 13,6 05:31 0,9 3,6 0,0 1,9 17,3 01:51 NNE 9 21,8 31,2 17:32 11,2 04:59 1,6 5,1 0,0 0,7 12,2 14:25 W 10 24,0 32,1 17:11 17,1 05:35 0,1 5,9 0,0 0,8 11,2 12:28 N 11 24,8 31,7 15:40 15,6 04:26 0,3 6,8 0,0 1,1 11,2 12:25 SE 12 25,9 33,2 15:31 17,3 03:50 0,0 7,6 0,0 1,3 11,2 13:38 SE 13 27,1 34,6 15:31 21,0 04:37 0,0 8,8 0,0 1,4 12,2 14:06 E 14 26,6 32,3 15:53 22,4 03:54 0,0 8,3 0,6 1,9 18,4 18:12 ENE 15 25,6 32,7 17:28 20,5 04:36 0,0 7,2 1,5 1,6 12,2 00:38 N 16 27,5 34,1 16:13 21,2 03:51 0,0 9,2 0,0 1,6 18,4 16:39 NNW 17 26,9 32,1 15:48 22,3 05:50 0,0 8,6 0,0 2,0 14,8 16:32 S 18 25,1 31,1 17:27 18,9 23:57 0,0 6,8 0,0 1,0 15,8 12:33 SE 19 24,5 32,8 16:00 14,1 05:28 0,6 6,8 0,0 0,8 15,8 15:24 NW 20 26,2 34,4 15:42 16,4 04:49 0,1 8,0 0,0 1,0 13,3 14:54 S 21 27,4 35,2 17:54 19,6 05:35 0,0 9,1 0,0 1,5 13,3 15:46 NNW 22 29,2 36,6 18:05 21,7 06:14 0,0 10,9 0,0 1,1 12,2 14:57 NW 23 27,3 35,8 16:00 15,7 21:11 0,1 9,3 0,0 4,3 24,5 09:42 NW 24 29,2 36,8 17:14 22,1 05:15 0,0 10,9 0,0 1,3 12,2 08:34 N 25 26,0 30,6 13:22 22,4 06:14 0,0 7,7 0,0 2,0 17,3 11:14 NNW 26 26,5 33,7 16:06 20,6 05:58 0,0 8,2 0,0 1,1 9,7 15:18 NE 27 26,2 31,9 16:10 21,7 05:50 0,0 7,9 0,0 2,0 20,9 13:18 ENE 28 24,4 33,0 12:20 18,2 22:46 0,0 6,1 7,2 1,5 30,6 19:54 WNW 29 23,1 30,8 15:33 16,7 05:14 0,2 5,1 0,0 3,4 29,5 14:47 WNW 30 22,0 27,3 11:44 15,0 05:28 0,5 4,2 0,0 0,9 12,2 19:21 E ---------------------------------------------------------------------------------- 25,2 36,8 24 11,2 9 5,7 212,0 10,5 1,7 30,6 28 NNW Max >= 27,0: 30 Max <= 0,0: 0 Min <= 0,0: 0 Min <= -18,0: 0 Max Rain: 7,2 on day 28 Days of Rain: 5 (>= 0,2 mm) 1 (>= 2,0 mm) 0 (>= 20,0 mm) Heat Base: 18,3 Cool Base: 18,3 Method: Integration