NOAA-Style Climate Reports
Select a Year or Month report
2024: Gen Feb Mar Apr Mag Giu Lug Ago Set Ott Nov Dic
2023: Gen Feb Mar Apr Mag Giu Lug Ago Set Ott Nov Dic
2022: Gen Feb Mar Apr Mag Giu Lug Ago Set Ott Nov Dic
2021: Gen Feb Mar Apr Mag Giu Lug Ago Set Ott Nov Dic
2020: Gen Feb Mar Apr Mag Giu Lug Ago Set Ott Nov Dic
2019: Gen Feb Mar Apr Mag Giu Lug Ago Set Ott Nov Dic
2018: Gen Feb Mar Apr Mag Giu Lug Ago Set Ott Nov Dic
2017: Gen Feb Mar Apr Mag Giu Lug Ago Set Ott Nov Dic
2016: Gen Feb Mar Apr Mag Giu Lug Ago Set Ott Nov Dic
2015: Gen Feb Mar Apr Mag Giu Lug Ago Set Ott Nov Dic
2014: Gen Feb Mar Apr Mag Giu Lug Ago Set Ott Nov Dic
2013: Gen Feb Mar Apr Mag Giu Lug Ago Set Ott Nov Dic
2024: Gen Feb Mar Apr Mag Giu Lug Ago Set Ott Nov Dic
2023: Gen Feb Mar Apr Mag Giu Lug Ago Set Ott Nov Dic
2022: Gen Feb Mar Apr Mag Giu Lug Ago Set Ott Nov Dic
2021: Gen Feb Mar Apr Mag Giu Lug Ago Set Ott Nov Dic
2020: Gen Feb Mar Apr Mag Giu Lug Ago Set Ott Nov Dic
2019: Gen Feb Mar Apr Mag Giu Lug Ago Set Ott Nov Dic
2018: Gen Feb Mar Apr Mag Giu Lug Ago Set Ott Nov Dic
2017: Gen Feb Mar Apr Mag Giu Lug Ago Set Ott Nov Dic
2016: Gen Feb Mar Apr Mag Giu Lug Ago Set Ott Nov Dic
2015: Gen Feb Mar Apr Mag Giu Lug Ago Set Ott Nov Dic
2014: Gen Feb Mar Apr Mag Giu Lug Ago Set Ott Nov Dic
2013: Gen Feb Mar Apr Mag Giu Lug Ago Set Ott Nov Dic
Report for 2017 Luglio
Monthly Climatological Summary for lug 2017 Name: Meteo Arquà City: Arquà Polesine State: Italia Elevation: 0 ft Lat: N 45° 00' 16" Lon: E 011° 44' 26" Temperature (°C), Rain (mm), Wind Speed (km/h) Heat Cool Avg Mean Deg Deg Wind Dom Day Temp High Time Low Time Days Days Rain Speed High Time Dir ---------------------------------------------------------------------------------- 1 22,2 29,0 16:42 14,4 04:57 0,7 4,6 0,0 2,1 17,3 12:47 WNW 2 22,4 28,4 13:59 14,4 05:54 0,6 4,7 0,0 2,8 24,5 13:28 NW 3 25,2 32,9 15:15 16,7 06:44 0,2 7,1 0,0 1,2 14,8 13:23 S 4 25,7 31,6 15:38 20,2 05:31 0,0 7,4 0,0 1,9 15,8 11:18 E 5 27,0 33,9 14:58 18,7 05:54 0,0 8,7 0,0 0,9 9,7 11:59 SE 6 27,8 35,9 17:40 19,9 06:26 0,0 9,5 0,0 1,0 13,3 14:52 WNW 7 28,2 36,1 17:05 18,4 05:40 0,0 9,9 0,3 2,0 15,8 13:12 NW 8 29,1 36,9 17:29 21,0 05:48 0,0 11,0 0,0 1,0 13,3 15:58 NNE 9 28,4 35,3 15:05 21,5 06:10 0,0 10,1 0,0 1,4 25,6 01:29 NE 10 28,4 35,1 17:42 22,1 05:48 0,0 10,1 0,0 1,8 18,4 13:05 W 11 25,2 34,6 15:44 15,7 19:37 0,1 7,1 2,4 2,7 41,8 17:39 WNW 12 25,9 32,7 16:49 19,6 04:19 0,0 7,6 0,3 2,0 19,4 14:21 NW 13 27,3 33,4 16:51 21,1 05:51 0,0 9,0 0,3 1,1 13,3 13:35 E 14 23,8 28,2 17:12 18,2 10:28 0,0 5,5 1,8 2,7 27,0 09:53 N 15 24,1 32,1 16:14 17,4 06:11 0,0 5,9 0,0 1,8 12,2 17:49 N 16 23,9 29,3 18:10 16,7 06:03 0,1 5,7 0,0 1,5 13,3 10:46 E 17 23,7 31,9 16:54 14,4 06:16 0,5 6,0 0,0 0,9 9,7 09:28 N 18 25,2 33,7 17:30 15,2 05:56 0,4 7,3 0,0 0,9 12,2 12:00 NNW 19 26,1 34,6 16:10 16,9 05:08 0,1 7,9 0,0 0,8 11,2 14:12 ENE 20 26,5 33,5 16:26 18,7 05:36 0,0 8,2 0,0 1,2 12,2 13:10 NW 21 27,5 33,7 16:10 22,1 01:32 0,0 9,2 0,6 1,4 13,3 14:31 ESE 22 27,4 34,5 16:45 21,3 06:30 0,0 9,1 0,0 2,5 19,4 12:41 NW 23 28,0 35,0 16:14 20,6 06:19 0,0 9,7 0,0 2,8 19,4 13:09 NW 24 24,2 34,4 14:26 18,2 23:17 0,0 5,9 12,6 1,7 35,6 14:44 NNW 25 22,6 31,0 16:42 16,5 05:13 0,3 4,5 0,0 1,2 22,0 18:45 NNW 26 22,5 29,7 16:41 14,9 06:30 0,4 4,6 0,0 4,2 25,6 15:15 NW 27 24,4 32,3 15:29 16,6 06:21 0,1 6,2 0,0 1,2 11,2 12:27 NNW 28 26,4 34,4 17:13 19,0 06:38 0,0 8,1 0,0 1,3 11,2 11:51 NNW 29 27,2 33,4 16:15 22,1 04:05 0,0 8,9 0,0 1,6 13,3 11:05 ENE 30 26,4 34,2 17:04 20,6 05:57 0,0 8,1 0,0 2,7 24,5 00:51 NW 31 27,9 35,7 17:42 21,1 06:09 0,0 9,6 0,0 0,9 12,2 13:55 NNW ---------------------------------------------------------------------------------- 25,8 36,9 8 14,4 1 3,5 237,2 18,3 1,7 41,8 11 NNW Max >= 27,0: 31 Max <= 0,0: 0 Min <= 0,0: 0 Min <= -18,0: 0 Max Rain: 12,6 on day 24 Days of Rain: 7 (>= 0,2 mm) 2 (>= 2,0 mm) 0 (>= 20,0 mm) Heat Base: 18,3 Cool Base: 18,3 Method: Integration