NOAA-Style Climate Reports
Select a Year or Month report
2024: Gen Feb Mar Apr Mag Giu Lug Ago Set Ott Nov Dic
2023: Gen Feb Mar Apr Mag Giu Lug Ago Set Ott Nov Dic
2022: Gen Feb Mar Apr Mag Giu Lug Ago Set Ott Nov Dic
2021: Gen Feb Mar Apr Mag Giu Lug Ago Set Ott Nov Dic
2020: Gen Feb Mar Apr Mag Giu Lug Ago Set Ott Nov Dic
2019: Gen Feb Mar Apr Mag Giu Lug Ago Set Ott Nov Dic
2018: Gen Feb Mar Apr Mag Giu Lug Ago Set Ott Nov Dic
2017: Gen Feb Mar Apr Mag Giu Lug Ago Set Ott Nov Dic
2016: Gen Feb Mar Apr Mag Giu Lug Ago Set Ott Nov Dic
2015: Gen Feb Mar Apr Mag Giu Lug Ago Set Ott Nov Dic
2014: Gen Feb Mar Apr Mag Giu Lug Ago Set Ott Nov Dic
2013: Gen Feb Mar Apr Mag Giu Lug Ago Set Ott Nov Dic
2024: Gen Feb Mar Apr Mag Giu Lug Ago Set Ott Nov Dic
2023: Gen Feb Mar Apr Mag Giu Lug Ago Set Ott Nov Dic
2022: Gen Feb Mar Apr Mag Giu Lug Ago Set Ott Nov Dic
2021: Gen Feb Mar Apr Mag Giu Lug Ago Set Ott Nov Dic
2020: Gen Feb Mar Apr Mag Giu Lug Ago Set Ott Nov Dic
2019: Gen Feb Mar Apr Mag Giu Lug Ago Set Ott Nov Dic
2018: Gen Feb Mar Apr Mag Giu Lug Ago Set Ott Nov Dic
2017: Gen Feb Mar Apr Mag Giu Lug Ago Set Ott Nov Dic
2016: Gen Feb Mar Apr Mag Giu Lug Ago Set Ott Nov Dic
2015: Gen Feb Mar Apr Mag Giu Lug Ago Set Ott Nov Dic
2014: Gen Feb Mar Apr Mag Giu Lug Ago Set Ott Nov Dic
2013: Gen Feb Mar Apr Mag Giu Lug Ago Set Ott Nov Dic
Report for 2017 Agosto
Monthly Climatological Summary for ago 2017 Name: Meteo Arquà City: Arquà Polesine State: Italia Elevation: 0 ft Lat: N 45° 00' 16" Lon: E 011° 44' 26" Temperature (°C), Rain (mm), Wind Speed (km/h) Heat Cool Avg Mean Deg Deg Wind Dom Day Temp High Time Low Time Days Days Rain Speed High Time Dir ---------------------------------------------------------------------------------- 1 28,7 36,9 17:17 20,5 06:11 0,0 10,4 0,0 0,6 11,2 16:08 E 2 30,0 37,8 16:22 21,7 02:38 0,0 11,7 0,0 2,4 19,4 13:45 NW 3 30,8 38,5 16:26 23,4 06:18 0,0 12,5 0,0 0,7 8,6 07:33 ENE 4 31,3 38,7 17:36 23,4 06:00 0,0 13,0 0,0 1,5 15,8 13:56 NW 5 30,8 37,1 16:26 25,0 02:45 0,0 12,5 0,3 1,5 14,8 09:22 N 6 29,0 37,0 15:31 23,0 06:27 0,0 10,7 1,2 2,0 25,6 18:26 NNW 7 25,6 31,0 15:58 20,6 05:10 0,0 7,3 0,0 2,6 20,9 08:50 N 8 26,0 33,0 13:54 19,9 05:37 0,0 7,7 0,0 2,2 15,8 16:22 NNE 9 28,8 35,9 14:38 23,2 05:58 0,0 10,5 0,6 1,9 17,3 16:25 NNE 10 25,8 31,6 11:35 21,9 23:58 0,0 7,5 0,3 0,9 13,3 15:16 NE 11 23,6 30,8 14:34 15,8 23:59 0,1 5,4 0,0 2,9 34,2 18:53 WSW 12 22,1 29,9 16:19 15,2 02:19 0,8 4,6 0,0 2,0 19,4 09:13 WNW 13 24,2 33,4 15:59 15,7 04:45 0,4 6,3 0,0 0,8 11,2 14:20 E 14 25,5 33,9 16:50 18,1 04:08 0,0 7,2 0,0 0,9 12,2 13:28 E 15 26,4 35,1 16:06 17,6 05:36 0,0 8,1 0,0 0,9 14,8 15:31 NW 16 26,5 33,9 16:27 19,8 06:28 0,0 8,2 0,0 0,5 9,7 17:36 NE 17 27,6 35,1 16:27 20,4 04:11 0,0 9,3 0,0 1,2 12,2 14:51 N 18 27,6 36,2 15:37 18,3 05:35 0,0 9,3 0,0 0,8 12,2 15:46 ENE 19 25,9 32,6 14:31 20,2 23:59 0,0 7,6 0,3 2,5 49,0 19:23 NW 20 23,2 29,2 16:00 17,4 07:10 0,0 4,9 0,0 3,0 17,3 14:47 NNW 21 23,5 29,4 15:03 17,1 06:34 0,1 5,2 0,3 1,6 17,3 11:37 NE 22 22,4 30,1 15:54 14,9 03:04 0,6 4,7 0,0 1,0 13,3 16:48 N 23 23,4 31,2 15:17 15,4 05:47 0,5 5,6 0,0 0,9 11,2 16:06 E 24 25,0 33,0 14:40 17,7 02:19 0,0 6,7 0,0 0,9 18,4 18:12 E 25 26,7 33,7 16:45 20,9 05:58 0,0 8,4 0,0 1,3 11,2 14:01 N 26 27,0 35,7 17:14 19,3 06:10 0,0 8,7 0,0 0,7 11,2 13:00 NW 27 28,0 37,5 17:56 19,2 06:37 0,0 9,7 0,0 1,8 23,4 12:48 WNW 28 27,0 32,2 17:42 21,8 23:59 0,0 8,7 0,0 1,4 24,5 20:44 ENE 29 25,0 32,4 16:06 17,7 04:30 0,0 6,7 0,0 1,2 13,3 00:45 NE 30 25,3 33,6 15:10 17,0 06:20 0,1 7,1 0,0 0,7 9,7 14:49 E 31 26,8 34,1 15:05 20,8 06:12 0,0 8,5 0,0 1,3 14,8 15:06 N ---------------------------------------------------------------------------------- 26,4 38,7 4 14,9 22 2,6 254,7 3,0 1,4 49,0 19 N Max >= 27,0: 31 Max <= 0,0: 0 Min <= 0,0: 0 Min <= -18,0: 0 Max Rain: 1,2 on day 6 Days of Rain: 6 (>= 0,2 mm) 0 (>= 2,0 mm) 0 (>= 20,0 mm) Heat Base: 18,3 Cool Base: 18,3 Method: Integration