NOAA-Style Climate Reports
Select a Year or Month report
2024: Gen Feb Mar Apr Mag Giu Lug Ago Set Ott Nov Dic
2023: Gen Feb Mar Apr Mag Giu Lug Ago Set Ott Nov Dic
2022: Gen Feb Mar Apr Mag Giu Lug Ago Set Ott Nov Dic
2021: Gen Feb Mar Apr Mag Giu Lug Ago Set Ott Nov Dic
2020: Gen Feb Mar Apr Mag Giu Lug Ago Set Ott Nov Dic
2019: Gen Feb Mar Apr Mag Giu Lug Ago Set Ott Nov Dic
2018: Gen Feb Mar Apr Mag Giu Lug Ago Set Ott Nov Dic
2017: Gen Feb Mar Apr Mag Giu Lug Ago Set Ott Nov Dic
2016: Gen Feb Mar Apr Mag Giu Lug Ago Set Ott Nov Dic
2015: Gen Feb Mar Apr Mag Giu Lug Ago Set Ott Nov Dic
2014: Gen Feb Mar Apr Mag Giu Lug Ago Set Ott Nov Dic
2013: Gen Feb Mar Apr Mag Giu Lug Ago Set Ott Nov Dic
2024: Gen Feb Mar Apr Mag Giu Lug Ago Set Ott Nov Dic
2023: Gen Feb Mar Apr Mag Giu Lug Ago Set Ott Nov Dic
2022: Gen Feb Mar Apr Mag Giu Lug Ago Set Ott Nov Dic
2021: Gen Feb Mar Apr Mag Giu Lug Ago Set Ott Nov Dic
2020: Gen Feb Mar Apr Mag Giu Lug Ago Set Ott Nov Dic
2019: Gen Feb Mar Apr Mag Giu Lug Ago Set Ott Nov Dic
2018: Gen Feb Mar Apr Mag Giu Lug Ago Set Ott Nov Dic
2017: Gen Feb Mar Apr Mag Giu Lug Ago Set Ott Nov Dic
2016: Gen Feb Mar Apr Mag Giu Lug Ago Set Ott Nov Dic
2015: Gen Feb Mar Apr Mag Giu Lug Ago Set Ott Nov Dic
2014: Gen Feb Mar Apr Mag Giu Lug Ago Set Ott Nov Dic
2013: Gen Feb Mar Apr Mag Giu Lug Ago Set Ott Nov Dic
Report for 2018 Febbraio
Monthly Climatological Summary for feb 2018 Name: Meteo Arquà City: Arquà Polesine State: Italia Elevation: 8 m Lat: N 45° 00' 15" Lon: E 011° 44' 27" Temperature (°C), Rain (mm), Wind Speed (km/h) Heat Cool Avg Mean Deg Deg Wind Dom Day Temp High Time Low Time Days Days Rain Speed High Time Dir ---------------------------------------------------------------------------------- 1 7,8 12,3 13:33 5,8 03:22 10,5 0,0 3,4 0,3 14,5 15:10 NE 2 6,6 8,9 12:47 5,2 21:04 11,7 0,0 14,8 0,7 14,5 23:44 NNW 3 3,7 5,2 00:00 1,9 23:58 14,3 0,0 17,2 4,5 29,0 04:57 NNW 4 4,1 10,3 14:23 -0,6 06:45 14,2 0,0 0,2 0,3 8,0 01:08 WNW 5 5,4 9,0 14:48 3,1 06:12 12,9 0,0 0,0 1,2 14,5 12:02 N 6 5,4 7,2 14:40 3,3 06:24 12,4 0,0 8,0 2,2 19,3 23:38 N 7 5,6 8,1 12:39 4,4 03:19 12,7 0,0 4,2 3,0 14,5 00:09 WNW 8 5,0 9,9 15:09 1,3 06:53 13,3 0,0 0,0 0,6 8,0 04:16 W 9 4,6 10,4 14:41 0,8 07:50 13,7 0,0 0,0 0,2 12,9 13:42 WNW 10 4,0 10,4 14:39 -1,2 07:34 14,3 0,0 0,4 1,0 12,9 15:07 NW 11 4,0 9,4 13:35 0,4 04:47 14,3 0,0 0,0 0,2 8,0 14:15 NW 12 3,4 4,2 18:39 1,8 00:14 14,9 0,0 12,0 1,8 19,3 22:22 NNW 13 3,6 8,1 12:52 -1,3 23:56 14,7 0,0 0,0 2,0 14,5 09:21 WNW 14 1,8 9,1 14:21 -2,9 06:59 16,4 0,0 0,2 0,5 17,7 14:09 WNW 15 1,6 8,9 14:35 -3,5 06:06 16,7 0,0 0,0 0,1 8,0 14:42 NW 16 3,0 9,3 14:33 -1,9 06:58 15,3 0,0 0,0 0,3 9,7 12:43 W 17 3,4 8,4 13:03 -2,0 04:51 14,9 0,0 0,8 0,8 9,7 13:24 WNW 18 5,2 7,2 11:41 4,2 05:43 13,1 0,0 11,0 2,3 20,9 12:05 ENE 19 4,7 7,7 14:04 1,9 20:43 13,6 0,0 0,2 2,2 14,5 04:40 N 20 3,1 5,7 17:01 -0,7 03:36 15,2 0,0 0,0 1,1 12,9 13:08 NW 21 5,2 7,9 12:54 1,9 06:02 13,1 0,0 0,0 2,6 19,3 16:59 N 22 3,8 6,2 00:00 2,3 17:20 14,5 0,0 15,0 4,7 22,5 03:32 NNE 23 3,7 5,5 17:47 1,2 04:51 14,6 0,0 18,0 4,1 22,5 21:16 N 24 6,4 10,9 15:08 4,2 23:50 11,9 0,0 1,2 2,8 19,3 00:20 NNE 25 1,3 4,2 00:00 -1,2 23:49 17,0 0,0 0,0 5,0 24,1 09:43 E 26 -1,9 0,8 13:05 -5,4 07:01 20,2 0,0 0,0 5,2 25,7 09:33 ENE 27 -2,8 2,6 14:26 -7,7 06:00 21,1 0,0 0,0 1,0 16,1 10:27 NNW 28 -2,2 2,9 12:19 -7,4 05:06 20,5 0,0 0,0 0,4 8,0 10:05 NE ---------------------------------------------------------------------------------- 3,6 12,3 1 -7,7 27 412,0 0,0 106,6 1,8 29,0 3 N Max >= 27,0: 0 Max <= 0,0: 0 Min <= 0,0: 12 Min <= -18,0: 0 Max Rain: 18,0 on day 23 Days of Rain: 15 (>= 0,2 mm) 9 (>= 2,0 mm) 0 (>= 20,0 mm) Heat Base: 18,3 Cool Base: 18,3 Method: Integration