NOAA-Style Climate Reports
Select a Year or Month report
2024: Gen Feb Mar Apr Mag Giu Lug Ago Set Ott Nov Dic
2023: Gen Feb Mar Apr Mag Giu Lug Ago Set Ott Nov Dic
2022: Gen Feb Mar Apr Mag Giu Lug Ago Set Ott Nov Dic
2021: Gen Feb Mar Apr Mag Giu Lug Ago Set Ott Nov Dic
2020: Gen Feb Mar Apr Mag Giu Lug Ago Set Ott Nov Dic
2019: Gen Feb Mar Apr Mag Giu Lug Ago Set Ott Nov Dic
2018: Gen Feb Mar Apr Mag Giu Lug Ago Set Ott Nov Dic
2017: Gen Feb Mar Apr Mag Giu Lug Ago Set Ott Nov Dic
2016: Gen Feb Mar Apr Mag Giu Lug Ago Set Ott Nov Dic
2015: Gen Feb Mar Apr Mag Giu Lug Ago Set Ott Nov Dic
2014: Gen Feb Mar Apr Mag Giu Lug Ago Set Ott Nov Dic
2013: Gen Feb Mar Apr Mag Giu Lug Ago Set Ott Nov Dic
2024: Gen Feb Mar Apr Mag Giu Lug Ago Set Ott Nov Dic
2023: Gen Feb Mar Apr Mag Giu Lug Ago Set Ott Nov Dic
2022: Gen Feb Mar Apr Mag Giu Lug Ago Set Ott Nov Dic
2021: Gen Feb Mar Apr Mag Giu Lug Ago Set Ott Nov Dic
2020: Gen Feb Mar Apr Mag Giu Lug Ago Set Ott Nov Dic
2019: Gen Feb Mar Apr Mag Giu Lug Ago Set Ott Nov Dic
2018: Gen Feb Mar Apr Mag Giu Lug Ago Set Ott Nov Dic
2017: Gen Feb Mar Apr Mag Giu Lug Ago Set Ott Nov Dic
2016: Gen Feb Mar Apr Mag Giu Lug Ago Set Ott Nov Dic
2015: Gen Feb Mar Apr Mag Giu Lug Ago Set Ott Nov Dic
2014: Gen Feb Mar Apr Mag Giu Lug Ago Set Ott Nov Dic
2013: Gen Feb Mar Apr Mag Giu Lug Ago Set Ott Nov Dic
Report for 2018 Marzo
Monthly Climatological Summary for mar 2018 Name: Meteo Arquà City: Arquà Polesine State: Italia Elevation: 8 m Lat: N 45° 00' 15" Lon: E 011° 44' 27" Temperature (°C), Rain (mm), Wind Speed (km/h) Heat Cool Avg Mean Deg Deg Wind Dom Day Temp High Time Low Time Days Days Rain Speed High Time Dir ---------------------------------------------------------------------------------- 1 -2,2 -0,8 13:50 -3,4 08:43 20,5 0,0 0,0 3,1 16,1 12:41 NNW 2 -0,4 1,2 12:53 -2,4 00:00 18,7 0,0 3,6 3,5 14,5 18:03 WNW 3 1,2 2,9 16:35 -0,7 04:32 17,1 0,0 17,6 1,6 14,5 22:00 WNW 4 1,4 3,6 14:41 -0,1 01:55 16,9 0,0 0,0 2,3 12,9 04:59 WNW 5 3,9 7,2 13:48 1,2 00:00 14,3 0,0 11,6 4,0 12,9 17:18 WNW 6 6,2 8,6 15:45 4,4 06:33 12,1 0,0 3,2 0,2 6,4 16:01 NW 7 7,0 12,3 15:23 2,3 03:11 11,3 0,0 0,4 1,0 11,3 22:18 NNW 8 8,3 15,8 15:10 2,7 06:01 10,0 0,0 0,2 2,2 14,5 00:52 W 9 8,6 16,6 15:09 1,8 06:07 9,6 0,0 0,0 0,6 14,5 14:12 WNW 10 9,1 13,7 15:23 4,0 02:48 9,2 0,0 0,0 0,0 6,4 17:35 NNW 11 9,9 11,5 16:28 7,8 02:02 8,4 0,0 22,0 0,8 12,9 12:19 NE 12 11,1 17,0 15:01 7,9 23:57 7,2 0,0 0,8 1,1 12,9 12:53 WNW 13 10,7 17,1 14:14 5,6 02:14 7,6 0,0 0,4 0,6 9,7 15:03 W 14 10,0 15,7 15:52 6,3 03:05 8,3 0,0 0,2 0,2 9,7 14:23 WNW 15 9,0 11,9 12:47 5,9 00:55 9,3 0,0 5,6 1,2 12,9 22:43 NE 16 10,6 15,7 14:46 7,8 02:14 7,7 0,0 0,8 4,1 22,5 11:20 WNW 17 9,8 11,7 16:42 8,1 23:05 8,5 0,0 6,2 0,8 11,3 03:42 NNE 18 7,7 10,7 10:50 4,8 23:54 10,6 0,0 36,6 3,5 20,9 09:33 NNE 19 3,5 4,8 00:00 2,6 07:13 14,8 0,0 3,8 4,4 30,6 01:42 N 20 5,6 9,8 16:01 1,4 05:47 12,0 0,0 0,0 1,4 14,5 23:09 NNE 21 6,1 10,1 14:36 1,7 23:26 12,2 0,0 0,0 2,9 19,3 10:40 ENE 22 5,3 11,3 15:40 -0,8 03:27 13,0 0,0 0,0 1,4 16,1 10:53 NNW 23 6,0 12,6 16:20 4,4 21:41 12,2 0,0 0,0 0,0 12,9 14:36 ESE 24 7,0 14,2 14:52 0,7 05:09 11,3 0,0 0,0 0,3 8,0 09:28 E 25 7,2 13,3 15:23 1,2 00:05 10,6 0,0 0,0 0,6 11,3 13:54 ENE 26 7,5 16,1 17:15 -1,1 07:04 10,8 0,0 0,0 0,7 12,9 13:31 WNW 27 11,8 18,8 15:21 7,2 08:24 6,5 0,0 0,0 0,6 11,3 12:53 SE 28 11,3 18,1 15:49 4,2 07:21 7,0 0,0 0,0 1,0 11,3 03:29 NNW 29 11,8 15,0 14:36 9,6 23:58 6,5 0,0 0,0 1,0 12,9 16:08 NE 30 13,6 22,3 13:57 8,9 01:13 5,2 0,5 0,2 1,8 16,1 12:43 ESE 31 12,5 16,4 15:10 9,2 23:27 5,8 0,0 4,2 1,7 19,3 17:21 W ---------------------------------------------------------------------------------- 7,5 22,3 30 -3,4 1 335,2 0,5 117,4 1,6 30,6 19 NNW Max >= 27,0: 0 Max <= 0,0: 1 Min <= 0,0: 6 Min <= -18,0: 0 Max Rain: 36,6 on day 18 Days of Rain: 17 (>= 0,2 mm) 10 (>= 2,0 mm) 2 (>= 20,0 mm) Heat Base: 18,3 Cool Base: 18,3 Method: Integration