NOAA-Style Climate Reports
Select a Year or Month report
2024: Gen Feb Mar Apr Mag Giu Lug Ago Set Ott Nov Dic
2023: Gen Feb Mar Apr Mag Giu Lug Ago Set Ott Nov Dic
2022: Gen Feb Mar Apr Mag Giu Lug Ago Set Ott Nov Dic
2021: Gen Feb Mar Apr Mag Giu Lug Ago Set Ott Nov Dic
2020: Gen Feb Mar Apr Mag Giu Lug Ago Set Ott Nov Dic
2019: Gen Feb Mar Apr Mag Giu Lug Ago Set Ott Nov Dic
2018: Gen Feb Mar Apr Mag Giu Lug Ago Set Ott Nov Dic
2017: Gen Feb Mar Apr Mag Giu Lug Ago Set Ott Nov Dic
2016: Gen Feb Mar Apr Mag Giu Lug Ago Set Ott Nov Dic
2015: Gen Feb Mar Apr Mag Giu Lug Ago Set Ott Nov Dic
2014: Gen Feb Mar Apr Mag Giu Lug Ago Set Ott Nov Dic
2013: Gen Feb Mar Apr Mag Giu Lug Ago Set Ott Nov Dic
2024: Gen Feb Mar Apr Mag Giu Lug Ago Set Ott Nov Dic
2023: Gen Feb Mar Apr Mag Giu Lug Ago Set Ott Nov Dic
2022: Gen Feb Mar Apr Mag Giu Lug Ago Set Ott Nov Dic
2021: Gen Feb Mar Apr Mag Giu Lug Ago Set Ott Nov Dic
2020: Gen Feb Mar Apr Mag Giu Lug Ago Set Ott Nov Dic
2019: Gen Feb Mar Apr Mag Giu Lug Ago Set Ott Nov Dic
2018: Gen Feb Mar Apr Mag Giu Lug Ago Set Ott Nov Dic
2017: Gen Feb Mar Apr Mag Giu Lug Ago Set Ott Nov Dic
2016: Gen Feb Mar Apr Mag Giu Lug Ago Set Ott Nov Dic
2015: Gen Feb Mar Apr Mag Giu Lug Ago Set Ott Nov Dic
2014: Gen Feb Mar Apr Mag Giu Lug Ago Set Ott Nov Dic
2013: Gen Feb Mar Apr Mag Giu Lug Ago Set Ott Nov Dic
Report for 2018 Aprile
Monthly Climatological Summary for apr 2018 Name: Meteo Arquà City: Arquà Polesine State: Italia Elevation: 8 m Lat: N 45° 00' 15" Lon: E 011° 44' 27" Temperature (°C), Rain (mm), Wind Speed (km/h) Heat Cool Avg Mean Deg Deg Wind Dom Day Temp High Time Low Time Days Days Rain Speed High Time Dir ---------------------------------------------------------------------------------- 1 12,4 19,4 15:27 7,4 06:30 6,0 0,1 0,0 3,9 20,9 13:37 WNW 2 11,5 19,8 16:25 2,2 06:20 6,9 0,1 0,0 0,7 11,3 15:26 WNW 3 12,1 16,7 14:52 6,5 05:16 6,2 0,0 0,2 0,6 12,9 14:57 NNW 4 12,2 15,4 13:06 9,8 06:15 6,1 0,0 2,8 1,3 14,5 06:07 NNE 5 12,9 17,9 16:33 9,1 23:59 5,4 0,0 8,0 1,8 17,7 14:51 WNW 6 13,4 20,8 16:23 7,2 03:29 5,3 0,3 0,2 0,2 6,4 07:33 NE 7 13,4 21,7 15:40 5,8 06:44 5,3 0,5 0,0 0,4 8,0 11:33 NNE 8 13,4 20,4 14:05 6,3 04:47 5,2 0,4 0,0 0,8 11,3 13:07 E 9 12,8 19,7 12:33 8,1 05:02 5,5 0,0 0,8 0,7 12,9 12:43 NNW 10 14,1 20,3 14:29 8,7 23:44 4,4 0,2 1,4 1,0 17,7 14:44 SSE 11 11,9 17,4 15:12 6,7 02:06 6,4 0,0 4,6 1,2 16,1 21:36 ENE 12 14,7 19,3 15:33 12,8 23:06 3,6 0,0 1,0 1,0 12,9 00:42 E 13 14,5 20,6 15:37 7,6 06:55 4,1 0,3 0,0 1,0 17,7 04:04 WNW 14 15,2 23,6 15:41 7,8 03:19 4,1 1,0 0,2 0,3 8,0 11:03 NNE 15 14,7 19,6 13:59 10,0 02:45 3,7 0,1 0,2 1,5 12,9 13:00 WNW 16 16,7 24,7 16:20 8,6 06:07 3,3 1,7 0,0 1,4 14,5 11:49 W 17 18,7 25,1 15:16 13,1 05:27 1,8 2,2 0,0 1,0 12,9 11:41 NE 18 18,5 25,9 15:14 11,1 05:01 2,3 2,5 0,0 1,1 16,1 11:32 ENE 19 18,4 26,8 16:40 8,5 05:19 2,8 2,9 0,0 0,7 11,3 11:19 NE 20 19,2 29,7 16:00 8,7 06:38 3,0 3,9 0,0 0,7 8,0 10:23 NNW 21 19,4 28,6 15:20 9,6 06:33 2,4 3,5 0,0 0,5 8,0 15:53 E 22 18,9 28,0 15:26 9,9 05:42 2,4 3,0 0,0 0,5 8,0 15:52 ESE 23 19,4 27,8 15:17 11,8 05:47 1,7 2,8 0,0 0,2 6,4 10:34 ESE 24 20,6 27,8 16:34 14,4 02:58 0,9 3,2 0,0 0,6 11,3 16:56 NW 25 20,0 27,7 15:08 11,9 05:34 1,5 3,2 0,2 1,3 14,5 12:40 W 26 20,4 28,9 16:08 11,8 04:08 1,5 3,6 0,0 0,6 9,7 13:02 SSW 27 19,6 25,4 15:16 13,7 23:59 0,9 2,2 0,0 2,1 16,1 02:02 NE 28 19,4 28,1 15:52 10,6 06:14 2,3 3,4 0,0 0,7 9,7 09:29 NE 29 19,4 27,4 14:44 13,0 04:53 1,3 2,4 1,4 0,6 14,5 13:53 ENE 30 18,9 25,3 14:51 13,1 23:56 1,4 2,0 0,0 2,7 20,9 17:13 WSW ---------------------------------------------------------------------------------- 16,2 29,7 20 2,2 2 107,7 45,5 21,0 1,0 20,9 1 NNW Max >= 27,0: 9 Max <= 0,0: 0 Min <= 0,0: 0 Min <= -18,0: 0 Max Rain: 8,0 on day 5 Days of Rain: 12 (>= 0,2 mm) 3 (>= 2,0 mm) 0 (>= 20,0 mm) Heat Base: 18,3 Cool Base: 18,3 Method: Integration