NOAA-Style Climate Reports
Select a Year or Month report
2024: Gen Feb Mar Apr Mag Giu Lug Ago Set Ott Nov Dic
2023: Gen Feb Mar Apr Mag Giu Lug Ago Set Ott Nov Dic
2022: Gen Feb Mar Apr Mag Giu Lug Ago Set Ott Nov Dic
2021: Gen Feb Mar Apr Mag Giu Lug Ago Set Ott Nov Dic
2020: Gen Feb Mar Apr Mag Giu Lug Ago Set Ott Nov Dic
2019: Gen Feb Mar Apr Mag Giu Lug Ago Set Ott Nov Dic
2018: Gen Feb Mar Apr Mag Giu Lug Ago Set Ott Nov Dic
2017: Gen Feb Mar Apr Mag Giu Lug Ago Set Ott Nov Dic
2016: Gen Feb Mar Apr Mag Giu Lug Ago Set Ott Nov Dic
2015: Gen Feb Mar Apr Mag Giu Lug Ago Set Ott Nov Dic
2014: Gen Feb Mar Apr Mag Giu Lug Ago Set Ott Nov Dic
2013: Gen Feb Mar Apr Mag Giu Lug Ago Set Ott Nov Dic
2024: Gen Feb Mar Apr Mag Giu Lug Ago Set Ott Nov Dic
2023: Gen Feb Mar Apr Mag Giu Lug Ago Set Ott Nov Dic
2022: Gen Feb Mar Apr Mag Giu Lug Ago Set Ott Nov Dic
2021: Gen Feb Mar Apr Mag Giu Lug Ago Set Ott Nov Dic
2020: Gen Feb Mar Apr Mag Giu Lug Ago Set Ott Nov Dic
2019: Gen Feb Mar Apr Mag Giu Lug Ago Set Ott Nov Dic
2018: Gen Feb Mar Apr Mag Giu Lug Ago Set Ott Nov Dic
2017: Gen Feb Mar Apr Mag Giu Lug Ago Set Ott Nov Dic
2016: Gen Feb Mar Apr Mag Giu Lug Ago Set Ott Nov Dic
2015: Gen Feb Mar Apr Mag Giu Lug Ago Set Ott Nov Dic
2014: Gen Feb Mar Apr Mag Giu Lug Ago Set Ott Nov Dic
2013: Gen Feb Mar Apr Mag Giu Lug Ago Set Ott Nov Dic
Report for 2018 Maggio
Monthly Climatological Summary for mag 2018 Name: Meteo Arquà City: Arquà Polesine State: Italia Elevation: 8 m Lat: N 45° 00' 15" Lon: E 011° 44' 27" Temperature (°C), Rain (mm), Wind Speed (km/h) Heat Cool Avg Mean Deg Deg Wind Dom Day Temp High Time Low Time Days Days Rain Speed High Time Dir ---------------------------------------------------------------------------------- 1 16,0 22,4 15:27 8,8 06:31 3,1 0,8 3,2 0,3 9,7 16:04 NE 2 15,8 23,0 15:48 12,2 05:27 3,1 0,7 10,2 2,3 14,5 17:27 WNW 3 16,3 20,9 15:43 12,0 04:26 2,5 0,5 4,4 1,3 14,5 17:08 W 4 18,6 24,4 14:04 13,4 23:19 1,4 1,6 3,0 1,9 12,9 08:58 NE 5 19,8 26,2 15:06 12,6 01:23 1,5 3,0 0,0 1,2 14,5 14:06 NE 6 22,2 29,4 15:18 15,3 03:52 0,5 4,4 0,0 0,7 11,3 15:54 NE 7 22,0 27,6 16:24 16,1 23:31 0,3 4,0 0,0 0,9 12,9 14:13 N 8 20,4 28,1 16:41 13,4 04:22 1,2 3,3 0,6 0,6 11,3 18:31 NNW 9 19,1 27,1 14:57 12,4 05:26 1,4 2,2 0,0 0,6 12,9 12:12 NNE 10 19,2 24,7 14:58 13,7 05:35 1,2 2,1 0,0 1,0 14,5 12:35 W 11 19,7 29,1 16:12 12,8 04:24 1,5 2,9 8,0 0,8 19,3 19:51 NNW 12 20,5 28,6 15:56 13,9 04:00 1,2 3,4 0,0 0,7 9,7 11:49 W 13 20,3 28,2 15:33 14,1 04:12 1,2 3,2 7,0 0,6 14,5 19:37 SSE 14 16,2 20,3 13:10 12,7 07:48 2,3 0,3 0,2 3,7 19,3 10:12 WNW 15 15,0 19,7 15:19 10,4 05:32 3,3 0,1 0,0 2,3 16,1 11:33 WNW 16 16,6 23,8 17:30 9,2 06:03 2,7 1,1 0,0 0,2 12,9 20:24 SE 17 16,1 24,7 16:22 10,3 06:21 3,2 1,0 3,0 0,7 17,7 10:46 WNW 18 18,2 26,1 13:42 9,5 05:57 2,5 2,5 0,2 0,2 6,4 08:23 WNW 19 20,1 27,9 15:58 11,9 04:10 1,6 3,4 0,0 0,6 9,7 14:39 NE 20 20,7 27,7 14:51 12,9 04:06 1,3 3,8 0,0 1,0 12,9 15:52 ENE 21 21,7 28,6 15:13 15,8 04:50 0,5 3,9 0,0 1,1 14,5 08:55 NE 22 18,3 21,9 15:06 15,8 06:19 0,7 0,7 12,8 1,1 11,3 02:26 NNW 23 19,9 25,2 17:42 16,4 00:19 0,5 2,0 0,2 0,7 9,7 10:18 WNW 24 21,8 28,6 15:30 15,2 05:50 0,5 4,0 0,0 1,0 11,3 10:58 WNW 25 23,2 30,1 14:10 15,0 05:56 0,4 5,3 0,0 0,4 8,0 11:12 WNW 26 24,7 31,6 15:21 18,1 05:33 0,0 6,4 0,0 0,3 9,7 11:58 ENE 27 24,7 32,2 14:56 17,2 05:14 0,1 6,4 0,0 0,1 6,4 12:13 ESE 28 24,3 31,5 16:09 19,0 05:50 0,0 6,0 0,6 0,5 9,7 10:12 WNW 29 24,3 31,1 17:00 19,1 05:13 0,0 6,0 0,0 0,4 9,7 13:41 WNW 30 24,8 31,2 14:31 17,7 05:10 0,0 6,5 0,0 0,1 8,0 13:22 ENE 31 24,1 32,0 15:15 18,5 05:57 0,0 5,8 0,0 0,3 16,1 17:39 W ---------------------------------------------------------------------------------- 20,1 32,2 27 8,8 1 39,7 97,3 53,4 0,9 19,3 11 NW Max >= 27,0: 18 Max <= 0,0: 0 Min <= 0,0: 0 Min <= -18,0: 0 Max Rain: 12,8 on day 22 Days of Rain: 13 (>= 0,2 mm) 8 (>= 2,0 mm) 0 (>= 20,0 mm) Heat Base: 18,3 Cool Base: 18,3 Method: Integration