NOAA-Style Climate Reports
Select a Year or Month report
2024: Gen Feb Mar Apr Mag Giu Lug Ago Set Ott Nov Dic
2023: Gen Feb Mar Apr Mag Giu Lug Ago Set Ott Nov Dic
2022: Gen Feb Mar Apr Mag Giu Lug Ago Set Ott Nov Dic
2021: Gen Feb Mar Apr Mag Giu Lug Ago Set Ott Nov Dic
2020: Gen Feb Mar Apr Mag Giu Lug Ago Set Ott Nov Dic
2019: Gen Feb Mar Apr Mag Giu Lug Ago Set Ott Nov Dic
2018: Gen Feb Mar Apr Mag Giu Lug Ago Set Ott Nov Dic
2017: Gen Feb Mar Apr Mag Giu Lug Ago Set Ott Nov Dic
2016: Gen Feb Mar Apr Mag Giu Lug Ago Set Ott Nov Dic
2015: Gen Feb Mar Apr Mag Giu Lug Ago Set Ott Nov Dic
2014: Gen Feb Mar Apr Mag Giu Lug Ago Set Ott Nov Dic
2013: Gen Feb Mar Apr Mag Giu Lug Ago Set Ott Nov Dic
2024: Gen Feb Mar Apr Mag Giu Lug Ago Set Ott Nov Dic
2023: Gen Feb Mar Apr Mag Giu Lug Ago Set Ott Nov Dic
2022: Gen Feb Mar Apr Mag Giu Lug Ago Set Ott Nov Dic
2021: Gen Feb Mar Apr Mag Giu Lug Ago Set Ott Nov Dic
2020: Gen Feb Mar Apr Mag Giu Lug Ago Set Ott Nov Dic
2019: Gen Feb Mar Apr Mag Giu Lug Ago Set Ott Nov Dic
2018: Gen Feb Mar Apr Mag Giu Lug Ago Set Ott Nov Dic
2017: Gen Feb Mar Apr Mag Giu Lug Ago Set Ott Nov Dic
2016: Gen Feb Mar Apr Mag Giu Lug Ago Set Ott Nov Dic
2015: Gen Feb Mar Apr Mag Giu Lug Ago Set Ott Nov Dic
2014: Gen Feb Mar Apr Mag Giu Lug Ago Set Ott Nov Dic
2013: Gen Feb Mar Apr Mag Giu Lug Ago Set Ott Nov Dic
Report for 2013 Aprile
Monthly Climatological Summary for apr 2013 Name: Meteo Arquà City: Arquà Polesine State: Italia Elevation: 0 ft Lat: N 45° 00' 16" Lon: E 011° 44' 26" Temperature (°C), Rain (mm), Wind Speed (km/h) Heat Cool Avg Mean Deg Deg Wind Dom Day Temp High Time Low Time Days Days Rain Speed High Time Dir ---------------------------------------------------------------------------------- 1 9,2 14,5 15.07 5,0 06.07 9,1 0,0 0,6 3,1 13,3 13.37 NNE 2 9,0 13,5 13.37 6,5 06.07 9,3 0,0 4,8 4,0 14,8 06.37 NNE 3 10,3 16,8 18.07 6,5 23.38 8,0 0,0 0,3 1,7 9,7 00.07 NW 4 9,6 15,1 12.08 4,5 07.08 8,7 0,0 1,5 2,9 15,8 23.08 E 5 9,0 10,0 15.38 7,9 03.38 8,9 0,0 27,3 6,7 24,5 04.08 N 6 11,7 19,1 17.38 6,6 06.38 6,7 0,0 0,3 1,7 13,3 13.38 NNE 7 11,5 18,0 17.08 6,5 07.08 6,8 0,0 0,0 3,5 15,8 10.38 N 8 10,3 14,4 11.38 6,2 06.38 8,0 0,0 0,6 1,8 9,7 18.08 NE 9 10,3 18,5 15.08 6,6 01.08 8,0 0,0 3,6 2,1 11,2 23.08 NW 10 11,8 21,4 18.08 7,5 04.38 4,9 0,2 0,6 1,5 6,1 00.08 W 11 13,9 20,5 13.08 7,8 04.08 4,5 0,2 0,0 2,1 13,3 16.38 NW 12 16,1 24,5 18.38 11,0 05.38 3,3 1,1 0,0 2,8 14,8 13.38 NW 13 15,7 27,2 18.38 8,3 07.08 4,2 1,5 0,0 1,5 11,2 17.08 NW 14 16,8 28,5 16.38 10,2 02.38 3,2 1,9 0,0 1,3 8,6 10.38 NE 15 17,9 26,8 16.08 9,9 05.08 3,1 2,6 0,0 0,7 7,2 15.38 SSE 16 17,8 26,8 16.08 9,9 06.38 2,9 2,4 0,0 1,5 11,2 17.38 ENE 17 18,8 30,5 17.08 10,3 06.38 2,8 3,3 0,0 0,2 3,6 08.08 NW 18 19,8 32,1 17.08 10,3 06.08 2,5 4,1 0,0 0,4 5,0 15.08 ESE 19 20,0 28,4 16.38 12,0 06.08 1,7 3,5 0,0 2,0 11,2 18.08 ESE 20 16,2 18,6 12.08 13,5 22.39 2,1 0,0 6,0 3,9 18,4 08.08 ENE 21 14,0 16,7 15.09 12,2 23.39 4,3 0,0 8,1 0,4 6,1 10.09 NNE 22 12,6 17,4 18.39 10,3 13.09 5,0 0,0 16,2 2,5 14,8 16.39 NW 23 14,3 23,9 18.39 7,2 05.39 4,6 0,8 2,7 1,8 13,3 14.39 NW ---------------------------------------------------------------------------------- 13,8 32,1 18 4,5 4 122,6 21,6 72,6 2,2 24,5 5 N Max >= 27,0: 5 Max <= 0,0: 0 Min <= 0,0: 0 Min <= -18,0: 0 Max Rain: 27,3 on day 5 Days of Rain: 13 (>= 0,2 mm) 7 (>= 2,0 mm) 1 (>= 20,0 mm) Heat Base: 18,3 Cool Base: 18,3 Method: Integration