NOAA-Style Climate Reports
Select a Year or Month report
2024: Gen Feb Mar Apr Mag Giu Lug Ago Set Ott Nov Dic
2023: Gen Feb Mar Apr Mag Giu Lug Ago Set Ott Nov Dic
2022: Gen Feb Mar Apr Mag Giu Lug Ago Set Ott Nov Dic
2021: Gen Feb Mar Apr Mag Giu Lug Ago Set Ott Nov Dic
2020: Gen Feb Mar Apr Mag Giu Lug Ago Set Ott Nov Dic
2019: Gen Feb Mar Apr Mag Giu Lug Ago Set Ott Nov Dic
2018: Gen Feb Mar Apr Mag Giu Lug Ago Set Ott Nov Dic
2017: Gen Feb Mar Apr Mag Giu Lug Ago Set Ott Nov Dic
2016: Gen Feb Mar Apr Mag Giu Lug Ago Set Ott Nov Dic
2015: Gen Feb Mar Apr Mag Giu Lug Ago Set Ott Nov Dic
2014: Gen Feb Mar Apr Mag Giu Lug Ago Set Ott Nov Dic
2013: Gen Feb Mar Apr Mag Giu Lug Ago Set Ott Nov Dic
2024: Gen Feb Mar Apr Mag Giu Lug Ago Set Ott Nov Dic
2023: Gen Feb Mar Apr Mag Giu Lug Ago Set Ott Nov Dic
2022: Gen Feb Mar Apr Mag Giu Lug Ago Set Ott Nov Dic
2021: Gen Feb Mar Apr Mag Giu Lug Ago Set Ott Nov Dic
2020: Gen Feb Mar Apr Mag Giu Lug Ago Set Ott Nov Dic
2019: Gen Feb Mar Apr Mag Giu Lug Ago Set Ott Nov Dic
2018: Gen Feb Mar Apr Mag Giu Lug Ago Set Ott Nov Dic
2017: Gen Feb Mar Apr Mag Giu Lug Ago Set Ott Nov Dic
2016: Gen Feb Mar Apr Mag Giu Lug Ago Set Ott Nov Dic
2015: Gen Feb Mar Apr Mag Giu Lug Ago Set Ott Nov Dic
2014: Gen Feb Mar Apr Mag Giu Lug Ago Set Ott Nov Dic
2013: Gen Feb Mar Apr Mag Giu Lug Ago Set Ott Nov Dic
Report for 2013 Giugnio
Monthly Climatological Summary for giu 2013 Name: Meteo Arquà City: Arquà Polesine State: Italia Elevation: 0 ft Lat: N 45° 00' 16" Lon: E 011° 44' 26" Temperature (°C), Rain (mm), Wind Speed (km/h) Heat Cool Avg Mean Deg Deg Wind Dom Day Temp High Time Low Time Days Days Rain Speed High Time Dir ---------------------------------------------------------------------------------- 1 18,0 25,0 14.15 12,1 06.15 2,0 1,6 0,0 1,8 11,2 02.45 NNW 2 18,8 25,7 16.45 12,1 03.15 1,8 2,3 0,0 2,7 14,8 13.15 NNW 3 20,4 28,2 17.43 14,7 04.45 0,9 2,9 0,0 1,0 12,2 11.18 NE 4 22,2 30,0 16.13 15,2 00.13 0,6 4,2 0,0 1,6 11,2 12.43 NW 5 21,5 29,3 15.43 16,2 05.13 0,4 3,6 5,4 1,3 7,2 06.43 W 6 21,8 28,6 14.13 16,9 05.13 0,4 3,8 0,0 1,0 7,2 08.13 ENE 7 23,4 33,2 17.51 15,3 03.37 0,6 5,7 0,0 1,2 14,8 15.12 WNW 8 24,4 35,1 17.29 16,1 04.48 0,3 6,4 0,0 0,7 9,7 12.48 E 9 21,2 30,7 13.21 16,6 23.53 0,3 3,2 1,8 2,2 20,9 14.39 ESE 10 20,2 27,1 17.31 14,2 05.41 0,9 2,8 0,0 3,8 24,5 17.33 W 11 22,1 32,8 16.45 13,6 05.09 0,9 4,7 0,0 1,8 15,8 18.05 NW 12 24,8 32,8 14.58 17,9 04.33 0,0 6,6 0,0 1,1 12,2 14.28 E 13 25,8 33,0 17.44 18,1 05.44 0,0 7,4 0,0 0,3 6,1 12.44 ESE 14 25,4 33,5 17.13 14,7 05.24 0,5 7,6 0,0 1,1 13,3 17.07 E 15 27,4 35,8 16.44 19,5 05.31 0,0 9,1 0,0 0,7 9,7 15.01 ESE 16 27,6 36,8 17.44 19,6 05.44 0,0 9,3 0,0 1,7 9,7 08.14 W 17 28,9 37,4 16.14 20,5 05.44 0,0 10,6 0,0 0,6 8,6 17.14 E ---------------------------------------------------------------------------------- 23,2 37,4 17 12,1 1 9,6 91,8 7,2 1,6 24,5 10 NNW Max >= 27,0: 15 Max <= 0,0: 0 Min <= 0,0: 0 Min <= -18,0: 0 Max Rain: 5,4 on day 5 Days of Rain: 2 (>= 0,2 mm) 1 (>= 2,0 mm) 0 (>= 20,0 mm) Heat Base: 18,3 Cool Base: 18,3 Method: Integration