NOAA-Style Climate Reports
Select a Year or Month report
2024: Gen Feb Mar Apr Mag Giu Lug Ago Set Ott Nov Dic
2023: Gen Feb Mar Apr Mag Giu Lug Ago Set Ott Nov Dic
2022: Gen Feb Mar Apr Mag Giu Lug Ago Set Ott Nov Dic
2021: Gen Feb Mar Apr Mag Giu Lug Ago Set Ott Nov Dic
2020: Gen Feb Mar Apr Mag Giu Lug Ago Set Ott Nov Dic
2019: Gen Feb Mar Apr Mag Giu Lug Ago Set Ott Nov Dic
2018: Gen Feb Mar Apr Mag Giu Lug Ago Set Ott Nov Dic
2017: Gen Feb Mar Apr Mag Giu Lug Ago Set Ott Nov Dic
2016: Gen Feb Mar Apr Mag Giu Lug Ago Set Ott Nov Dic
2015: Gen Feb Mar Apr Mag Giu Lug Ago Set Ott Nov Dic
2014: Gen Feb Mar Apr Mag Giu Lug Ago Set Ott Nov Dic
2013: Gen Feb Mar Apr Mag Giu Lug Ago Set Ott Nov Dic
2024: Gen Feb Mar Apr Mag Giu Lug Ago Set Ott Nov Dic
2023: Gen Feb Mar Apr Mag Giu Lug Ago Set Ott Nov Dic
2022: Gen Feb Mar Apr Mag Giu Lug Ago Set Ott Nov Dic
2021: Gen Feb Mar Apr Mag Giu Lug Ago Set Ott Nov Dic
2020: Gen Feb Mar Apr Mag Giu Lug Ago Set Ott Nov Dic
2019: Gen Feb Mar Apr Mag Giu Lug Ago Set Ott Nov Dic
2018: Gen Feb Mar Apr Mag Giu Lug Ago Set Ott Nov Dic
2017: Gen Feb Mar Apr Mag Giu Lug Ago Set Ott Nov Dic
2016: Gen Feb Mar Apr Mag Giu Lug Ago Set Ott Nov Dic
2015: Gen Feb Mar Apr Mag Giu Lug Ago Set Ott Nov Dic
2014: Gen Feb Mar Apr Mag Giu Lug Ago Set Ott Nov Dic
2013: Gen Feb Mar Apr Mag Giu Lug Ago Set Ott Nov Dic
Report for 2014 Maggio
Monthly Climatological Summary for mag 2014 Name: Meteo Arquà City: Arquà Polesine State: Italia Elevation: 0 ft Lat: N 45° 00' 16" Lon: E 011° 44' 26" Temperature (°C), Rain (mm), Wind Speed (km/h) Heat Cool Avg Mean Deg Deg Wind Dom Day Temp High Time Low Time Days Days Rain Speed High Time Dir ---------------------------------------------------------------------------------- 1 17,8 29,6 18:14 10,5 06:20 2,9 2,4 0,3 2,1 15,8 08:26 NW 2 13,4 17,1 08:44 11,2 12:04 4,9 0,0 16,2 2,2 17,3 18:48 ENE 3 16,0 23,7 15:30 11,7 02:44 3,0 0,7 1,2 2,5 19,4 15:37 NE 4 17,7 27,0 15:59 11,9 23:58 2,7 2,2 0,3 1,3 9,7 08:32 WSW 5 16,2 24,4 17:44 8,4 05:22 3,5 1,4 0,0 1,2 12,2 12:37 SSE 6 17,2 27,1 14:57 8,2 05:50 3,4 2,2 0,0 0,8 9,7 12:36 SE 7 17,2 26,7 13:22 9,9 03:51 2,8 1,7 0,3 0,6 13,3 23:54 S 8 19,1 28,5 16:00 12,7 05:43 1,9 2,7 0,6 1,3 14,8 00:14 ESE 9 20,3 32,8 16:51 10,4 02:40 2,3 4,3 0,0 0,7 9,7 16:13 SE 10 21,6 32,3 16:16 12,4 05:47 1,3 4,6 0,0 0,8 8,6 10:11 SE 11 20,0 28,7 15:00 13,5 06:14 1,3 2,9 0,0 3,3 31,7 20:38 W 12 18,3 28,1 16:43 10,3 05:43 2,2 2,3 0,0 2,1 15,8 16:55 E 13 15,6 23,3 14:47 9,9 22:55 3,4 0,7 0,0 3,6 22,0 00:44 NE 14 16,1 25,6 16:34 7,5 05:25 3,8 1,6 0,0 5,0 31,7 19:00 NW 15 16,9 28,6 16:47 6,0 05:43 3,9 2,5 0,0 1,2 17,3 13:51 NNW 16 16,8 23,2 14:19 12,1 06:34 2,4 0,9 0,0 3,3 17,3 11:06 NW 17 18,3 29,1 15:59 9,9 06:02 2,9 2,8 0,0 1,3 15,8 10:03 S 18 18,9 30,6 16:46 8,8 06:17 2,5 3,1 3,0 1,6 15,8 17:53 NW 19 18,7 28,1 14:37 12,6 02:09 1,6 2,0 0,0 1,1 11,2 11:47 SE 20 20,8 31,7 16:43 12,5 04:32 1,3 3,8 0,0 0,8 11,2 16:30 S 21 22,0 31,8 15:59 12,9 03:37 1,3 5,0 0,3 0,8 11,2 17:02 SE 22 22,9 32,4 15:15 16,1 04:42 0,5 5,1 0,0 1,3 11,2 09:39 ESE 23 22,1 31,6 16:38 17,1 21:55 0,1 3,9 9,0 2,4 18,4 17:45 ENE 24 21,3 30,5 19:10 13,0 05:36 1,1 4,1 0,3 2,8 19,4 11:09 NW 25 22,1 33,5 17:57 11,9 04:50 1,5 5,3 0,0 1,2 13,3 14:14 ESE 26 20,0 27,3 15:14 15,5 23:54 0,4 2,2 4,2 1,2 11,2 14:02 NE 27 19,1 26,6 16:46 13,9 05:18 1,2 2,0 1,2 3,7 24,5 13:26 NW 28 20,1 30,1 16:13 12,2 05:42 1,5 3,3 0,0 2,0 19,4 17:44 WNW 29 19,3 31,1 18:12 13,5 02:08 1,5 2,6 1,8 1,7 17,3 19:03 NNW 30 20,3 32,9 16:49 14,0 05:52 1,4 3,4 12,9 1,3 18,4 17:59 ENE 31 19,8 28,0 18:07 14,1 04:48 1,3 2,8 1,5 0,9 11,2 01:46 ESE ---------------------------------------------------------------------------------- 18,9 33,5 25 6,0 15 65,8 84,5 53,1 1,8 31,7 11 N Max >= 27,0: 23 Max <= 0,0: 0 Min <= 0,0: 0 Min <= -18,0: 0 Max Rain: 16,2 on day 2 Days of Rain: 15 (>= 0,2 mm) 5 (>= 2,0 mm) 0 (>= 20,0 mm) Heat Base: 18,3 Cool Base: 18,3 Method: Integration