NOAA-Style Climate Reports
Select a Year or Month report
2024: Gen Feb Mar Apr Mag Giu Lug Ago Set Ott Nov Dic
2023: Gen Feb Mar Apr Mag Giu Lug Ago Set Ott Nov Dic
2022: Gen Feb Mar Apr Mag Giu Lug Ago Set Ott Nov Dic
2021: Gen Feb Mar Apr Mag Giu Lug Ago Set Ott Nov Dic
2020: Gen Feb Mar Apr Mag Giu Lug Ago Set Ott Nov Dic
2019: Gen Feb Mar Apr Mag Giu Lug Ago Set Ott Nov Dic
2018: Gen Feb Mar Apr Mag Giu Lug Ago Set Ott Nov Dic
2017: Gen Feb Mar Apr Mag Giu Lug Ago Set Ott Nov Dic
2016: Gen Feb Mar Apr Mag Giu Lug Ago Set Ott Nov Dic
2015: Gen Feb Mar Apr Mag Giu Lug Ago Set Ott Nov Dic
2014: Gen Feb Mar Apr Mag Giu Lug Ago Set Ott Nov Dic
2013: Gen Feb Mar Apr Mag Giu Lug Ago Set Ott Nov Dic
2024: Gen Feb Mar Apr Mag Giu Lug Ago Set Ott Nov Dic
2023: Gen Feb Mar Apr Mag Giu Lug Ago Set Ott Nov Dic
2022: Gen Feb Mar Apr Mag Giu Lug Ago Set Ott Nov Dic
2021: Gen Feb Mar Apr Mag Giu Lug Ago Set Ott Nov Dic
2020: Gen Feb Mar Apr Mag Giu Lug Ago Set Ott Nov Dic
2019: Gen Feb Mar Apr Mag Giu Lug Ago Set Ott Nov Dic
2018: Gen Feb Mar Apr Mag Giu Lug Ago Set Ott Nov Dic
2017: Gen Feb Mar Apr Mag Giu Lug Ago Set Ott Nov Dic
2016: Gen Feb Mar Apr Mag Giu Lug Ago Set Ott Nov Dic
2015: Gen Feb Mar Apr Mag Giu Lug Ago Set Ott Nov Dic
2014: Gen Feb Mar Apr Mag Giu Lug Ago Set Ott Nov Dic
2013: Gen Feb Mar Apr Mag Giu Lug Ago Set Ott Nov Dic
Report for 2014 Luglio
Monthly Climatological Summary for lug 2014 Name: Meteo Arquà City: Arquà Polesine State: Italia Elevation: 0 ft Lat: N 45° 00' 16" Lon: E 011° 44' 26" Temperature (°C), Rain (mm), Wind Speed (km/h) Heat Cool Avg Mean Deg Deg Wind Dom Day Temp High Time Low Time Days Days Rain Speed High Time Dir ---------------------------------------------------------------------------------- 1 23,7 32,4 17:49 16,4 03:57 0,4 5,8 0,0 2,4 15,8 12:08 ESE 2 24,5 33,4 14:45 18,5 23:26 0,0 6,2 0,0 2,1 18,4 12:50 ENE 3 25,2 34,7 18:09 18,1 03:30 0,0 6,9 2,1 1,8 17,3 11:38 ESE 4 23,8 33,7 17:13 13,6 05:35 0,8 6,2 0,0 0,7 11,2 11:28 ESE 5 25,1 33,7 17:05 17,6 06:01 0,0 6,8 0,0 3,9 22,0 16:05 NW 6 27,4 37,2 16:07 18,4 04:57 0,0 9,1 0,0 1,2 12,2 12:17 E 7 26,8 36,5 15:12 19,8 05:45 0,0 8,5 0,6 1,7 13,3 12:54 ENE 8 22,7 33,3 16:38 18,0 23:33 0,0 4,4 2,7 2,9 28,1 18:01 NW 9 20,8 29,4 13:33 15,9 05:37 0,7 3,3 0,0 3,0 19,4 11:42 NW 10 19,4 28,4 17:40 14,4 07:10 1,3 2,4 8,7 4,8 22,0 07:53 NNW 11 23,6 35,9 18:54 14,5 04:51 0,8 6,1 0,0 1,0 14,8 15:02 NNW 12 22,6 33,0 14:57 17,0 05:25 0,1 4,3 14,7 2,4 30,6 16:14 N 13 23,0 34,6 18:41 17,6 04:12 0,2 4,9 0,3 2,4 15,8 11:38 NW 14 21,3 30,3 14:52 16,6 05:17 0,2 3,2 24,6 1,6 19,4 04:33 N 15 25,3 36,9 18:14 16,0 05:47 0,4 7,3 0,0 2,5 15,8 09:17 NNW 16 27,3 38,1 18:22 17,7 05:49 0,0 9,1 0,0 1,0 12,2 09:09 NNW 17 28,1 38,2 16:55 19,9 05:30 0,0 9,8 0,0 1,5 14,8 12:14 NNW 18 28,7 39,4 17:07 19,8 04:39 0,0 10,4 0,0 1,0 13,3 00:00 NE 19 28,5 39,5 17:05 18,3 06:04 0,0 10,2 0,0 0,7 12,2 14:01 SE 20 28,5 38,1 15:05 22,3 03:43 0,0 10,2 0,3 1,0 13,3 13:26 N 21 23,2 30,3 16:01 18,6 23:58 0,0 4,9 0,9 3,4 24,5 09:40 WNW 22 23,7 33,9 17:11 16,8 05:26 0,2 5,6 0,3 2,9 14,8 08:15 NW 23 27,1 37,5 17:43 20,7 05:52 0,0 8,8 0,0 1,6 15,8 11:15 N 24 21,8 25,7 16:09 19,4 23:18 0,0 3,5 4,5 3,6 20,9 07:31 NW 25 24,6 34,6 17:23 17,8 04:59 0,0 6,3 0,0 1,8 13,3 10:17 NW 26 20,4 24,4 13:22 17,8 09:52 0,0 2,2 12,3 1,5 36,7 09:25 NE 27 23,0 31,7 17:11 16,5 05:49 0,2 5,0 0,3 3,1 18,4 17:46 NW 28 25,8 37,1 16:52 18,1 04:32 0,0 7,5 0,0 1,2 11,2 09:57 SSE 29 22,7 32,9 15:09 19,2 21:38 0,0 4,4 11,7 1,9 23,4 17:36 NW 30 21,1 25,5 17:21 19,1 09:56 0,0 2,8 12,9 5,3 25,6 16:36 NNW 31 24,0 35,2 18:52 18,8 05:23 0,0 5,7 0,0 1,0 11,2 09:02 NW ---------------------------------------------------------------------------------- 24,3 39,5 19 13,6 4 5,3 191,8 96,9 2,2 36,7 26 NNW Max >= 27,0: 28 Max <= 0,0: 0 Min <= 0,0: 0 Min <= -18,0: 0 Max Rain: 24,6 on day 14 Days of Rain: 15 (>= 0,2 mm) 9 (>= 2,0 mm) 1 (>= 20,0 mm) Heat Base: 18,3 Cool Base: 18,3 Method: Integration