NOAA-Style Climate Reports
Select a Year or Month report
2024: Gen Feb Mar Apr Mag Giu Lug Ago Set Ott Nov Dic
2023: Gen Feb Mar Apr Mag Giu Lug Ago Set Ott Nov Dic
2022: Gen Feb Mar Apr Mag Giu Lug Ago Set Ott Nov Dic
2021: Gen Feb Mar Apr Mag Giu Lug Ago Set Ott Nov Dic
2020: Gen Feb Mar Apr Mag Giu Lug Ago Set Ott Nov Dic
2019: Gen Feb Mar Apr Mag Giu Lug Ago Set Ott Nov Dic
2018: Gen Feb Mar Apr Mag Giu Lug Ago Set Ott Nov Dic
2017: Gen Feb Mar Apr Mag Giu Lug Ago Set Ott Nov Dic
2016: Gen Feb Mar Apr Mag Giu Lug Ago Set Ott Nov Dic
2015: Gen Feb Mar Apr Mag Giu Lug Ago Set Ott Nov Dic
2014: Gen Feb Mar Apr Mag Giu Lug Ago Set Ott Nov Dic
2013: Gen Feb Mar Apr Mag Giu Lug Ago Set Ott Nov Dic
2024: Gen Feb Mar Apr Mag Giu Lug Ago Set Ott Nov Dic
2023: Gen Feb Mar Apr Mag Giu Lug Ago Set Ott Nov Dic
2022: Gen Feb Mar Apr Mag Giu Lug Ago Set Ott Nov Dic
2021: Gen Feb Mar Apr Mag Giu Lug Ago Set Ott Nov Dic
2020: Gen Feb Mar Apr Mag Giu Lug Ago Set Ott Nov Dic
2019: Gen Feb Mar Apr Mag Giu Lug Ago Set Ott Nov Dic
2018: Gen Feb Mar Apr Mag Giu Lug Ago Set Ott Nov Dic
2017: Gen Feb Mar Apr Mag Giu Lug Ago Set Ott Nov Dic
2016: Gen Feb Mar Apr Mag Giu Lug Ago Set Ott Nov Dic
2015: Gen Feb Mar Apr Mag Giu Lug Ago Set Ott Nov Dic
2014: Gen Feb Mar Apr Mag Giu Lug Ago Set Ott Nov Dic
2013: Gen Feb Mar Apr Mag Giu Lug Ago Set Ott Nov Dic
Report for 2015 Aprile
Monthly Climatological Summary for apr 2015 Name: Meteo Arquà City: Arquà Polesine State: Italia Elevation: 0 ft Lat: N 45° 00' 16" Lon: E 011° 44' 26" Temperature (°C), Rain (mm), Wind Speed (km/h) Heat Cool Avg Mean Deg Deg Wind Dom Day Temp High Time Low Time Days Days Rain Speed High Time Dir ---------------------------------------------------------------------------------- 1 14,3 23,0 15:22 6,5 07:09 5,0 1,0 0,0 8,1 34,2 16:20 NW 2 12,8 23,0 18:45 5,0 06:59 6,0 0,6 0,0 1,5 22,0 23:49 WNW 3 12,5 19,3 15:34 5,5 06:57 5,8 0,0 0,0 2,8 15,8 01:12 SE 4 9,9 12,4 12:37 8,2 20:17 8,4 0,0 0,9 2,2 18,4 21:19 NE 5 10,6 16,8 16:48 6,4 22:25 7,7 0,0 1,5 5,0 37,8 11:34 E 6 9,4 20,1 16:03 2,5 06:04 8,9 0,0 0,0 2,7 20,9 17:50 N 7 10,2 22,1 18:05 1,3 04:56 8,4 0,3 0,0 2,5 23,4 12:16 NNW 8 11,6 26,9 18:10 0,9 06:38 7,9 1,2 0,0 1,6 18,4 15:01 W 9 13,2 24,3 15:45 4,7 04:13 6,1 1,0 0,0 1,2 13,3 13:14 SSE 10 13,5 23,0 13:31 4,2 06:17 5,9 1,0 0,0 1,6 12,2 15:56 SE 11 14,4 24,2 17:40 5,6 05:56 5,0 1,2 0,0 1,1 13,3 17:18 WNW 12 16,1 27,8 16:00 9,3 05:12 4,2 2,0 0,0 0,7 8,6 06:32 W 13 17,1 28,4 17:13 6,8 06:19 4,0 2,8 0,0 2,6 20,9 16:20 WNW 14 17,4 28,3 16:33 10,5 07:03 3,2 2,3 0,0 1,5 12,2 11:49 SE 15 18,3 29,9 16:33 10,2 03:04 3,0 3,0 0,0 1,6 13,3 11:34 SE 16 18,0 27,4 16:12 10,6 03:55 2,9 2,5 0,0 2,0 22,0 14:55 WNW 17 16,6 23,0 13:33 13,1 21:56 2,3 0,6 2,1 1,7 20,9 04:29 S 18 13,3 21,9 12:53 8,8 23:56 5,3 0,3 4,2 3,0 22,0 16:52 NNE 19 12,4 23,4 18:26 6,0 06:36 6,3 0,4 0,0 2,4 15,8 09:46 NE 20 13,0 23,4 17:24 3,0 06:27 6,4 1,1 0,0 2,6 17,3 10:00 WNW 21 16,4 28,3 16:00 5,9 05:36 4,5 2,7 0,0 1,8 17,3 15:07 W 22 18,3 33,4 16:43 8,4 06:12 3,4 3,4 0,0 1,2 12,2 19:07 S 23 17,0 30,3 16:31 7,7 05:32 3,6 2,2 0,0 1,8 18,4 19:41 SSW 24 16,4 25,6 16:25 8,1 06:06 3,6 1,7 0,0 1,9 20,9 12:00 NE 25 16,2 23,2 12:29 10,3 05:36 3,0 0,9 0,0 1,3 14,8 14:31 ESE 26 18,0 27,7 16:20 12,0 06:24 2,2 1,9 1,8 1,8 19,4 19:39 S 27 15,6 18,2 17:26 13,5 23:56 2,7 0,0 3,6 1,9 12,2 12:28 E 28 15,6 21,7 15:18 13,3 01:12 3,0 0,4 10,5 5,6 20,9 11:02 NW 29 16,2 22,5 16:10 11,6 06:16 2,8 0,6 2,7 1,9 15,8 12:57 SE 30 16,3 23,7 17:56 12,6 05:29 2,6 0,6 0,3 2,8 30,6 10:43 NW ---------------------------------------------------------------------------------- 14,7 33,4 22 0,9 8 144,1 35,7 27,6 2,4 37,8 5 NNW Max >= 27,0: 9 Max <= 0,0: 0 Min <= 0,0: 0 Min <= -18,0: 0 Max Rain: 10,5 on day 28 Days of Rain: 9 (>= 0,2 mm) 5 (>= 2,0 mm) 0 (>= 20,0 mm) Heat Base: 18,3 Cool Base: 18,3 Method: Integration