NOAA-Style Climate Reports
Select a Year or Month report
2024: Gen Feb Mar Apr Mag Giu Lug Ago Set Ott Nov Dic
2023: Gen Feb Mar Apr Mag Giu Lug Ago Set Ott Nov Dic
2022: Gen Feb Mar Apr Mag Giu Lug Ago Set Ott Nov Dic
2021: Gen Feb Mar Apr Mag Giu Lug Ago Set Ott Nov Dic
2020: Gen Feb Mar Apr Mag Giu Lug Ago Set Ott Nov Dic
2019: Gen Feb Mar Apr Mag Giu Lug Ago Set Ott Nov Dic
2018: Gen Feb Mar Apr Mag Giu Lug Ago Set Ott Nov Dic
2017: Gen Feb Mar Apr Mag Giu Lug Ago Set Ott Nov Dic
2016: Gen Feb Mar Apr Mag Giu Lug Ago Set Ott Nov Dic
2015: Gen Feb Mar Apr Mag Giu Lug Ago Set Ott Nov Dic
2014: Gen Feb Mar Apr Mag Giu Lug Ago Set Ott Nov Dic
2013: Gen Feb Mar Apr Mag Giu Lug Ago Set Ott Nov Dic
2024: Gen Feb Mar Apr Mag Giu Lug Ago Set Ott Nov Dic
2023: Gen Feb Mar Apr Mag Giu Lug Ago Set Ott Nov Dic
2022: Gen Feb Mar Apr Mag Giu Lug Ago Set Ott Nov Dic
2021: Gen Feb Mar Apr Mag Giu Lug Ago Set Ott Nov Dic
2020: Gen Feb Mar Apr Mag Giu Lug Ago Set Ott Nov Dic
2019: Gen Feb Mar Apr Mag Giu Lug Ago Set Ott Nov Dic
2018: Gen Feb Mar Apr Mag Giu Lug Ago Set Ott Nov Dic
2017: Gen Feb Mar Apr Mag Giu Lug Ago Set Ott Nov Dic
2016: Gen Feb Mar Apr Mag Giu Lug Ago Set Ott Nov Dic
2015: Gen Feb Mar Apr Mag Giu Lug Ago Set Ott Nov Dic
2014: Gen Feb Mar Apr Mag Giu Lug Ago Set Ott Nov Dic
2013: Gen Feb Mar Apr Mag Giu Lug Ago Set Ott Nov Dic
Report for 2015 Agosto
Monthly Climatological Summary for ago 2015 Name: Meteo Arquà City: Arquà Polesine State: Italia Elevation: 0 ft Lat: N 45° 00' 16" Lon: E 011° 44' 26" Temperature (°C), Rain (mm), Wind Speed (km/h) Heat Cool Avg Mean Deg Deg Wind Dom Day Temp High Time Low Time Days Days Rain Speed High Time Dir ---------------------------------------------------------------------------------- 4 24,5 25,6 22:30 23,8 23:48 0,0 0,2 0,0 0,0 1,1 22:39 --- 5 29,3 39,4 18:33 20,9 06:24 0,0 10,9 0,0 1,5 14,8 13:50 NNE 6 29,6 41,0 17:50 20,1 06:15 0,0 11,3 0,0 1,0 15,8 11:52 NNE 7 29,6 39,2 17:57 20,7 06:08 0,0 11,3 0,0 1,3 17,3 15:53 NE 8 29,3 40,7 17:48 21,4 05:58 0,0 10,9 0,0 1,3 11,2 10:27 NNE 9 29,4 39,5 17:48 22,1 02:07 0,0 11,1 0,0 1,7 12,2 13:25 ENE 10 25,5 35,2 13:58 19,5 08:37 0,0 7,3 0,0 3,8 23,4 17:47 NW 11 26,8 38,3 17:07 17,8 06:20 0,0 8,5 0,3 1,9 12,2 07:50 NNW 12 28,2 40,6 17:14 18,6 06:09 0,0 9,9 0,0 0,8 11,2 11:24 N 13 28,6 40,5 16:36 17,7 05:49 0,0 10,2 0,0 0,6 11,2 13:32 ESE 14 28,7 38,6 15:06 21,6 02:06 0,0 10,6 0,3 0,7 8,6 16:36 SE 15 25,3 33,8 12:17 18,8 20:56 0,0 7,0 6,9 1,5 28,1 19:37 WNW 16 20,9 27,8 17:05 18,6 23:50 0,0 2,6 5,1 1,8 12,2 12:05 WNW 17 23,8 36,6 17:44 18,0 06:06 0,0 5,6 0,6 2,2 15,8 10:53 WNW 18 24,0 34,3 15:56 17,4 06:18 0,1 5,8 0,0 2,1 17,3 13:21 NW 19 19,3 22,8 14:56 15,7 09:45 0,4 1,4 11,7 2,7 18,4 01:31 NNW 20 23,3 36,2 18:27 15,3 06:23 0,7 5,7 0,0 2,3 19,4 23:13 NW 21 22,4 29,9 16:58 17,3 06:08 0,1 4,2 0,0 3,1 19,4 02:14 NE 22 22,4 35,7 17:53 14,0 05:00 1,0 5,1 3,0 0,6 11,2 12:47 ESE 23 23,5 41,2 15:21 13,4 02:56 1,1 6,3 0,6 0,7 12,2 15:44 ESE 24 22,4 29,3 12:58 19,2 05:31 0,0 4,1 3,9 2,6 24,5 14:04 NE 25 24,8 38,7 16:22 18,0 05:53 0,0 6,6 6,9 1,1 11,2 12:44 NE 26 24,4 31,7 17:48 18,6 05:49 0,0 6,1 0,0 1,7 17,3 02:23 NNE 27 24,5 33,9 16:56 16,9 07:03 0,1 6,4 0,0 0,5 9,7 12:37 ESE 28 25,7 34,3 15:59 17,6 07:02 0,0 7,4 0,0 0,7 12,2 14:14 WNW 29 26,3 34,4 17:09 18,4 06:59 0,0 8,0 2,4 0,6 9,7 14:43 N 30 26,5 34,9 16:06 18,3 07:04 0,0 8,2 0,0 0,9 14,8 15:41 NW 31 26,7 34,9 17:01 19,8 07:07 0,0 8,4 0,0 0,7 12,2 16:00 NW ---------------------------------------------------------------------------------- 25,6 41,2 23 13,4 23 3,5 201,1 41,7 1,5 28,1 15 N Max >= 27,0: 26 Max <= 0,0: 0 Min <= 0,0: 0 Min <= -18,0: 0 Max Rain: 11,7 on day 19 Days of Rain: 11 (>= 0,2 mm) 7 (>= 2,0 mm) 0 (>= 20,0 mm) Heat Base: 18,3 Cool Base: 18,3 Method: Integration