NOAA-Style Climate Reports
Select a Year or Month report
2024: Gen Feb Mar Apr Mag Giu Lug Ago Set Ott Nov Dic
2023: Gen Feb Mar Apr Mag Giu Lug Ago Set Ott Nov Dic
2022: Gen Feb Mar Apr Mag Giu Lug Ago Set Ott Nov Dic
2021: Gen Feb Mar Apr Mag Giu Lug Ago Set Ott Nov Dic
2020: Gen Feb Mar Apr Mag Giu Lug Ago Set Ott Nov Dic
2019: Gen Feb Mar Apr Mag Giu Lug Ago Set Ott Nov Dic
2018: Gen Feb Mar Apr Mag Giu Lug Ago Set Ott Nov Dic
2017: Gen Feb Mar Apr Mag Giu Lug Ago Set Ott Nov Dic
2016: Gen Feb Mar Apr Mag Giu Lug Ago Set Ott Nov Dic
2015: Gen Feb Mar Apr Mag Giu Lug Ago Set Ott Nov Dic
2014: Gen Feb Mar Apr Mag Giu Lug Ago Set Ott Nov Dic
2013: Gen Feb Mar Apr Mag Giu Lug Ago Set Ott Nov Dic
2024: Gen Feb Mar Apr Mag Giu Lug Ago Set Ott Nov Dic
2023: Gen Feb Mar Apr Mag Giu Lug Ago Set Ott Nov Dic
2022: Gen Feb Mar Apr Mag Giu Lug Ago Set Ott Nov Dic
2021: Gen Feb Mar Apr Mag Giu Lug Ago Set Ott Nov Dic
2020: Gen Feb Mar Apr Mag Giu Lug Ago Set Ott Nov Dic
2019: Gen Feb Mar Apr Mag Giu Lug Ago Set Ott Nov Dic
2018: Gen Feb Mar Apr Mag Giu Lug Ago Set Ott Nov Dic
2017: Gen Feb Mar Apr Mag Giu Lug Ago Set Ott Nov Dic
2016: Gen Feb Mar Apr Mag Giu Lug Ago Set Ott Nov Dic
2015: Gen Feb Mar Apr Mag Giu Lug Ago Set Ott Nov Dic
2014: Gen Feb Mar Apr Mag Giu Lug Ago Set Ott Nov Dic
2013: Gen Feb Mar Apr Mag Giu Lug Ago Set Ott Nov Dic
Report for 2015 Settembre
Monthly Climatological Summary for set 2015 Name: Meteo Arquà City: Arquà Polesine State: Italia Elevation: 0 ft Lat: N 45° 00' 16" Lon: E 011° 44' 26" Temperature (°C), Rain (mm), Wind Speed (km/h) Heat Cool Avg Mean Deg Deg Wind Dom Day Temp High Time Low Time Days Days Rain Speed High Time Dir ---------------------------------------------------------------------------------- 1 25,4 33,9 15:20 18,6 03:39 0,0 7,1 0,0 2,3 186,0 19:25 NW 2 24,8 32,7 14:20 17,4 04:56 0,0 6,5 0,0 1,0 18,4 12:39 ENE 3 18,9 26,8 18:11 16,4 04:44 0,9 1,6 0,0 0,0 6,1 00:22 E 4 23,1 30,6 13:32 16,5 07:21 0,2 5,0 0,0 1,7 14,8 17:40 WNW 5 21,4 28,4 15:50 15,3 23:51 0,5 3,6 0,0 4,1 56,2 16:52 NW 6 19,7 26,3 17:01 13,9 01:51 1,2 2,6 7,5 0,7 14,8 07:21 WNW 7 21,6 26,2 15:48 13,5 23:37 0,3 2,8 0,0 0,5 12,2 09:18 SE 8 19,0 26,6 14:18 13,7 00:00 2,4 2,7 0,0 0,7 8,6 15:18 SE 9 18,3 25,6 13:33 12,3 04:32 2,3 2,3 0,0 1,5 15,8 17:41 E 10 18,7 25,1 15:30 12,8 05:02 1,8 2,2 0,0 2,3 20,9 09:54 ENE 11 19,3 26,2 15:38 12,1 05:31 1,5 2,5 0,0 1,3 14,8 10:53 ENE 12 20,0 28,8 15:50 15,4 01:11 1,4 3,1 0,0 1,0 9,7 13:32 ESE 13 21,6 26,0 13:43 21,0 15:47 0,0 1,9 0,3 1,1 17,3 15:24 SSE 14 22,3 30,8 16:29 21,0 00:00 0,0 4,0 0,3 0,5 13,3 16:41 S 15 22,4 28,8 13:31 19,2 21:50 0,0 4,1 0,0 1,0 19,4 13:06 W 16 22,1 29,8 15:29 18,6 04:46 0,0 3,8 0,0 1,8 14,8 17:51 NE 17 25,2 31,8 15:28 21,3 23:02 0,0 6,9 0,0 0,6 11,2 16:18 ENE 18 23,4 31,7 15:59 17,5 23:44 0,0 5,2 0,0 1,5 23,4 17:05 WNW 19 20,5 29,1 16:12 13,8 05:48 1,1 3,3 0,0 1,7 15,8 15:19 NW 20 20,0 27,3 15:28 13,6 07:33 1,4 3,1 0,3 2,2 23,4 14:36 ENE 21 19,6 26,5 15:14 13,5 23:59 0,9 2,2 0,0 0,7 11,2 11:56 E 22 18,9 25,7 14:52 12,3 06:39 1,7 2,2 0,0 1,0 12,2 11:47 ENE 23 17,4 23,7 15:41 13,9 20:49 1,6 0,7 5,7 2,4 23,4 16:27 NE 24 15,3 20,2 14:57 14,2 23:18 3,1 0,1 0,3 3,5 19,4 15:00 N 25 16,1 21,5 17:15 13,6 00:42 2,6 0,4 0,0 0,3 6,1 13:11 SSE 26 18,6 23,1 13:09 14,1 07:32 1,2 1,5 0,0 0,2 6,1 09:29 SE 27 18,7 23,1 14:43 16,0 01:25 0,6 1,0 0,0 2,3 18,4 16:04 ENE 28 18,1 22,0 14:20 14,6 06:12 1,0 0,8 0,0 4,3 24,5 12:59 E 29 17,2 21,5 13:52 11,3 21:29 1,6 0,6 0,0 3,7 25,6 12:25 E 30 15,7 20,2 13:53 11,1 03:07 2,8 0,2 0,0 4,4 23,4 11:57 ENE ---------------------------------------------------------------------------------- 20,1 33,9 1 11,1 30 32,1 84,0 14,4 1,7 186,0 1 NE Max >= 27,0: 12 Max <= 0,0: 0 Min <= 0,0: 0 Min <= -18,0: 0 Max Rain: 7,5 on day 6 Days of Rain: 6 (>= 0,2 mm) 2 (>= 2,0 mm) 0 (>= 20,0 mm) Heat Base: 18,3 Cool Base: 18,3 Method: Integration