NOAA-Style Climate Reports
Select a Year or Month report
2024: Gen Feb Mar Apr Mag Giu Lug Ago Set Ott Nov Dic
2023: Gen Feb Mar Apr Mag Giu Lug Ago Set Ott Nov Dic
2022: Gen Feb Mar Apr Mag Giu Lug Ago Set Ott Nov Dic
2021: Gen Feb Mar Apr Mag Giu Lug Ago Set Ott Nov Dic
2020: Gen Feb Mar Apr Mag Giu Lug Ago Set Ott Nov Dic
2019: Gen Feb Mar Apr Mag Giu Lug Ago Set Ott Nov Dic
2018: Gen Feb Mar Apr Mag Giu Lug Ago Set Ott Nov Dic
2017: Gen Feb Mar Apr Mag Giu Lug Ago Set Ott Nov Dic
2016: Gen Feb Mar Apr Mag Giu Lug Ago Set Ott Nov Dic
2015: Gen Feb Mar Apr Mag Giu Lug Ago Set Ott Nov Dic
2014: Gen Feb Mar Apr Mag Giu Lug Ago Set Ott Nov Dic
2013: Gen Feb Mar Apr Mag Giu Lug Ago Set Ott Nov Dic
2024: Gen Feb Mar Apr Mag Giu Lug Ago Set Ott Nov Dic
2023: Gen Feb Mar Apr Mag Giu Lug Ago Set Ott Nov Dic
2022: Gen Feb Mar Apr Mag Giu Lug Ago Set Ott Nov Dic
2021: Gen Feb Mar Apr Mag Giu Lug Ago Set Ott Nov Dic
2020: Gen Feb Mar Apr Mag Giu Lug Ago Set Ott Nov Dic
2019: Gen Feb Mar Apr Mag Giu Lug Ago Set Ott Nov Dic
2018: Gen Feb Mar Apr Mag Giu Lug Ago Set Ott Nov Dic
2017: Gen Feb Mar Apr Mag Giu Lug Ago Set Ott Nov Dic
2016: Gen Feb Mar Apr Mag Giu Lug Ago Set Ott Nov Dic
2015: Gen Feb Mar Apr Mag Giu Lug Ago Set Ott Nov Dic
2014: Gen Feb Mar Apr Mag Giu Lug Ago Set Ott Nov Dic
2013: Gen Feb Mar Apr Mag Giu Lug Ago Set Ott Nov Dic
Report for 2015 Dicembre
Monthly Climatological Summary for dic 2015 Name: Meteo Arquà City: Arquà Polesine State: Italia Elevation: 0 ft Lat: N 45° 00' 16" Lon: E 011° 44' 26" Temperature (°C), Rain (mm), Wind Speed (km/h) Heat Cool Avg Mean Deg Deg Wind Dom Day Temp High Time Low Time Days Days Rain Speed High Time Dir ---------------------------------------------------------------------------------- 1 3,1 9,5 14:54 -0,9 04:25 15,2 0,0 0,0 0,4 8,6 12:51 NW 2 3,8 11,4 13:43 -0,6 04:58 14,5 0,0 0,0 0,9 11,2 14:09 NW 3 2,8 5,4 14:29 0,7 00:00 15,5 0,0 0,3 5,1 13,3 23:14 NW 4 5,2 7,0 13:39 3,1 01:25 13,1 0,0 0,0 2,9 13,3 00:07 NW 5 6,9 9,0 14:55 5,8 00:00 11,4 0,0 0,0 4,8 14,8 09:42 NW 6 5,5 6,1 00:00 4,4 08:07 12,8 0,0 0,0 3,2 13,3 03:40 NW 7 6,1 7,5 13:40 5,6 07:19 12,2 0,0 0,0 1,4 11,2 23:54 NW 8 6,0 7,8 13:15 4,4 23:27 12,3 0,0 0,0 4,6 13,3 00:39 NW 9 4,6 6,0 13:28 3,4 04:40 13,7 0,0 0,0 4,1 14,8 20:54 NW 10 4,6 6,4 14:38 2,4 23:42 13,7 0,0 0,3 7,3 17,3 04:40 NW 11 2,3 3,2 14:30 1,8 07:43 16,0 0,0 0,0 6,6 17,3 14:30 NW 12 1,9 3,3 14:36 0,4 23:47 16,4 0,0 0,0 3,8 9,7 11:16 NW 13 1,9 4,7 21:07 -0,9 05:23 16,7 0,0 0,0 1,0 7,2 00:17 N 14 6,0 9,2 14:37 3,8 23:33 12,3 0,0 0,0 1,8 12,2 11:19 NW 15 4,2 7,9 14:47 0,8 23:58 14,1 0,0 0,0 0,4 8,6 13:15 NW 16 3,7 10,1 14:12 -0,2 05:28 14,6 0,0 0,0 0,8 11,2 12:09 NW 17 3,0 6,4 14:42 0,0 21:35 15,6 0,0 0,0 0,9 11,2 12:12 NW 18 3,2 9,4 15:07 0,2 01:45 15,1 0,0 0,6 1,6 9,7 12:32 NW 19 2,7 5,9 14:36 0,9 00:00 15,6 0,0 0,0 1,4 9,7 13:04 NW 20 2,7 15,7 17:04 -15,6 13:04 15,6 0,0 0,3 1,4 190,0 17:42 NW 21 5,1 7,7 13:13 1,2 03:03 13,2 0,0 0,0 1,5 9,7 02:22 NW 22 5,9 6,9 14:30 3,9 03:18 12,4 0,0 0,0 2,0 12,2 13:56 NW 23 6,1 6,9 13:28 4,4 06:51 12,2 0,0 0,0 0,3 7,2 13:25 NNE 24 7,5 9,5 13:52 5,7 08:06 10,8 0,0 0,0 2,4 13,3 11:50 N 25 6,2 7,4 00:00 5,5 21:21 12,1 0,0 0,0 2,4 13,3 05:42 N 26 5,6 6,5 13:25 4,8 01:12 12,7 0,0 0,0 6,6 18,4 11:49 N 27 5,1 5,8 15:01 3,9 23:59 13,2 0,0 0,0 1,7 12,2 00:55 N 28 2,6 4,0 00:01 1,2 07:14 15,7 0,0 0,0 3,7 15,8 12:00 N 29 2,4 3,9 14:42 1,4 09:19 15,9 0,0 0,0 5,0 15,8 09:51 N 30 3,7 10,9 13:45 -1,3 08:31 14,6 0,0 0,0 0,6 15,8 12:23 N 31 3,4 6,9 13:44 0,4 23:30 14,9 0,0 0,0 0,3 8,6 00:59 N ---------------------------------------------------------------------------------- 4,3 15,7 20 -15,6 20 434,1 0,0 1,5 2,6 190,0 20 NNW Max >= 27,0: 0 Max <= 0,0: 0 Min <= 0,0: 7 Min <= -18,0: 0 Max Rain: 0,6 on day 18 Days of Rain: 4 (>= 0,2 mm) 0 (>= 2,0 mm) 0 (>= 20,0 mm) Heat Base: 18,3 Cool Base: 18,3 Method: Integration