NOAA-Style Climate Reports
Select a Year or Month report
2024: Gen Feb Mar Apr Mag Giu Lug Ago Set Ott Nov Dic
2023: Gen Feb Mar Apr Mag Giu Lug Ago Set Ott Nov Dic
2022: Gen Feb Mar Apr Mag Giu Lug Ago Set Ott Nov Dic
2021: Gen Feb Mar Apr Mag Giu Lug Ago Set Ott Nov Dic
2020: Gen Feb Mar Apr Mag Giu Lug Ago Set Ott Nov Dic
2019: Gen Feb Mar Apr Mag Giu Lug Ago Set Ott Nov Dic
2018: Gen Feb Mar Apr Mag Giu Lug Ago Set Ott Nov Dic
2017: Gen Feb Mar Apr Mag Giu Lug Ago Set Ott Nov Dic
2016: Gen Feb Mar Apr Mag Giu Lug Ago Set Ott Nov Dic
2015: Gen Feb Mar Apr Mag Giu Lug Ago Set Ott Nov Dic
2014: Gen Feb Mar Apr Mag Giu Lug Ago Set Ott Nov Dic
2013: Gen Feb Mar Apr Mag Giu Lug Ago Set Ott Nov Dic
2024: Gen Feb Mar Apr Mag Giu Lug Ago Set Ott Nov Dic
2023: Gen Feb Mar Apr Mag Giu Lug Ago Set Ott Nov Dic
2022: Gen Feb Mar Apr Mag Giu Lug Ago Set Ott Nov Dic
2021: Gen Feb Mar Apr Mag Giu Lug Ago Set Ott Nov Dic
2020: Gen Feb Mar Apr Mag Giu Lug Ago Set Ott Nov Dic
2019: Gen Feb Mar Apr Mag Giu Lug Ago Set Ott Nov Dic
2018: Gen Feb Mar Apr Mag Giu Lug Ago Set Ott Nov Dic
2017: Gen Feb Mar Apr Mag Giu Lug Ago Set Ott Nov Dic
2016: Gen Feb Mar Apr Mag Giu Lug Ago Set Ott Nov Dic
2015: Gen Feb Mar Apr Mag Giu Lug Ago Set Ott Nov Dic
2014: Gen Feb Mar Apr Mag Giu Lug Ago Set Ott Nov Dic
2013: Gen Feb Mar Apr Mag Giu Lug Ago Set Ott Nov Dic
Report for 2016 Ottobre
Monthly Climatological Summary for ott 2016 Name: Meteo Arquà City: Arquà Polesine State: Italia Elevation: 0 ft Lat: N 45° 00' 16" Lon: E 011° 44' 26" Temperature (°C), Rain (mm), Wind Speed (km/h) Heat Cool Avg Mean Deg Deg Wind Dom Day Temp High Time Low Time Days Days Rain Speed High Time Dir ---------------------------------------------------------------------------------- 1 19,4 26,5 15:21 12,2 07:25 1,6 2,7 2,4 1,0 12,2 13:14 W 2 19,3 24,0 16:37 16,7 22:44 0,3 1,2 4,2 1,2 11,2 10:52 NNW 3 18,3 23,6 15:38 13,8 23:52 1,2 1,2 12,9 1,5 25,6 07:12 NE 4 16,3 23,6 16:05 11,5 05:14 3,0 1,0 0,3 1,5 15,8 14:08 NW 5 14,7 19,9 14:17 10,1 06:01 3,7 0,2 0,0 2,0 18,4 14:02 SE 6 13,6 19,5 14:00 9,3 07:58 4,7 0,0 0,0 1,0 11,2 10:17 N 7 14,1 19,9 15:29 10,2 07:29 4,5 0,2 0,0 2,6 18,4 12:39 NW 8 13,2 17,7 12:22 9,5 00:57 5,1 0,0 0,0 2,3 15,8 15:25 N 9 13,5 18,0 13:17 11,0 07:47 4,8 0,0 1,8 2,0 18,4 09:57 NNE 10 13,0 16,8 14:48 10,0 22:28 5,3 0,0 1,8 2,8 24,5 11:51 NE 11 10,6 16,2 13:29 4,7 06:57 7,7 0,0 0,0 1,7 17,3 16:36 N 12 10,5 18,0 15:17 4,9 06:47 7,8 0,0 0,0 1,8 15,8 13:00 NW 13 11,2 15,7 14:15 8,0 01:13 7,1 0,0 3,6 2,1 17,3 21:20 NNE 14 13,3 16,1 16:30 10,9 01:04 5,0 0,0 41,7 4,4 27,0 09:41 N 15 16,2 20,4 15:26 13,4 05:45 2,3 0,2 4,8 4,3 23,4 01:50 NW 16 13,8 17,3 16:34 11,3 22:54 4,5 0,0 0,0 3,3 17,3 00:05 NW 17 14,5 16,5 14:08 12,5 04:52 3,8 0,0 0,3 0,4 7,2 11:53 NNW 18 15,3 19,9 15:46 11,9 23:31 3,1 0,1 0,3 2,6 14,8 13:29 NW 19 16,1 25,5 12:21 9,6 04:42 3,8 1,5 1,8 0,5 8,6 22:55 NNE 20 12,8 15,1 00:12 10,9 23:07 5,5 0,0 2,4 1,9 15,8 01:06 NNE 21 12,0 17,1 15:39 8,1 23:49 6,3 0,0 0,3 2,4 17,3 12:51 NW 22 11,6 17,3 13:19 6,1 07:45 6,7 0,0 0,0 0,4 8,6 13:43 ENE 23 13,3 17,6 14:33 8,7 02:13 5,0 0,0 0,0 1,2 12,2 10:31 NNE 24 13,4 14,2 16:00 12,5 04:03 4,9 0,0 2,7 3,2 14,8 09:18 NW 25 14,4 16,0 13:07 13,2 06:53 3,9 0,0 0,3 2,0 13,3 23:52 NW 26 15,4 18,2 16:02 13,1 06:28 2,9 0,0 0,0 1,9 14,8 00:40 NW 27 15,8 20,2 14:44 12,6 23:56 2,7 0,2 0,0 1,8 15,8 15:17 N 28 13,4 18,3 14:29 9,0 23:39 4,9 0,0 0,0 1,2 14,8 14:56 NNW 29 11,1 18,4 14:52 6,1 05:42 7,2 0,0 0,3 2,1 17,3 15:13 WNW 30 10,9 18,9 14:12 5,9 06:54 7,7 0,0 0,0 0,7 9,7 12:11 NW 31 11,6 16,3 14:08 6,9 03:30 6,7 0,0 0,3 0,8 11,2 12:57 NNE ---------------------------------------------------------------------------------- 14,0 26,5 1 4,7 11 143,7 8,5 82,2 1,9 27,0 14 NNW Max >= 27,0: 0 Max <= 0,0: 0 Min <= 0,0: 0 Min <= -18,0: 0 Max Rain: 41,7 on day 14 Days of Rain: 18 (>= 0,2 mm) 8 (>= 2,0 mm) 1 (>= 20,0 mm) Heat Base: 18,3 Cool Base: 18,3 Method: Integration