NOAA-Style Climate Reports
Select a Year or Month report
2024: Gen Feb Mar Apr Mag Giu Lug Ago Set Ott Nov Dic
2023: Gen Feb Mar Apr Mag Giu Lug Ago Set Ott Nov Dic
2022: Gen Feb Mar Apr Mag Giu Lug Ago Set Ott Nov Dic
2021: Gen Feb Mar Apr Mag Giu Lug Ago Set Ott Nov Dic
2020: Gen Feb Mar Apr Mag Giu Lug Ago Set Ott Nov Dic
2019: Gen Feb Mar Apr Mag Giu Lug Ago Set Ott Nov Dic
2018: Gen Feb Mar Apr Mag Giu Lug Ago Set Ott Nov Dic
2017: Gen Feb Mar Apr Mag Giu Lug Ago Set Ott Nov Dic
2016: Gen Feb Mar Apr Mag Giu Lug Ago Set Ott Nov Dic
2015: Gen Feb Mar Apr Mag Giu Lug Ago Set Ott Nov Dic
2014: Gen Feb Mar Apr Mag Giu Lug Ago Set Ott Nov Dic
2013: Gen Feb Mar Apr Mag Giu Lug Ago Set Ott Nov Dic
2024: Gen Feb Mar Apr Mag Giu Lug Ago Set Ott Nov Dic
2023: Gen Feb Mar Apr Mag Giu Lug Ago Set Ott Nov Dic
2022: Gen Feb Mar Apr Mag Giu Lug Ago Set Ott Nov Dic
2021: Gen Feb Mar Apr Mag Giu Lug Ago Set Ott Nov Dic
2020: Gen Feb Mar Apr Mag Giu Lug Ago Set Ott Nov Dic
2019: Gen Feb Mar Apr Mag Giu Lug Ago Set Ott Nov Dic
2018: Gen Feb Mar Apr Mag Giu Lug Ago Set Ott Nov Dic
2017: Gen Feb Mar Apr Mag Giu Lug Ago Set Ott Nov Dic
2016: Gen Feb Mar Apr Mag Giu Lug Ago Set Ott Nov Dic
2015: Gen Feb Mar Apr Mag Giu Lug Ago Set Ott Nov Dic
2014: Gen Feb Mar Apr Mag Giu Lug Ago Set Ott Nov Dic
2013: Gen Feb Mar Apr Mag Giu Lug Ago Set Ott Nov Dic
Report for 2017 Gennaio
Monthly Climatological Summary for gen 2017 Name: Meteo Arquà City: Arquà Polesine State: Italia Elevation: 0 ft Lat: N 45° 00' 16" Lon: E 011° 44' 26" Temperature (°C), Rain (mm), Wind Speed (km/h) Heat Cool Avg Mean Deg Deg Wind Dom Day Temp High Time Low Time Days Days Rain Speed High Time Dir ---------------------------------------------------------------------------------- 1 -1,0 4,4 15:35 -2,9 08:11 19,3 0,0 0,3 0,3 8,6 13:48 NW 2 1,2 6,1 14:39 -2,8 00:00 17,1 0,0 0,0 0,2 6,1 13:40 NNW 3 3,3 10,0 13:09 -2,4 23:53 15,0 0,0 0,0 0,8 11,2 08:23 NNW 4 0,2 3,8 13:36 -2,4 00:29 18,1 0,0 0,3 2,3 15,8 10:03 NW 5 2,5 8,8 12:52 -3,4 06:51 15,8 0,0 0,0 4,7 34,2 09:32 NNW 6 -1,1 4,7 13:56 -6,5 23:39 19,8 0,0 0,0 0,6 15,8 11:25 E 7 -2,7 3,0 13:16 -8,1 07:38 21,0 0,0 0,0 0,2 8,6 14:12 NNW 8 -1,7 3,1 14:46 -5,9 23:59 20,0 0,0 0,0 0,5 12,2 11:48 NNE 9 -3,1 2,0 15:08 -7,0 04:59 21,4 0,0 0,0 1,1 15,8 10:07 NW 10 1,9 17,2 22:59 -5,0 00:16 16,7 0,0 0,0 2,2 15,8 05:56 NE 11 -1,6 15,7 00:00 -4,7 07:36 19,8 0,0 0,0 1,4 14,8 00:21 N 12 0,2 1,4 19:33 -1,0 09:39 18,1 0,0 0,0 1,3 13,3 23:08 NE 13 1,5 2,4 19:25 0,8 10:22 16,8 0,0 3,3 5,9 28,1 13:58 NW 14 0,9 7,0 15:20 -2,3 06:51 17,4 0,0 0,3 1,8 14,8 09:47 NNW 15 2,0 5,3 12:21 -2,0 00:48 16,3 0,0 0,0 1,5 14,8 12:48 N 16 2,6 5,0 13:33 0,6 03:37 15,7 0,0 0,0 4,4 25,6 12:58 NNE 17 4,1 6,6 13:26 2,3 02:29 14,2 0,0 0,9 6,8 34,2 15:40 ENE 18 4,7 6,6 12:42 3,5 00:24 13,6 0,0 0,0 7,8 33,1 11:19 E 19 4,0 7,4 12:28 -1,1 21:22 14,3 0,0 0,0 3,6 25,6 14:05 E 20 1,3 6,7 13:46 -2,8 07:58 17,0 0,0 0,0 2,3 15,8 10:10 N 21 -0,4 6,8 12:52 -5,6 07:27 18,7 0,0 0,0 0,9 11,2 10:55 NNW 22 0,9 8,7 13:31 -5,7 07:42 17,4 0,0 0,0 2,1 15,8 11:07 NNW 23 4,3 8,4 13:26 -1,5 23:55 14,0 0,0 0,0 2,3 13,3 15:27 NNW 24 4,0 11,4 15:04 -1,7 01:09 14,3 0,0 0,0 1,8 18,4 20:26 N 25 1,8 8,1 13:44 -3,9 05:38 16,5 0,0 0,0 2,1 17,3 11:34 NNE 26 1,0 15,7 21:33 -3,0 02:45 17,6 0,0 0,0 2,6 15,8 12:29 NNE 27 -0,7 5,8 15:06 -6,7 07:08 19,0 0,0 0,0 0,9 15,8 15:02 NNW 28 1,7 6,7 14:37 -5,0 03:33 16,6 0,0 0,0 0,8 12,2 13:53 N 29 0,5 7,0 15:03 -4,5 06:50 17,8 0,0 0,0 0,8 14,8 12:21 NNW 30 1,2 7,3 13:55 -4,7 04:43 17,1 0,0 0,0 0,4 7,2 11:09 NNW 31 4,3 5,7 12:22 2,9 06:46 14,0 0,0 0,6 0,7 11,2 12:55 N ---------------------------------------------------------------------------------- 1,2 17,2 10 -8,1 7 530,4 0,0 5,7 2,1 34,2 5 NNE Max >= 27,0: 0 Max <= 0,0: 0 Min <= 0,0: 26 Min <= -18,0: 0 Max Rain: 3,3 on day 13 Days of Rain: 6 (>= 0,2 mm) 1 (>= 2,0 mm) 0 (>= 20,0 mm) Heat Base: 18,3 Cool Base: 18,3 Method: Integration