NOAA-Style Climate Reports
Select a Year or Month report
2024: Gen Feb Mar Apr Mag Giu Lug Ago Set Ott Nov Dic
2023: Gen Feb Mar Apr Mag Giu Lug Ago Set Ott Nov Dic
2022: Gen Feb Mar Apr Mag Giu Lug Ago Set Ott Nov Dic
2021: Gen Feb Mar Apr Mag Giu Lug Ago Set Ott Nov Dic
2020: Gen Feb Mar Apr Mag Giu Lug Ago Set Ott Nov Dic
2019: Gen Feb Mar Apr Mag Giu Lug Ago Set Ott Nov Dic
2018: Gen Feb Mar Apr Mag Giu Lug Ago Set Ott Nov Dic
2017: Gen Feb Mar Apr Mag Giu Lug Ago Set Ott Nov Dic
2016: Gen Feb Mar Apr Mag Giu Lug Ago Set Ott Nov Dic
2015: Gen Feb Mar Apr Mag Giu Lug Ago Set Ott Nov Dic
2014: Gen Feb Mar Apr Mag Giu Lug Ago Set Ott Nov Dic
2013: Gen Feb Mar Apr Mag Giu Lug Ago Set Ott Nov Dic
2024: Gen Feb Mar Apr Mag Giu Lug Ago Set Ott Nov Dic
2023: Gen Feb Mar Apr Mag Giu Lug Ago Set Ott Nov Dic
2022: Gen Feb Mar Apr Mag Giu Lug Ago Set Ott Nov Dic
2021: Gen Feb Mar Apr Mag Giu Lug Ago Set Ott Nov Dic
2020: Gen Feb Mar Apr Mag Giu Lug Ago Set Ott Nov Dic
2019: Gen Feb Mar Apr Mag Giu Lug Ago Set Ott Nov Dic
2018: Gen Feb Mar Apr Mag Giu Lug Ago Set Ott Nov Dic
2017: Gen Feb Mar Apr Mag Giu Lug Ago Set Ott Nov Dic
2016: Gen Feb Mar Apr Mag Giu Lug Ago Set Ott Nov Dic
2015: Gen Feb Mar Apr Mag Giu Lug Ago Set Ott Nov Dic
2014: Gen Feb Mar Apr Mag Giu Lug Ago Set Ott Nov Dic
2013: Gen Feb Mar Apr Mag Giu Lug Ago Set Ott Nov Dic
Report for 2017 Marzo
Monthly Climatological Summary for mar 2017 Name: Meteo Arquà City: Arquà Polesine State: Italia Elevation: 0 ft Lat: N 45° 00' 16" Lon: E 011° 44' 26" Temperature (°C), Rain (mm), Wind Speed (km/h) Heat Cool Avg Mean Deg Deg Wind Dom Day Temp High Time Low Time Days Days Rain Speed High Time Dir ---------------------------------------------------------------------------------- 1 12,1 23,7 02:42 5,3 23:06 6,6 0,3 0,9 6,5 40,3 01:59 NW 2 10,1 16,4 15:28 4,9 07:14 8,2 0,0 0,0 1,0 12,2 09:20 NNE 3 10,5 16,7 15:03 5,9 02:08 7,8 0,0 0,0 1,2 11,2 11:03 ENE 4 10,3 13,5 16:45 7,2 01:03 8,0 0,0 0,0 1,3 15,8 13:25 SE 5 12,0 14,8 12:11 7,2 02:26 6,3 0,0 0,0 1,8 12,2 09:40 SSW 6 17,9 25,5 14:12 8,9 23:59 2,6 2,2 0,0 2,5 14,8 23:24 WSW 7 10,9 18,7 15:23 4,4 07:03 7,4 0,0 0,0 3,7 30,6 20:11 NNW 8 10,1 17,7 14:41 1,1 06:28 8,2 0,0 0,0 1,3 14,8 12:51 NNW 9 10,4 19,2 15:00 2,9 05:25 8,0 0,1 0,0 2,6 18,4 13:31 NW 10 12,8 22,8 15:48 3,7 05:39 6,5 0,8 0,0 2,0 24,5 15:56 N 11 9,0 17,3 14:31 1,6 06:11 9,3 0,0 0,0 0,5 11,2 15:51 S 12 9,4 16,2 13:43 4,3 03:39 8,9 0,0 0,0 1,2 14,8 17:03 SSE 13 9,5 16,5 15:08 4,2 06:43 8,8 0,0 0,0 0,8 13,3 16:38 NE 14 11,1 19,7 15:11 2,7 06:54 7,2 0,1 0,0 1,8 18,4 12:25 NW 15 12,0 19,7 14:01 6,4 02:01 6,3 0,0 0,0 0,5 11,2 12:17 SSE 16 11,7 21,4 15:41 3,4 05:14 7,0 0,4 0,0 0,5 8,6 11:35 SSE 17 11,8 21,8 15:20 3,3 06:55 7,1 0,6 0,0 0,9 13,3 13:19 NW 18 11,4 18,3 15:01 5,2 03:57 6,9 0,0 0,0 1,0 18,4 12:34 NW 19 11,9 17,8 15:32 5,8 05:34 6,4 0,0 0,0 0,7 17,3 11:12 NNE 20 12,0 18,2 16:00 7,9 02:03 6,3 0,0 0,0 0,9 9,7 08:05 NNE 21 13,0 18,2 14:18 9,1 00:18 5,3 0,0 0,0 0,8 11,2 13:46 SE 22 12,0 12,3 02:44 11,9 05:05 6,3 0,0 0,0 0,1 6,1 05:28 ESE 23 12,4 16,5 18:09 12,0 00:00 6,0 0,0 0,0 0,1 5,0 18:09 ESE 24 15,2 22,3 13:28 10,6 06:18 3,8 0,7 0,0 0,7 12,2 16:50 ESE 25 15,1 23,6 14:50 8,2 04:44 4,3 1,1 0,0 1,7 12,2 12:44 N 26 13,6 19,3 14:55 8,3 23:51 4,5 0,0 4,8 8,7 35,6 13:34 NW 27 11,0 18,4 17:04 4,2 04:56 7,3 0,0 0,3 1,5 15,8 12:00 NNE 28 11,8 21,2 17:54 2,4 07:02 7,0 0,5 0,0 1,6 18,4 14:15 NW 29 14,4 24,3 15:27 5,2 06:30 5,4 1,5 0,0 2,1 15,8 13:48 NW 30 15,9 25,4 15:58 6,9 06:47 4,2 1,8 0,0 0,8 11,2 10:07 NW 31 16,9 25,4 15:23 9,8 07:40 3,3 1,9 0,0 0,9 12,2 02:26 SE ---------------------------------------------------------------------------------- 12,2 25,5 6 1,1 8 201,2 12,0 6,0 1,6 40,3 1 NW Max >= 27,0: 0 Max <= 0,0: 0 Min <= 0,0: 0 Min <= -18,0: 0 Max Rain: 4,8 on day 26 Days of Rain: 3 (>= 0,2 mm) 1 (>= 2,0 mm) 0 (>= 20,0 mm) Heat Base: 18,3 Cool Base: 18,3 Method: Integration