NOAA-Style Climate Reports
Select a Year or Month report
2024: Gen Feb Mar Apr Mag Giu Lug Ago Set Ott Nov Dic
2023: Gen Feb Mar Apr Mag Giu Lug Ago Set Ott Nov Dic
2022: Gen Feb Mar Apr Mag Giu Lug Ago Set Ott Nov Dic
2021: Gen Feb Mar Apr Mag Giu Lug Ago Set Ott Nov Dic
2020: Gen Feb Mar Apr Mag Giu Lug Ago Set Ott Nov Dic
2019: Gen Feb Mar Apr Mag Giu Lug Ago Set Ott Nov Dic
2018: Gen Feb Mar Apr Mag Giu Lug Ago Set Ott Nov Dic
2017: Gen Feb Mar Apr Mag Giu Lug Ago Set Ott Nov Dic
2016: Gen Feb Mar Apr Mag Giu Lug Ago Set Ott Nov Dic
2015: Gen Feb Mar Apr Mag Giu Lug Ago Set Ott Nov Dic
2014: Gen Feb Mar Apr Mag Giu Lug Ago Set Ott Nov Dic
2013: Gen Feb Mar Apr Mag Giu Lug Ago Set Ott Nov Dic
2024: Gen Feb Mar Apr Mag Giu Lug Ago Set Ott Nov Dic
2023: Gen Feb Mar Apr Mag Giu Lug Ago Set Ott Nov Dic
2022: Gen Feb Mar Apr Mag Giu Lug Ago Set Ott Nov Dic
2021: Gen Feb Mar Apr Mag Giu Lug Ago Set Ott Nov Dic
2020: Gen Feb Mar Apr Mag Giu Lug Ago Set Ott Nov Dic
2019: Gen Feb Mar Apr Mag Giu Lug Ago Set Ott Nov Dic
2018: Gen Feb Mar Apr Mag Giu Lug Ago Set Ott Nov Dic
2017: Gen Feb Mar Apr Mag Giu Lug Ago Set Ott Nov Dic
2016: Gen Feb Mar Apr Mag Giu Lug Ago Set Ott Nov Dic
2015: Gen Feb Mar Apr Mag Giu Lug Ago Set Ott Nov Dic
2014: Gen Feb Mar Apr Mag Giu Lug Ago Set Ott Nov Dic
2013: Gen Feb Mar Apr Mag Giu Lug Ago Set Ott Nov Dic
Report for 2017 Settembre
Monthly Climatological Summary for set 2017 Name: Meteo Arquà City: Arquà Polesine State: Italia Elevation: 0 ft Lat: N 45° 00' 16" Lon: E 011° 44' 26" Temperature (°C), Rain (mm), Wind Speed (km/h) Heat Cool Avg Mean Deg Deg Wind Dom Day Temp High Time Low Time Days Days Rain Speed High Time Dir ---------------------------------------------------------------------------------- 1 24,1 30,4 16:44 17,7 23:28 0,0 5,8 6,0 1,6 17,3 19:01 NNW 2 19,2 27,7 12:38 14,5 06:34 0,9 1,8 3,6 4,6 39,2 14:50 WNW 3 19,1 26,4 15:56 14,3 03:42 1,5 2,3 10,8 4,4 22,0 05:13 WNW 4 20,4 27,5 16:55 14,8 04:24 1,0 3,1 0,0 1,5 17,3 15:54 NW 5 22,2 29,7 16:03 16,4 06:10 0,3 4,2 0,0 1,5 14,8 01:38 NW 6 23,0 30,3 15:39 16,0 06:56 0,2 4,9 0,0 0,8 22,0 15:56 NE 7 21,5 27,5 12:52 16,8 06:15 0,2 3,4 14,1 1,9 19,4 20:34 N 8 20,3 26,9 16:17 16,2 06:43 0,6 2,6 0,0 1,6 14,8 14:28 NW 9 21,4 28,6 15:42 16,4 05:17 0,4 3,5 5,1 1,6 13,3 16:49 NNW 10 18,6 21,1 17:41 17,2 07:57 0,3 0,6 19,5 2,2 18,4 13:51 NE 11 19,5 22,7 13:07 17,7 00:00 0,1 1,3 20,7 3,1 17,3 16:47 WNW 12 17,9 22,9 10:23 12,7 23:05 1,1 0,7 0,3 2,3 41,8 12:08 NW 13 17,7 25,1 17:00 10,7 06:09 2,6 2,0 0,0 1,5 18,4 16:18 WNW 14 19,4 24,1 15:41 13,8 06:47 1,1 2,3 0,3 1,5 15,8 19:14 WNW 15 17,6 22,8 12:39 14,5 06:36 1,4 0,6 9,3 2,6 20,9 20:25 NW 16 16,8 20,3 15:53 14,4 06:11 1,8 0,3 2,4 2,7 35,6 00:09 WNW 17 17,7 22,7 14:12 12,8 23:59 1,8 1,3 0,0 3,8 28,1 16:12 W 18 15,5 21,2 13:05 11,6 06:39 3,2 0,4 7,8 0,5 9,7 00:15 N 19 13,5 16,0 15:08 12,3 08:22 4,8 0,0 5,7 6,1 24,5 10:07 WNW 20 15,9 23,6 16:09 11,4 05:03 3,5 1,1 0,3 3,0 20,9 13:05 W 21 16,5 23,6 14:15 10,2 07:11 3,1 1,3 0,0 1,2 17,3 15:20 WNW 22 16,4 24,4 15:12 9,7 06:09 3,3 1,4 0,0 0,9 13,3 14:28 WNW 23 17,2 24,1 15:34 11,3 06:20 2,5 1,4 0,0 1,0 11,2 13:21 WNW 24 16,2 20,4 16:17 13,8 22:59 2,2 0,1 4,8 1,6 18,4 19:24 NW 25 16,3 22,0 14:20 11,7 06:23 2,8 0,8 0,0 2,9 18,4 14:33 NW 26 16,4 22,6 14:17 10,5 05:38 3,0 1,1 0,0 2,0 15,8 10:59 NW 27 17,5 25,0 14:29 11,0 07:14 2,5 1,7 0,0 1,3 12,2 10:33 NW 28 18,4 24,6 16:08 13,6 03:13 1,6 1,7 0,0 2,0 15,8 15:05 NNW 29 17,9 22,5 14:13 12,3 06:19 1,6 1,2 0,0 2,3 15,8 11:48 NNW 30 17,3 21,8 14:02 13,5 23:14 1,8 0,8 0,0 1,7 14,8 14:01 N ---------------------------------------------------------------------------------- 18,4 30,4 1 9,7 22 51,2 53,7 110,7 2,2 41,8 12 NW Max >= 27,0: 7 Max <= 0,0: 0 Min <= 0,0: 0 Min <= -18,0: 0 Max Rain: 20,7 on day 11 Days of Rain: 15 (>= 0,2 mm) 12 (>= 2,0 mm) 1 (>= 20,0 mm) Heat Base: 18,3 Cool Base: 18,3 Method: Integration