NOAA-Style Climate Reports
Select a Year or Month report
2024: Gen Feb Mar Apr Mag Giu Lug Ago Set Ott Nov Dic
2023: Gen Feb Mar Apr Mag Giu Lug Ago Set Ott Nov Dic
2022: Gen Feb Mar Apr Mag Giu Lug Ago Set Ott Nov Dic
2021: Gen Feb Mar Apr Mag Giu Lug Ago Set Ott Nov Dic
2020: Gen Feb Mar Apr Mag Giu Lug Ago Set Ott Nov Dic
2019: Gen Feb Mar Apr Mag Giu Lug Ago Set Ott Nov Dic
2018: Gen Feb Mar Apr Mag Giu Lug Ago Set Ott Nov Dic
2017: Gen Feb Mar Apr Mag Giu Lug Ago Set Ott Nov Dic
2016: Gen Feb Mar Apr Mag Giu Lug Ago Set Ott Nov Dic
2015: Gen Feb Mar Apr Mag Giu Lug Ago Set Ott Nov Dic
2014: Gen Feb Mar Apr Mag Giu Lug Ago Set Ott Nov Dic
2013: Gen Feb Mar Apr Mag Giu Lug Ago Set Ott Nov Dic
2024: Gen Feb Mar Apr Mag Giu Lug Ago Set Ott Nov Dic
2023: Gen Feb Mar Apr Mag Giu Lug Ago Set Ott Nov Dic
2022: Gen Feb Mar Apr Mag Giu Lug Ago Set Ott Nov Dic
2021: Gen Feb Mar Apr Mag Giu Lug Ago Set Ott Nov Dic
2020: Gen Feb Mar Apr Mag Giu Lug Ago Set Ott Nov Dic
2019: Gen Feb Mar Apr Mag Giu Lug Ago Set Ott Nov Dic
2018: Gen Feb Mar Apr Mag Giu Lug Ago Set Ott Nov Dic
2017: Gen Feb Mar Apr Mag Giu Lug Ago Set Ott Nov Dic
2016: Gen Feb Mar Apr Mag Giu Lug Ago Set Ott Nov Dic
2015: Gen Feb Mar Apr Mag Giu Lug Ago Set Ott Nov Dic
2014: Gen Feb Mar Apr Mag Giu Lug Ago Set Ott Nov Dic
2013: Gen Feb Mar Apr Mag Giu Lug Ago Set Ott Nov Dic
Report for 2018 Agosto
Monthly Climatological Summary for ago 2018 Name: Meteo Arquà City: Arquà Polesine State: Italia Elevation: 8 m Lat: N 45° 00' 15" Lon: E 011° 44' 27" Temperature (°C), Rain (mm), Wind Speed (km/h) Heat Cool Avg Mean Deg Deg Wind Dom Day Temp High Time Low Time Days Days Rain Speed High Time Dir ---------------------------------------------------------------------------------- 1 31,1 38,1 15:44 25,5 01:09 0,0 12,7 0,0 0,2 9,7 14:19 W 2 28,3 33,5 17:11 24,3 07:01 0,0 10,0 0,2 1,5 22,5 08:11 WNW 3 28,8 34,5 15:16 22,7 06:11 0,0 10,5 0,0 1,2 17,7 13:16 ENE 4 28,9 35,2 16:03 21,9 06:38 0,0 10,6 0,0 0,9 12,9 12:36 NE 5 29,2 37,4 16:21 21,5 06:18 0,0 10,9 0,0 1,1 24,1 12:13 WNW 6 29,5 36,6 15:09 22,9 06:38 0,0 11,2 0,0 0,4 8,0 11:03 ENE 7 28,9 37,3 15:53 21,7 05:30 0,0 10,6 0,0 0,5 11,3 19:44 W 8 27,9 36,1 15:26 22,1 06:04 0,0 9,6 0,0 0,8 12,9 16:01 WNW 9 27,9 35,8 14:34 21,2 06:30 0,0 9,6 7,6 1,2 40,2 21:46 WNW 10 26,2 33,4 16:20 19,2 05:16 0,0 7,9 0,0 1,5 16,1 17:08 WNW 11 27,6 35,2 17:08 20,4 06:12 0,0 9,3 0,0 0,6 12,9 17:06 NW 12 26,2 31,6 14:46 22,2 05:13 0,0 7,9 0,0 0,9 12,9 12:03 NNW 13 25,8 34,5 15:54 19,9 06:14 0,0 7,5 1,6 1,0 17,7 18:23 WNW 14 22,5 28,8 16:07 19,4 23:44 0,0 4,2 5,2 2,4 17,7 13:02 WNW 15 24,6 31,3 14:43 19,3 06:18 0,0 6,3 0,0 1,4 11,3 04:20 NNW 16 25,8 31,9 15:55 19,6 23:59 0,0 7,5 0,0 1,1 12,9 15:26 NE 17 25,5 33,9 15:29 16,9 05:54 0,1 7,3 0,0 1,0 16,1 15:28 WNW 18 26,4 34,3 13:57 18,1 06:15 0,0 8,1 0,0 1,0 12,9 11:28 N 19 27,2 34,1 14:45 19,4 06:09 0,0 8,9 0,0 1,0 11,3 10:03 NNE 20 27,8 35,1 15:09 20,2 06:46 0,0 9,5 0,0 1,0 14,5 12:30 NNE 21 27,7 35,4 15:04 19,6 06:47 0,0 9,4 0,0 0,8 9,7 12:27 ENE 22 27,7 35,6 14:54 19,9 05:08 0,0 9,4 0,0 0,7 12,9 14:41 N 23 27,7 35,4 14:21 20,0 06:35 0,0 9,4 0,0 0,6 11,3 13:20 NW 24 26,9 36,3 15:37 19,7 06:02 0,0 8,6 0,0 1,0 11,3 15:12 WNW 25 22,3 27,9 15:37 19,2 07:07 0,0 4,0 2,6 1,8 22,5 05:30 NNW 26 18,8 23,3 16:12 14,1 23:39 0,9 1,5 4,2 2,5 22,5 11:12 NNE 27 20,1 28,3 15:53 11,8 06:47 1,8 3,6 0,0 2,2 16,1 14:34 WNW 28 22,0 31,7 15:52 12,6 06:24 1,4 5,1 0,0 0,8 12,9 11:34 NW 29 23,8 33,2 15:45 14,2 06:29 0,8 6,3 0,0 0,4 8,0 09:09 N 30 24,6 31,7 15:03 17,3 06:53 0,0 6,3 0,0 0,4 8,0 11:25 E 31 23,2 31,4 13:13 19,6 23:41 0,0 4,9 4,6 0,8 14,5 13:59 NNE ---------------------------------------------------------------------------------- 26,2 38,1 1 11,8 27 5,0 248,6 26,0 1,1 40,2 9 NNW Max >= 27,0: 30 Max <= 0,0: 0 Min <= 0,0: 0 Min <= -18,0: 0 Max Rain: 7,6 on day 9 Days of Rain: 7 (>= 0,2 mm) 5 (>= 2,0 mm) 0 (>= 20,0 mm) Heat Base: 18,3 Cool Base: 18,3 Method: Integration