NOAA-Style Climate Reports
Select a Year or Month report
2024: Gen Feb Mar Apr Mag Giu Lug Ago Set Ott Nov Dic
2023: Gen Feb Mar Apr Mag Giu Lug Ago Set Ott Nov Dic
2022: Gen Feb Mar Apr Mag Giu Lug Ago Set Ott Nov Dic
2021: Gen Feb Mar Apr Mag Giu Lug Ago Set Ott Nov Dic
2020: Gen Feb Mar Apr Mag Giu Lug Ago Set Ott Nov Dic
2019: Gen Feb Mar Apr Mag Giu Lug Ago Set Ott Nov Dic
2018: Gen Feb Mar Apr Mag Giu Lug Ago Set Ott Nov Dic
2017: Gen Feb Mar Apr Mag Giu Lug Ago Set Ott Nov Dic
2016: Gen Feb Mar Apr Mag Giu Lug Ago Set Ott Nov Dic
2015: Gen Feb Mar Apr Mag Giu Lug Ago Set Ott Nov Dic
2014: Gen Feb Mar Apr Mag Giu Lug Ago Set Ott Nov Dic
2013: Gen Feb Mar Apr Mag Giu Lug Ago Set Ott Nov Dic
2024: Gen Feb Mar Apr Mag Giu Lug Ago Set Ott Nov Dic
2023: Gen Feb Mar Apr Mag Giu Lug Ago Set Ott Nov Dic
2022: Gen Feb Mar Apr Mag Giu Lug Ago Set Ott Nov Dic
2021: Gen Feb Mar Apr Mag Giu Lug Ago Set Ott Nov Dic
2020: Gen Feb Mar Apr Mag Giu Lug Ago Set Ott Nov Dic
2019: Gen Feb Mar Apr Mag Giu Lug Ago Set Ott Nov Dic
2018: Gen Feb Mar Apr Mag Giu Lug Ago Set Ott Nov Dic
2017: Gen Feb Mar Apr Mag Giu Lug Ago Set Ott Nov Dic
2016: Gen Feb Mar Apr Mag Giu Lug Ago Set Ott Nov Dic
2015: Gen Feb Mar Apr Mag Giu Lug Ago Set Ott Nov Dic
2014: Gen Feb Mar Apr Mag Giu Lug Ago Set Ott Nov Dic
2013: Gen Feb Mar Apr Mag Giu Lug Ago Set Ott Nov Dic
Report for 2018 Ottobre
Monthly Climatological Summary for ott 2018 Name: Meteo Arquà City: Arquà Polesine State: Italia Elevation: 8 m Lat: N 45° 00' 15" Lon: E 011° 44' 27" Temperature (°C), Rain (mm), Wind Speed (km/h) Heat Cool Avg Mean Deg Deg Wind Dom Day Temp High Time Low Time Days Days Rain Speed High Time Dir ---------------------------------------------------------------------------------- 1 13,4 16,7 13:03 11,5 07:20 4,9 0,0 26,0 2,4 22,5 19:43 NW 2 14,6 20,3 13:40 9,6 23:59 3,9 0,3 0,0 1,9 20,9 00:12 NW 3 13,7 21,9 15:00 7,1 07:14 5,2 0,5 0,0 0,4 9,7 13:11 WNW 4 15,4 23,7 15:15 8,3 07:37 4,2 1,2 0,2 0,6 9,7 12:41 NE 5 15,8 22,7 14:48 8,4 06:26 3,4 0,9 0,0 0,7 9,7 10:31 NNE 6 16,6 19,4 13:43 14,2 04:11 1,8 0,1 10,2 1,4 12,9 21:23 NW 7 17,4 22,4 16:17 14,4 23:58 1,8 0,9 1,0 2,3 12,9 00:46 W 8 17,3 23,2 13:33 12,8 07:17 2,2 1,2 0,0 0,1 4,8 09:18 WNW 9 17,9 24,7 15:02 12,7 07:37 2,1 1,7 0,2 0,5 9,7 12:51 ENE 10 18,1 24,9 15:38 12,7 06:55 1,9 1,6 0,2 0,4 8,0 12:59 ENE 11 17,9 23,1 14:22 13,4 07:12 1,6 1,2 0,0 0,6 9,7 10:00 ENE 12 18,6 23,9 14:54 14,4 23:51 1,1 1,4 0,0 1,1 12,9 11:35 WNW 13 16,6 23,7 15:19 11,2 06:37 3,0 1,3 0,0 0,3 12,9 13:51 N 14 16,4 24,6 15:44 10,7 07:30 3,2 1,3 0,2 0,2 6,4 10:35 ENE 15 16,4 23,3 13:00 10,8 07:54 2,6 0,8 0,0 0,1 16,1 15:06 E 16 17,2 21,8 15:11 14,4 01:59 1,7 0,6 0,0 0,3 8,0 10:36 NE 17 17,0 19,8 12:38 15,3 05:45 1,4 0,1 0,2 0,4 8,0 15:43 NW 18 17,8 23,6 14:54 13,7 23:55 1,8 1,3 0,0 1,0 9,7 11:13 WNW 19 16,5 24,6 15:23 10,8 07:13 3,2 1,4 0,2 0,5 11,3 14:49 NW 20 16,2 23,7 15:17 10,7 07:51 3,2 1,1 0,0 0,3 9,7 11:35 NNE 21 12,6 21,0 15:06 8,7 07:17 5,9 0,2 7,0 0,7 17,7 16:34 ESE 22 12,3 18,7 15:18 5,7 07:47 6,0 0,0 0,0 1,3 16,1 14:38 N 23 13,0 20,3 15:18 7,6 08:17 5,4 0,2 0,0 1,7 16,1 15:01 WNW 24 13,8 21,5 15:36 8,3 07:23 4,9 0,4 0,0 1,4 20,9 10:37 WNW 25 14,9 20,7 15:04 10,0 02:25 3,7 0,3 0,0 0,7 11,3 10:15 E 26 14,4 17,8 15:21 10,6 05:28 3,8 0,0 0,0 0,0 6,4 15:02 NNW 27 17,4 21,8 13:17 13,1 07:30 1,7 0,8 0,0 0,5 12,9 13:08 ESE 28 18,3 22,1 11:23 13,8 22:39 0,8 0,8 1,4 2,3 16,1 12:04 ESE 29 16,8 20,9 12:24 13,1 01:56 1,9 0,4 39,0 3,2 25,7 17:11 ESE 30 13,7 18,2 14:12 9,3 23:56 4,6 0,0 1,6 0,8 14,5 12:38 NNE 31 13,0 17,9 13:53 8,7 01:53 5,3 0,0 0,2 0,9 11,3 11:25 ENE ---------------------------------------------------------------------------------- 15,8 24,9 10 5,7 22 98,2 22,0 87,6 0,9 25,7 29 N Max >= 27,0: 0 Max <= 0,0: 0 Min <= 0,0: 0 Min <= -18,0: 0 Max Rain: 39,0 on day 29 Days of Rain: 14 (>= 0,2 mm) 4 (>= 2,0 mm) 2 (>= 20,0 mm) Heat Base: 18,3 Cool Base: 18,3 Method: Integration