NOAA-Style Climate Reports
Select a Year or Month report
2024: Gen Feb Mar Apr Mag Giu Lug Ago Set Ott Nov Dic
2023: Gen Feb Mar Apr Mag Giu Lug Ago Set Ott Nov Dic
2022: Gen Feb Mar Apr Mag Giu Lug Ago Set Ott Nov Dic
2021: Gen Feb Mar Apr Mag Giu Lug Ago Set Ott Nov Dic
2020: Gen Feb Mar Apr Mag Giu Lug Ago Set Ott Nov Dic
2019: Gen Feb Mar Apr Mag Giu Lug Ago Set Ott Nov Dic
2018: Gen Feb Mar Apr Mag Giu Lug Ago Set Ott Nov Dic
2017: Gen Feb Mar Apr Mag Giu Lug Ago Set Ott Nov Dic
2016: Gen Feb Mar Apr Mag Giu Lug Ago Set Ott Nov Dic
2015: Gen Feb Mar Apr Mag Giu Lug Ago Set Ott Nov Dic
2014: Gen Feb Mar Apr Mag Giu Lug Ago Set Ott Nov Dic
2013: Gen Feb Mar Apr Mag Giu Lug Ago Set Ott Nov Dic
2024: Gen Feb Mar Apr Mag Giu Lug Ago Set Ott Nov Dic
2023: Gen Feb Mar Apr Mag Giu Lug Ago Set Ott Nov Dic
2022: Gen Feb Mar Apr Mag Giu Lug Ago Set Ott Nov Dic
2021: Gen Feb Mar Apr Mag Giu Lug Ago Set Ott Nov Dic
2020: Gen Feb Mar Apr Mag Giu Lug Ago Set Ott Nov Dic
2019: Gen Feb Mar Apr Mag Giu Lug Ago Set Ott Nov Dic
2018: Gen Feb Mar Apr Mag Giu Lug Ago Set Ott Nov Dic
2017: Gen Feb Mar Apr Mag Giu Lug Ago Set Ott Nov Dic
2016: Gen Feb Mar Apr Mag Giu Lug Ago Set Ott Nov Dic
2015: Gen Feb Mar Apr Mag Giu Lug Ago Set Ott Nov Dic
2014: Gen Feb Mar Apr Mag Giu Lug Ago Set Ott Nov Dic
2013: Gen Feb Mar Apr Mag Giu Lug Ago Set Ott Nov Dic
Report for 2019 Marzo
Monthly Climatological Summary for mar 2019 Name: Meteo Arquà City: Arquà Polesine State: Italia Elevation: 8 m Lat: N 45° 00' 15" Lon: E 011° 44' 27" Temperature (°C), Rain (mm), Wind Speed (km/h) Heat Cool Avg Mean Deg Deg Wind Dom Day Temp High Time Low Time Days Days Rain Speed High Time Dir ---------------------------------------------------------------------------------- 1 8,0 13,4 14:24 2,7 23:37 10,3 0,0 0,0 0,4 9,7 05:29 N 2 8,0 18,5 14:31 -0,1 07:09 10,3 0,0 0,2 0,0 8,0 13:59 W 3 8,6 19,3 15:04 1,4 07:25 9,7 0,0 0,2 0,2 6,4 09:17 WNW 4 9,0 16,8 15:27 3,8 02:42 9,3 0,0 0,2 0,4 16,1 19:42 NNW 5 8,8 17,1 15:20 4,7 06:36 9,5 0,0 0,0 0,9 11,3 15:06 W 6 9,7 16,3 15:02 3,5 01:28 8,6 0,0 0,0 0,4 9,7 04:38 NNW 7 12,7 21,0 15:32 7,7 23:59 5,9 0,4 0,0 1,5 19,3 14:22 SE 8 12,0 20,9 14:35 5,6 05:34 6,6 0,3 0,0 1,2 17,7 12:36 W 9 11,0 19,0 13:45 3,4 06:32 7,4 0,0 0,0 1,6 19,3 13:20 W 10 10,9 18,6 16:18 3,7 06:24 7,4 0,0 0,0 0,2 11,3 14:00 WSW 11 9,8 19,2 12:48 3,4 23:50 8,5 0,0 0,2 3,1 41,8 15:17 WNW 12 7,5 17,7 14:17 -1,7 07:05 10,8 0,0 0,0 2,8 22,5 11:27 WNW 13 4,9 10,9 12:23 -1,2 06:28 13,4 0,0 1,4 0,2 14,5 13:35 NW 14 6,0 15,3 14:43 -1,4 06:45 12,3 0,0 0,2 1,5 17,7 14:08 WNW 15 8,9 19,8 14:25 -1,1 05:17 9,6 0,1 0,0 0,5 12,9 13:19 WNW 16 11,6 20,9 16:14 3,1 05:37 6,7 0,3 0,0 0,2 11,3 12:50 WNW 17 11,6 18,8 14:25 3,5 06:33 6,7 0,0 0,2 0,3 8,0 14:21 NW 18 9,0 11,5 15:38 6,3 23:57 9,3 0,0 0,8 2,6 25,7 11:07 NE 19 8,7 13,1 12:53 5,3 02:03 9,6 0,0 0,0 2,5 20,9 10:58 NE 20 8,6 14,2 14:11 1,9 23:33 9,6 0,0 0,0 1,7 19,3 10:05 E 21 8,8 16,1 15:12 1,8 00:06 9,5 0,0 0,0 1,1 12,9 08:54 NNE 22 9,5 20,4 14:51 -0,9 05:53 9,0 0,2 0,0 0,7 12,9 10:29 NW 23 12,1 23,5 14:18 1,1 06:45 7,3 1,1 0,0 1,0 16,1 14:11 NNW 24 13,5 24,8 14:56 2,8 06:30 6,3 1,5 0,0 1,1 17,7 12:41 WNW 25 13,1 23,3 15:08 3,4 05:23 6,1 0,9 2,4 ---- 32,2 21:56 NNW 26 9,5 15,3 15:22 2,4 23:27 8,8 0,0 2,0 ---- 27,4 00:22 E 27 8,8 15,6 14:31 1,6 00:21 9,5 0,0 0,0 ---- 14,5 10:54 E 28 10,5 16,5 15:20 4,6 05:05 7,8 0,0 0,0 ---- 25,7 10:04 E 29 10,7 18,8 15:21 1,6 06:32 7,6 0,0 0,0 ---- 16,1 12:35 E 30 11,3 21,7 14:52 1,7 05:58 7,5 0,5 0,0 ---- 14,5 12:04 WNW 31 12,6 23,4 15:31 2,2 07:21 6,5 1,1 0,0 ---- 11,3 12:11 W ---------------------------------------------------------------------------------- 9,9 24,8 24 -1,7 12 267,4 6,4 7,8 1,1 41,8 11 NW Max >= 27,0: 0 Max <= 0,0: 0 Min <= 0,0: 6 Min <= -18,0: 0 Max Rain: 2,4 on day 25 Days of Rain: 10 (>= 0,2 mm) 2 (>= 2,0 mm) 0 (>= 20,0 mm) Heat Base: 18,3 Cool Base: 18,3 Method: Integration