NOAA-Style Climate Reports
Select a Year or Month report
2024: Gen Feb Mar Apr Mag Giu Lug Ago Set Ott Nov Dic
2023: Gen Feb Mar Apr Mag Giu Lug Ago Set Ott Nov Dic
2022: Gen Feb Mar Apr Mag Giu Lug Ago Set Ott Nov Dic
2021: Gen Feb Mar Apr Mag Giu Lug Ago Set Ott Nov Dic
2020: Gen Feb Mar Apr Mag Giu Lug Ago Set Ott Nov Dic
2019: Gen Feb Mar Apr Mag Giu Lug Ago Set Ott Nov Dic
2018: Gen Feb Mar Apr Mag Giu Lug Ago Set Ott Nov Dic
2017: Gen Feb Mar Apr Mag Giu Lug Ago Set Ott Nov Dic
2016: Gen Feb Mar Apr Mag Giu Lug Ago Set Ott Nov Dic
2015: Gen Feb Mar Apr Mag Giu Lug Ago Set Ott Nov Dic
2014: Gen Feb Mar Apr Mag Giu Lug Ago Set Ott Nov Dic
2013: Gen Feb Mar Apr Mag Giu Lug Ago Set Ott Nov Dic
2024: Gen Feb Mar Apr Mag Giu Lug Ago Set Ott Nov Dic
2023: Gen Feb Mar Apr Mag Giu Lug Ago Set Ott Nov Dic
2022: Gen Feb Mar Apr Mag Giu Lug Ago Set Ott Nov Dic
2021: Gen Feb Mar Apr Mag Giu Lug Ago Set Ott Nov Dic
2020: Gen Feb Mar Apr Mag Giu Lug Ago Set Ott Nov Dic
2019: Gen Feb Mar Apr Mag Giu Lug Ago Set Ott Nov Dic
2018: Gen Feb Mar Apr Mag Giu Lug Ago Set Ott Nov Dic
2017: Gen Feb Mar Apr Mag Giu Lug Ago Set Ott Nov Dic
2016: Gen Feb Mar Apr Mag Giu Lug Ago Set Ott Nov Dic
2015: Gen Feb Mar Apr Mag Giu Lug Ago Set Ott Nov Dic
2014: Gen Feb Mar Apr Mag Giu Lug Ago Set Ott Nov Dic
2013: Gen Feb Mar Apr Mag Giu Lug Ago Set Ott Nov Dic
Report for 2019 Maggio
Monthly Climatological Summary for mag 2019 Name: Meteo Arquà City: Arquà Polesine State: Italia Elevation: 8 m Lat: N 45° 00' 15" Lon: E 011° 44' 27" Temperature (°C), Rain (mm), Wind Speed (km/h) Heat Cool Avg Mean Deg Deg Wind Dom Day Temp High Time Low Time Days Days Rain Speed High Time Dir ---------------------------------------------------------------------------------- 1 17,2 24,3 14:01 9,7 05:49 2,9 1,9 0,0 0,7 14,5 15:18 W 2 16,6 25,2 16:06 7,7 06:28 3,4 1,7 0,0 0,6 9,7 11:43 SW 3 14,6 21,5 15:12 11,3 01:56 4,0 0,2 7,2 0,9 14,5 14:03 WNW 4 14,8 20,1 14:42 12,1 05:23 3,6 0,1 3,6 0,0 9,7 11:36 W 5 9,7 13,7 01:16 6,9 19:37 8,6 0,0 21,0 3,2 35,4 11:28 NNW 6 11,0 17,6 16:53 6,9 05:56 7,3 0,0 2,4 ---- 20,9 10:08 WNW 7 12,4 18,9 12:56 4,9 04:18 6,0 0,0 0,0 ---- 11,3 12:06 ESE 8 12,8 18,2 14:28 7,5 04:07 5,5 0,0 4,6 ---- 8,0 00:02 WNW 9 14,8 19,9 16:01 11,0 08:34 3,7 0,2 9,0 ---- 20,9 14:01 W 10 17,2 24,4 15:08 11,2 04:22 2,6 1,5 0,0 ---- 11,3 17:47 E 11 17,1 25,1 15:37 11,8 04:18 2,8 1,6 4,0 ---- 40,2 21:04 W 12 11,9 13,2 15:49 10,7 05:24 6,4 0,0 11,2 ---- 19,3 10:18 NW 19 14,8 19,4 11:51 12,7 16:42 3,5 0,0 57,6 ---- 14,5 14:29 NW 20 15,4 20,3 16:38 13,1 05:33 3,0 0,1 2,0 2,2 16,1 13:06 W 21 16,9 22,4 15:58 12,7 05:50 2,2 0,9 1,0 0,5 9,7 09:41 W 22 18,1 25,1 17:19 12,4 05:35 1,7 1,6 0,0 1,3 12,9 11:26 WNW 23 19,6 26,2 15:31 14,4 01:33 1,2 2,4 1,0 0,6 11,3 13:08 W 24 20,9 27,7 15:30 15,2 05:33 0,9 3,5 0,0 0,0 6,4 13:09 ESE 25 20,2 27,7 14:06 14,9 06:25 0,9 2,7 0,0 0,9 14,5 17:51 WNW 26 19,1 23,6 12:42 14,9 02:35 0,9 1,6 0,0 0,8 12,9 12:50 ENE 27 16,1 18,3 14:01 14,6 23:03 2,2 0,0 8,2 ---- 14,5 13:41 NNE 28 17,6 24,0 15:54 14,7 01:05 1,7 1,0 8,2 ---- 16,1 12:38 W 29 14,7 16,5 15:35 13,5 06:25 3,6 0,0 11,6 ---- 19,3 09:42 WNW 30 17,1 22,7 13:33 11,9 05:14 2,2 0,9 0,2 ---- 11,3 09:04 WNW 31 19,1 25,6 16:26 11,8 05:59 1,7 2,4 0,0 ---- 17,7 12:24 W ---------------------------------------------------------------------------------- 16,0 27,7 24 4,9 7 82,5 24,3 152,8 0,9 40,2 11 WNW Max >= 27,0: 2 Max <= 0,0: 0 Min <= 0,0: 0 Min <= -18,0: 0 Max Rain: 57,6 on day 19 Days of Rain: 16 (>= 0,2 mm) 13 (>= 2,0 mm) 2 (>= 20,0 mm) Heat Base: 18,3 Cool Base: 18,3 Method: Integration